{"id":5735,"date":"2025-10-19T09:24:37","date_gmt":"2025-10-19T09:24:37","guid":{"rendered":"https:\/\/wavexia.com\/product\/nyx-the-marshmellow-super-primer-floutant\/"},"modified":"2026-03-10T07:31:12","modified_gmt":"2026-03-10T07:31:12","slug":"nyx-the-marshmellow-super-primer-floutant","status":"publish","type":"product","link":"https:\/\/wavexia.com\/?product=nyx-the-marshmellow-super-primer-floutant","title":{"rendered":"NYX THE MARSHMELLOW SUPER PRIMER FLOUTANT"},"content":{"rendered":"<h2>Description<\/h2>\n<p>C\u2019est l\u2019effet Marshmellow ! Ce super primer lissant 10 en 1 est enrichi en racine de Guimauve et offre au total 10 b\u00e9n\u00e9fices extras pour la peau !<\/p>\n<p>De par sa texture l\u00e9g\u00e8re comme une cr\u00e8me fouett\u00e9e, ce primer se d\u00e9pose avec douceur sur votre peau et apporte un fini transparent qui convient \u00e0 toutes les carnations.<\/p>\n<p>&nbsp;<\/p>\n<h5 class=\"h-text-font-primary-bold h-text-size-24 h-text-size-36-for-large h-text-uppercase h-text-align-left\">10 BIENFAITS QUI PROLONGENT LA TENUE DU MAQUILLAGE<\/h5>\n<p>Cette base de teint lisse, adoucit, prolonge la tenue du maquillage pendant 16 heures, hydrate, apaise, unifie le teint, affine le grain de peau, att\u00e9nue les ridules, cr\u00e9e un effet flout\u00e9 ET prolonge la tenue du maquillage.<\/p>\n<p>Formule 100 % vegan \u2013 et sans silicone. C\u2019est l\u2019effet Marshmellow ! 100 % des clientes d\u00e9clarent que la base de teint d\u00e9pose un voile lisse sur la peau pour faciliter l\u2019application du maquillage 99 % des clientes d\u00e9clarent que leur peau est plus douce apr\u00e8s quatre jours 98 % des clientes d\u00e9clarent que leur peau est plus lisse apr\u00e8s quatre jours 99 % des clientes sont satisfaites !<\/p>\n<p><b>Conseil pro :<\/b>&nbsp;Utilisez notre \u00e9ponge z\u00e9ro d\u00e9faut pour appliquer le primer et blendez pour un teint lisse, doux et parfait !<\/p>\n","protected":false},"excerpt":{"rendered":"<p>Description C\u2019est l\u2019effet Marshmellow ! Ce super primer lissant 10 en 1 est enrichi en racine de Guimauve et offre au total 10 b\u00e9n\u00e9fices extras pour la peau ! De par sa texture l\u00e9g\u00e8re comme une cr\u00e8me fouett\u00e9e, ce primer se d\u00e9pose avec douceur sur votre peau et apporte un fini transparent qui convient \u00e0 [&hellip;]<\/p>\n","protected":false},"featured_media":5734,"comment_status":"open","ping_status":"closed","template":"","meta":{"content-type":"","_uag_custom_page_level_css":""},"pwb-brand":[],"product_brand":[],"product_cat":[382,327,360,365],"product_tag":[],"class_list":{"0":"post-5735","1":"product","2":"type-product","3":"status-publish","4":"has-post-thumbnail","6":"product_cat-derniere-chance","7":"product_cat-hmizat","8":"product_cat-maquillage","9":"product_cat-nyx","11":"first","12":"instock","13":"sale","14":"shipping-taxable","15":"purchasable","16":"product-type-simple"},"aioseo_notices":[],"uagb_featured_image_src":{"full":["https:\/\/wavexia.com\/wp-content\/uploads\/2025\/10\/IMG_1227.png",500,500,false],"thumbnail":["https:\/\/wavexia.com\/wp-content\/uploads\/2025\/10\/IMG_1227-150x150.png",150,150,true],"medium":["https:\/\/wavexia.com\/wp-content\/uploads\/2025\/10\/IMG_1227-300x300.png",300,300,true],"medium_large":["https:\/\/wavexia.com\/wp-content\/uploads\/2025\/10\/IMG_1227.png",500,500,false],"large":["https:\/\/wavexia.com\/wp-content\/uploads\/2025\/10\/IMG_1227.png",500,500,false],"1536x1536":["https:\/\/wavexia.com\/wp-content\/uploads\/2025\/10\/IMG_1227.png",500,500,false],"2048x2048":["https:\/\/wavexia.com\/wp-content\/uploads\/2025\/10\/IMG_1227.png",500,500,false],"woocommerce_archive_thumbnail":["https:\/\/wavexia.com\/wp-content\/uploads\/2025\/10\/IMG_1227-300x300.png",300,300,true],"woocommerce_thumbnail":["https:\/\/wavexia.com\/wp-content\/uploads\/2025\/10\/IMG_1227-300x300.png",300,300,true],"woocommerce_single":["https:\/\/wavexia.com\/wp-content\/uploads\/2025\/10\/IMG_1227.png",500,500,false],"woocommerce_gallery_thumbnail":["https:\/\/wavexia.com\/wp-content\/uploads\/2025\/10\/IMG_1227-100x100.png",100,100,true]},"uagb_author_info":{"display_name":"zineddine.ayoub98@gmail.com","author_link":"https:\/\/wavexia.com\/?author=0"},"uagb_comment_info":0,"uagb_excerpt":"Description C\u2019est l\u2019effet Marshmellow ! Ce super primer lissant 10 en 1 est enrichi en racine de Guimauve et offre au total 10 b\u00e9n\u00e9fices extras pour la peau ! De par sa texture l\u00e9g\u00e8re comme une cr\u00e8me fouett\u00e9e, ce primer se d\u00e9pose avec douceur sur votre peau et apporte un fini transparent qui convient \u00e0&hellip;","brands":[],"_links":{"self":[{"href":"https:\/\/wavexia.com\/index.php?rest_route=\/wp\/v2\/product\/5735","targetHints":{"allow":["GET"]}}],"collection":[{"href":"https:\/\/wavexia.com\/index.php?rest_route=\/wp\/v2\/product"}],"about":[{"href":"https:\/\/wavexia.com\/index.php?rest_route=\/wp\/v2\/types\/product"}],"replies":[{"embeddable":true,"href":"https:\/\/wavexia.com\/index.php?rest_route=%2Fwp%2Fv2%2Fcomments&post=5735"}],"wp:featuredmedia":[{"embeddable":true,"href":"https:\/\/wavexia.com\/index.php?rest_route=\/wp\/v2\/media\/5734"}],"wp:attachment":[{"href":"https:\/\/wavexia.com\/index.php?rest_route=%2Fwp%2Fv2%2Fmedia&parent=5735"}],"wp:term":[{"taxonomy":"pwb-brand","embeddable":true,"href":"https:\/\/wavexia.com\/index.php?rest_route=%2Fwp%2Fv2%2Fpwb-brand&post=5735"},{"taxonomy":"product_brand","embeddable":true,"href":"https:\/\/wavexia.com\/index.php?rest_route=%2Fwp%2Fv2%2Fproduct_brand&post=5735"},{"taxonomy":"product_cat","embeddable":true,"href":"https:\/\/wavexia.com\/index.php?rest_route=%2Fwp%2Fv2%2Fproduct_cat&post=5735"},{"taxonomy":"product_tag","embeddable":true,"href":"https:\/\/wavexia.com\/index.php?rest_route=%2Fwp%2Fv2%2Fproduct_tag&post=5735"}],"curies":[{"name":"wp","href":"https:\/\/api.w.org\/{rel}","templated":true}]}}