{"id":5698,"date":"2025-10-19T09:24:10","date_gmt":"2025-10-19T09:24:10","guid":{"rendered":"https:\/\/wavexia.com\/product\/pyunkang-yul-moisture-soothing-sun-cream-spf50-pa\/"},"modified":"2026-03-10T07:31:11","modified_gmt":"2026-03-10T07:31:11","slug":"pyunkang-yul-moisture-soothing-sun-cream-spf50-pa","status":"publish","type":"product","link":"https:\/\/wavexia.com\/?product=pyunkang-yul-moisture-soothing-sun-cream-spf50-pa","title":{"rendered":"Pyunkang Yul Moisture Soothing Sun Cream SPF50 PA++++"},"content":{"rendered":"<h2>Description<\/h2>\n<p>La Moisture Soothing Sun Cream SPF50 PA++++ Pyunkang Yul est une cr\u00e8me solaire hybride physique + chimique hydratante et apaisante. Elle est enrichie en extrait de Centella Asiatica et en c\u00e9ramide pour apaiser et hydrater les peaux sensibles. Sans danger pour ta peau et la nature \u2013 ingr\u00e9dients inoffensifs certifi\u00e9s par l\u2019EWG et Reef Safe.<\/p>\n<p><strong>Conseils d\u2019utilisation :<\/strong><\/p>\n<ul>\n<li>Pr\u00e9l\u00e8ve une quantit\u00e9 suffisante de produit et applique-le uniform\u00e9ment sur ta peau, en \u00e9vitant le contour des yeux.<\/li>\n<\/ul>\n<p><strong>Ingr\u00e9dients :&nbsp;<\/strong><\/p>\n<p>Eau, Oxyde de Zinc, Cyclopentasiloxane, Homosalate, Salicylate de Butyloctyle, Propanediol, Salicylate d\u2019Ethylhexyle, Caprylate de Propylheptyl, Polyglyceryl-4 Diisostearate\/Polyhydroxystearate\/Sebacate, Dioxyde de Titane, Hectorite de Disteardimonium, Polyglyceryl-3 Polydim\u00e9thylsiloxy\u00e9thyl Dim\u00e9thicone, Sulfate de Magn\u00e9sium, Trim\u00e9thicone Ph\u00e9nyl, 1,2-Hexanediol, Polym\u00e9thylsilsesquioxane, Copolym\u00e8re Acrylates\/Dim\u00e9thicone, Tri\u00e9thoxycaprylylsilane, Acide St\u00e9arique, Hydroxyde d\u2019Aluminium, Caprylate de Glyc\u00e9ryle, Glycol Caprylyl, \u00c9thylhexylglyc\u00e9rol, Tocoph\u00e9rol, Allanto\u00efne, C\u00e9ramide NP, Hyaluronate de Sodium, Butyl\u00e8ne Glycol, Dipropyl\u00e8ne Glycol, Glyc\u00e9rine, Extrait de Feuille de Camellia Sinensis, Extrait de Feuille d\u2019Artemisia Princeps, Extrait de Centella Asiatica, Extrait de Houttuynia Cordata, Extrait de Racine de Glycyrrhiza Glabra, Extrait de Bulbe d\u2019Allium Sativum, Extrait de Fleur de Lonicera Japonica, Extrait de Salicornia Herbacea, Extrait de Fruit de Xanthium Strumarium, Extrait de Racine de Sophora Angustifolia, Extrait de Racine de Zingiber Officinale, Extrait de Fruit de Poncirus Trifoliata, Extrait de Racine d\u2019Ulmus Davidiana.<\/p>\n","protected":false},"excerpt":{"rendered":"<p>Description La Moisture Soothing Sun Cream SPF50 PA++++ Pyunkang Yul est une cr\u00e8me solaire hybride physique + chimique hydratante et apaisante. Elle est enrichie en extrait de Centella Asiatica et en c\u00e9ramide pour apaiser et hydrater les peaux sensibles. Sans danger pour ta peau et la nature \u2013 ingr\u00e9dients inoffensifs certifi\u00e9s par l\u2019EWG et Reef [&hellip;]<\/p>\n","protected":false},"featured_media":5697,"comment_status":"open","ping_status":"closed","template":"","meta":{"content-type":"","_uag_custom_page_level_css":""},"pwb-brand":[],"product_brand":[],"product_cat":[327,328,334,340,421],"product_tag":[],"class_list":{"0":"post-5698","1":"product","2":"type-product","3":"status-publish","4":"has-post-thumbnail","6":"product_cat-hmizat","7":"product_cat-nouveautes","8":"product_cat-produits-coreens","9":"product_cat-protection-solaire","10":"product_cat-pyunkang-yul","12":"first","13":"instock","14":"sale","15":"shipping-taxable","16":"purchasable","17":"product-type-simple"},"aioseo_notices":[],"uagb_featured_image_src":{"full":["https:\/\/wavexia.com\/wp-content\/uploads\/2025\/10\/Product-page-sizes_a6019470-b05c-472f-adf0-f1846c86876d.webp",800,800,false],"thumbnail":["https:\/\/wavexia.com\/wp-content\/uploads\/2025\/10\/Product-page-sizes_a6019470-b05c-472f-adf0-f1846c86876d-150x150.webp",150,150,true],"medium":["https:\/\/wavexia.com\/wp-content\/uploads\/2025\/10\/Product-page-sizes_a6019470-b05c-472f-adf0-f1846c86876d-300x300.webp",300,300,true],"medium_large":["https:\/\/wavexia.com\/wp-content\/uploads\/2025\/10\/Product-page-sizes_a6019470-b05c-472f-adf0-f1846c86876d-768x768.webp",768,768,true],"large":["https:\/\/wavexia.com\/wp-content\/uploads\/2025\/10\/Product-page-sizes_a6019470-b05c-472f-adf0-f1846c86876d.webp",800,800,false],"1536x1536":["https:\/\/wavexia.com\/wp-content\/uploads\/2025\/10\/Product-page-sizes_a6019470-b05c-472f-adf0-f1846c86876d.webp",800,800,false],"2048x2048":["https:\/\/wavexia.com\/wp-content\/uploads\/2025\/10\/Product-page-sizes_a6019470-b05c-472f-adf0-f1846c86876d.webp",800,800,false],"woocommerce_archive_thumbnail":["https:\/\/wavexia.com\/wp-content\/uploads\/2025\/10\/Product-page-sizes_a6019470-b05c-472f-adf0-f1846c86876d-300x300.webp",300,300,true],"woocommerce_thumbnail":["https:\/\/wavexia.com\/wp-content\/uploads\/2025\/10\/Product-page-sizes_a6019470-b05c-472f-adf0-f1846c86876d-300x300.webp",300,300,true],"woocommerce_single":["https:\/\/wavexia.com\/wp-content\/uploads\/2025\/10\/Product-page-sizes_a6019470-b05c-472f-adf0-f1846c86876d-600x600.webp",600,600,true],"woocommerce_gallery_thumbnail":["https:\/\/wavexia.com\/wp-content\/uploads\/2025\/10\/Product-page-sizes_a6019470-b05c-472f-adf0-f1846c86876d-100x100.webp",100,100,true]},"uagb_author_info":{"display_name":"zineddine.ayoub98@gmail.com","author_link":"https:\/\/wavexia.com\/?author=0"},"uagb_comment_info":0,"uagb_excerpt":"Description La Moisture Soothing Sun Cream SPF50 PA++++ Pyunkang Yul est une cr\u00e8me solaire hybride physique + chimique hydratante et apaisante. Elle est enrichie en extrait de Centella Asiatica et en c\u00e9ramide pour apaiser et hydrater les peaux sensibles. Sans danger pour ta peau et la nature \u2013 ingr\u00e9dients inoffensifs certifi\u00e9s par l\u2019EWG et Reef&hellip;","brands":[],"_links":{"self":[{"href":"https:\/\/wavexia.com\/index.php?rest_route=\/wp\/v2\/product\/5698","targetHints":{"allow":["GET"]}}],"collection":[{"href":"https:\/\/wavexia.com\/index.php?rest_route=\/wp\/v2\/product"}],"about":[{"href":"https:\/\/wavexia.com\/index.php?rest_route=\/wp\/v2\/types\/product"}],"replies":[{"embeddable":true,"href":"https:\/\/wavexia.com\/index.php?rest_route=%2Fwp%2Fv2%2Fcomments&post=5698"}],"wp:featuredmedia":[{"embeddable":true,"href":"https:\/\/wavexia.com\/index.php?rest_route=\/wp\/v2\/media\/5697"}],"wp:attachment":[{"href":"https:\/\/wavexia.com\/index.php?rest_route=%2Fwp%2Fv2%2Fmedia&parent=5698"}],"wp:term":[{"taxonomy":"pwb-brand","embeddable":true,"href":"https:\/\/wavexia.com\/index.php?rest_route=%2Fwp%2Fv2%2Fpwb-brand&post=5698"},{"taxonomy":"product_brand","embeddable":true,"href":"https:\/\/wavexia.com\/index.php?rest_route=%2Fwp%2Fv2%2Fproduct_brand&post=5698"},{"taxonomy":"product_cat","embeddable":true,"href":"https:\/\/wavexia.com\/index.php?rest_route=%2Fwp%2Fv2%2Fproduct_cat&post=5698"},{"taxonomy":"product_tag","embeddable":true,"href":"https:\/\/wavexia.com\/index.php?rest_route=%2Fwp%2Fv2%2Fproduct_tag&post=5698"}],"curies":[{"name":"wp","href":"https:\/\/api.w.org\/{rel}","templated":true}]}}