{"id":5682,"date":"2025-10-19T09:24:01","date_gmt":"2025-10-19T09:24:01","guid":{"rendered":"https:\/\/wavexia.com\/product\/tocobo-collagen-brightening-eye-gel-cream-30ml\/"},"modified":"2026-03-10T07:31:11","modified_gmt":"2026-03-10T07:31:11","slug":"tocobo-collagen-brightening-eye-gel-cream-30ml","status":"publish","type":"product","link":"https:\/\/wavexia.com\/?product=tocobo-collagen-brightening-eye-gel-cream-30ml","title":{"rendered":"TOCOBO Collagen Brightening Eye Gel Cream 30ml"},"content":{"rendered":"<h2>Description<\/h2>\n<p>La cr\u00e8me pour les yeux&nbsp;TOCOBO Collagen Brightening Eye Gel Cream est une cr\u00e8me-gel contour des yeux con\u00e7ue pour inverser les signes du vieillissement autour de la d\u00e9licate zone des yeux. Enrichie \u00e0 81 % d\u2019eau florale de lavande, elle aide \u00e0 apaiser et revitaliser les yeux fatigu\u00e9s, tandis que l\u2019ajout de collag\u00e8ne v\u00e9g\u00e9tal, de r\u00e9tinol et de panth\u00e9nol r\u00e9duit les rides, restaure l\u2019hydratation et illumine la peau. Sa formule pr\u00e9sente \u00e9galement un syst\u00e8me unique \u00e0 double r\u00e9seau qui optimise l\u2019absorption des ingr\u00e9dients et maintient l\u2019hydratation pour des r\u00e9sultats durables.<\/p>\n<p>Principaux bienfaits de la cr\u00e8me contour des yeux TOCOBO Collagen Brightening Eye Gel Cream :<\/p>\n<ul class=\"ul1\">\n<li class=\"li1\">Anti-\u00e2ge &amp; fermet\u00e9 : avec du&nbsp;<b>collag\u00e8ne vegan<\/b>&nbsp;et du&nbsp;<b>r\u00e9tinol<\/b>, cette cr\u00e8me r\u00e9duit l\u2019apparence des rides et des ridules, am\u00e9liorant ainsi l\u2019\u00e9lasticit\u00e9 et la fermet\u00e9 de la peau autour des yeux<\/li>\n<li class=\"li1\">\u00c9clat &amp; revitalisation : le&nbsp;<b>niacinamide<\/b>&nbsp;et l\u2019<b>eau pure de quartz<\/b>&nbsp;\u00e9claircissent la zone du contour des yeux, am\u00e9liorant l\u2019\u00e9clat de la peau et r\u00e9duisant l\u2019apparence des cernes<\/li>\n<li class=\"li1\">Hydratation &amp; apaisement : enrichie en&nbsp;<b>eau florale de lavande<\/b>&nbsp;et en&nbsp;<b>D-panth\u00e9nol<\/b>,&nbsp;elle hydrate en profondeur et apaise la peau d\u00e9licate autour des yeux, pr\u00e9venant la perte d\u2019hydratation et laissant la peau rafra\u00eechie<\/li>\n<li class=\"li1\">Protection \u00e0 double r\u00e9seau : le syst\u00e8me innovant \u00e0 double r\u00e9seau forme une barri\u00e8re protectrice qui fixe l\u2019hydratation et garantit une absorption efficace des nutriments, offrant ainsi une hydratation et une nutrition durables<\/li>\n<\/ul>\n<p><strong>Quand l\u2019appliquer<\/strong>: matin et\/ou soir<\/p>\n<p>1. Applique une quantit\u00e9 appropri\u00e9e de produit sur le contour des yeux ou sur toute zone o\u00f9 les rides te pr\u00e9occupe<br \/>2. Masse d\u00e9licatement de l\u2019int\u00e9rieur vers l\u2019ext\u00e9rieur pour assurer l\u2019absorption du produit<\/p>\n<div>\n<div class=\"summary__title\">\n<h5 class=\"h4 accordion__title inline-richtext\">Ingr\u00e9dients<\/h5>\n<\/div>\n<div id=\"ProductAccordion-4c37c932-01e6-4adc-a6dd-d0df6eee1a54-template--22421374304590__main\" class=\"accordion__content rte\">\n<p><span class=\"metafield-multi_line_text_field\">Lavandula Angustifolia (Lavender) Flower Water, Butylene Glycol, Glycerin, 1,2-Hexanediol, Niacinamide, Water, Glycereth-26, Propanediol, Carbomer, Sodium Polyacryloyldimethyl Taurate, Tromethamine, Glycereth-25 PCA Isostearate, Panthenol, Ethylhexylglycerin, Adenosine, Zea Mays (Corn) Kernel Extract, Hydrolyzed Gardenia Florida Extract, Hydrolyzed Malt Extract, Disodium EDTA, Hydrolyzed Viola Tricolor Extract, Melia Azadirachta Leaf Extract, Melia Azadirachta Flower Extract, Lavandula Angustifolia (Lavender) Oil, Ammonium Polyacryloyldimethyl Taurate, Synthetic Fluorphlogopite, Hyaluronic Acid, Hydrolyzed Hyaluronic Acid, Sodium Hyaluronate, Collagen (45ppm), Coccinia Indica Fruit Extract, Betaine, Leuconostoc\/Radish Root Ferment Filtrate, Titanium Dioxide (CI 77891), Fructan, Solanum Melongena (Eggplant) Fruit Extract, Corallina Officinalis Extract, Glucose, Ocimum Sanctum Leaf Extract, Curcuma Longa (Turmeric) Root Extract, Caprylic\/Capric Triglyceride, Macadamia Ternifolia Seed Oil, Quartz, Hydrogenated Lecithin, Retinol, Brassica Campestris (Rapeseed) Sterols, Cholesterol, Polyglyceryl-10 Laurate, Phytosteryl\/Behenyl\/Octyldodecyl Lauroyl Glutamate, Aluminum\/Magnesium Hydroxide Stearate, Pentaerythrityl Tetra-di-t-butyl Hydroxyhydrocinnamate, Potassium Cetyl Phosphate, Chitosan, Tris (Tetramethylhydroxypiperidinol) Citrate, Linalool<\/span><\/p>\n<\/div>\n<\/div>\n","protected":false},"excerpt":{"rendered":"<p>Description La cr\u00e8me pour les yeux&nbsp;TOCOBO Collagen Brightening Eye Gel Cream est une cr\u00e8me-gel contour des yeux con\u00e7ue pour inverser les signes du vieillissement autour de la d\u00e9licate zone des yeux. Enrichie \u00e0 81 % d\u2019eau florale de lavande, elle aide \u00e0 apaiser et revitaliser les yeux fatigu\u00e9s, tandis que l\u2019ajout de collag\u00e8ne v\u00e9g\u00e9tal, de [&hellip;]<\/p>\n","protected":false},"featured_media":5681,"comment_status":"open","ping_status":"closed","template":"","meta":{"content-type":"","_uag_custom_page_level_css":""},"pwb-brand":[],"product_brand":[],"product_cat":[352,328,334,394],"product_tag":[],"class_list":{"0":"post-5682","1":"product","2":"type-product","3":"status-publish","4":"has-post-thumbnail","6":"product_cat-contour-des-yeux","7":"product_cat-nouveautes","8":"product_cat-produits-coreens","9":"product_cat-tocobo","11":"first","12":"instock","13":"sale","14":"shipping-taxable","15":"purchasable","16":"product-type-simple"},"aioseo_notices":[],"uagb_featured_image_src":{"full":["https:\/\/wavexia.com\/wp-content\/uploads\/2025\/10\/TOCOBO_CollagenBrighteningEyeGelCream_1024x.webp",1024,1024,false],"thumbnail":["https:\/\/wavexia.com\/wp-content\/uploads\/2025\/10\/TOCOBO_CollagenBrighteningEyeGelCream_1024x-150x150.webp",150,150,true],"medium":["https:\/\/wavexia.com\/wp-content\/uploads\/2025\/10\/TOCOBO_CollagenBrighteningEyeGelCream_1024x-300x300.webp",300,300,true],"medium_large":["https:\/\/wavexia.com\/wp-content\/uploads\/2025\/10\/TOCOBO_CollagenBrighteningEyeGelCream_1024x-768x768.webp",768,768,true],"large":["https:\/\/wavexia.com\/wp-content\/uploads\/2025\/10\/TOCOBO_CollagenBrighteningEyeGelCream_1024x.webp",1024,1024,false],"1536x1536":["https:\/\/wavexia.com\/wp-content\/uploads\/2025\/10\/TOCOBO_CollagenBrighteningEyeGelCream_1024x.webp",1024,1024,false],"2048x2048":["https:\/\/wavexia.com\/wp-content\/uploads\/2025\/10\/TOCOBO_CollagenBrighteningEyeGelCream_1024x.webp",1024,1024,false],"woocommerce_archive_thumbnail":["https:\/\/wavexia.com\/wp-content\/uploads\/2025\/10\/TOCOBO_CollagenBrighteningEyeGelCream_1024x-300x300.webp",300,300,true],"woocommerce_thumbnail":["https:\/\/wavexia.com\/wp-content\/uploads\/2025\/10\/TOCOBO_CollagenBrighteningEyeGelCream_1024x-300x300.webp",300,300,true],"woocommerce_single":["https:\/\/wavexia.com\/wp-content\/uploads\/2025\/10\/TOCOBO_CollagenBrighteningEyeGelCream_1024x-600x600.webp",600,600,true],"woocommerce_gallery_thumbnail":["https:\/\/wavexia.com\/wp-content\/uploads\/2025\/10\/TOCOBO_CollagenBrighteningEyeGelCream_1024x-100x100.webp",100,100,true]},"uagb_author_info":{"display_name":"zineddine.ayoub98@gmail.com","author_link":"https:\/\/wavexia.com\/?author=0"},"uagb_comment_info":0,"uagb_excerpt":"Description La cr\u00e8me pour les yeux&nbsp;TOCOBO Collagen Brightening Eye Gel Cream est une cr\u00e8me-gel contour des yeux con\u00e7ue pour inverser les signes du vieillissement autour de la d\u00e9licate zone des yeux. Enrichie \u00e0 81 % d\u2019eau florale de lavande, elle aide \u00e0 apaiser et revitaliser les yeux fatigu\u00e9s, tandis que l\u2019ajout de collag\u00e8ne v\u00e9g\u00e9tal, de&hellip;","brands":[],"_links":{"self":[{"href":"https:\/\/wavexia.com\/index.php?rest_route=\/wp\/v2\/product\/5682","targetHints":{"allow":["GET"]}}],"collection":[{"href":"https:\/\/wavexia.com\/index.php?rest_route=\/wp\/v2\/product"}],"about":[{"href":"https:\/\/wavexia.com\/index.php?rest_route=\/wp\/v2\/types\/product"}],"replies":[{"embeddable":true,"href":"https:\/\/wavexia.com\/index.php?rest_route=%2Fwp%2Fv2%2Fcomments&post=5682"}],"wp:featuredmedia":[{"embeddable":true,"href":"https:\/\/wavexia.com\/index.php?rest_route=\/wp\/v2\/media\/5681"}],"wp:attachment":[{"href":"https:\/\/wavexia.com\/index.php?rest_route=%2Fwp%2Fv2%2Fmedia&parent=5682"}],"wp:term":[{"taxonomy":"pwb-brand","embeddable":true,"href":"https:\/\/wavexia.com\/index.php?rest_route=%2Fwp%2Fv2%2Fpwb-brand&post=5682"},{"taxonomy":"product_brand","embeddable":true,"href":"https:\/\/wavexia.com\/index.php?rest_route=%2Fwp%2Fv2%2Fproduct_brand&post=5682"},{"taxonomy":"product_cat","embeddable":true,"href":"https:\/\/wavexia.com\/index.php?rest_route=%2Fwp%2Fv2%2Fproduct_cat&post=5682"},{"taxonomy":"product_tag","embeddable":true,"href":"https:\/\/wavexia.com\/index.php?rest_route=%2Fwp%2Fv2%2Fproduct_tag&post=5682"}],"curies":[{"name":"wp","href":"https:\/\/api.w.org\/{rel}","templated":true}]}}