{"id":5666,"date":"2025-10-19T09:23:48","date_gmt":"2025-10-19T09:23:48","guid":{"rendered":"https:\/\/wavexia.com\/product\/medicube-deep-vita-c-ampoule-2-0-30g\/"},"modified":"2026-03-10T07:31:11","modified_gmt":"2026-03-10T07:31:11","slug":"medicube-deep-vita-c-ampoule-2-0-30g","status":"publish","type":"product","link":"https:\/\/wavexia.com\/?product=medicube-deep-vita-c-ampoule-2-0-30g","title":{"rendered":"MEDICUBE Deep Vita C Ampoule 2.0 30g"},"content":{"rendered":"<h2>Description<\/h2>\n<p><strong>Medicube Deep Vita C Ampoule 2.0 est un s\u00e9rum puissant enrichi \u00e0 14,5 % de vitamine C pure,<\/strong>&nbsp;con\u00e7u pour unifier le teint et r\u00e9duire l\u2019hyperpigmentation. Cette ampoule hypoallerg\u00e9nique \u00e0 base d\u2019eau aide \u00e0 r\u00e9duire les taches brunes, les taches de rousseur et les taches de vieillesse, offrant un teint plus clair et plus \u00e9clatant.<\/p>\n<p>La formule contient \u00e9galement de l\u2019alpha-bisabolol, connu pour ses propri\u00e9t\u00e9s apaisantes et rehaussant l\u2019\u00e9clat, ce qui rend le produit id\u00e9al pour les peaux sensibles. Les tests cliniques ont montr\u00e9 des r\u00e9sultats visibles dans les 7 jours, avec une r\u00e9duction de 9,1 % des taches de rousseur et des taches, et une am\u00e9lioration de 4,8 % du teint de la peau.<\/p>\n<p><strong>Avantages:<\/strong><\/p>\n<ul>\n<li>Contient 14,5 % de vitamine C pure pour \u00e9claircir et unifier le teint.<\/li>\n<li>R\u00e9duit efficacement l\u2019hyperpigmentation, les taches brunes et les taches de rousseur.<\/li>\n<li>Enrichi en alpha-bisabolol pour des propri\u00e9t\u00e9s apaisantes et rehaussant l\u2019\u00e9clat.<\/li>\n<li>R\u00e9sultats cliniquement prouv\u00e9s en 7 jours avec des am\u00e9liorations visibles.<\/li>\n<li>Formule hypoallerg\u00e9nique, id\u00e9ale pour les peaux sensibles.<\/li>\n<li>Facile \u00e0 utiliser matin et soir.<\/li>\n<li>Am\u00e9liore l\u2019\u00e9lasticit\u00e9 de la peau et lui donne un \u00e9clat radieux.<\/li>\n<\/ul>\n<p><strong>Usage:<\/strong><\/p>\n<ol>\n<li><span><strong>Nettoyage:<\/strong>&nbsp;Commencez par nettoyer soigneusement le visage pour \u00e9liminer la salet\u00e9 et les impuret\u00e9s.<\/span><\/li>\n<li><span><strong>Toner:<\/strong>&nbsp;Appliquez un toner pour \u00e9quilibrer le pH de la peau et pr\u00e9parez-la pour les produits suivants.<\/span><\/li>\n<li><span><strong>Application de l\u2019ampoule :<\/strong>&nbsp;Pr\u00e9levez une quantit\u00e9 appropri\u00e9e (g\u00e9n\u00e9ralement 2-3 gouttes) et r\u00e9partissez-la uniform\u00e9ment sur le visage, en \u00e9vitant le contour des yeux.<\/span><\/li>\n<li><span><strong>Absorption:&nbsp;<\/strong>Du bout des doigts, tapotez doucement le produit et facilitez son absorption.<\/span><\/li>\n<li><span><strong>Hydratant:<\/strong>&nbsp;Terminez par l\u2019application d\u2019une cr\u00e8me hydratante pour retenir l\u2019humidit\u00e9 et nourrir davantage la peau.<\/span><\/li>\n<\/ol>\n<p><strong>Temps d\u2019utilisation :<\/strong>&nbsp;L\u2019ampoule peut \u00eatre utilis\u00e9e aussi bien le matin que le soir. Si utilis\u00e9 le matin, assurez-vous d\u2019appliquer un \u00e9cran solaire par la suite, car la vitamine C peut augmenter la sensibilit\u00e9 de la peau au soleil.<\/p>\n<p><strong>Stockage:<\/strong>&nbsp;Pour pr\u00e9server l\u2019efficacit\u00e9 du produit, l\u2019ampoule doit \u00eatre conserv\u00e9e au r\u00e9frig\u00e9rateur.<\/p>\n<p><strong>Note:<\/strong>&nbsp;Pour \u00e9viter toute irritation, n\u2019utilisez pas ce produit avec d\u2019autres produits contenant du r\u00e9tinol, des acides AHA (tels que l\u2019acide lactique), des acides BHA (tels que l\u2019acide salicylique) ou de la niacinamide.<\/p>\n","protected":false},"excerpt":{"rendered":"<p>Description Medicube Deep Vita C Ampoule 2.0 est un s\u00e9rum puissant enrichi \u00e0 14,5 % de vitamine C pure,&nbsp;con\u00e7u pour unifier le teint et r\u00e9duire l\u2019hyperpigmentation. Cette ampoule hypoallerg\u00e9nique \u00e0 base d\u2019eau aide \u00e0 r\u00e9duire les taches brunes, les taches de rousseur et les taches de vieillesse, offrant un teint plus clair et plus \u00e9clatant. [&hellip;]<\/p>\n","protected":false},"featured_media":5665,"comment_status":"open","ping_status":"closed","template":"","meta":{"content-type":"","_uag_custom_page_level_css":""},"pwb-brand":[],"product_brand":[],"product_cat":[327,349,334,338],"product_tag":[],"class_list":{"0":"post-5666","1":"product","2":"type-product","3":"status-publish","4":"has-post-thumbnail","6":"product_cat-hmizat","7":"product_cat-medicube","8":"product_cat-produits-coreens","9":"product_cat-serum-ampoule","11":"first","12":"instock","13":"sale","14":"shipping-taxable","15":"purchasable","16":"product-type-simple"},"aioseo_notices":[],"uagb_featured_image_src":{"full":["https:\/\/wavexia.com\/wp-content\/uploads\/2025\/10\/s-l1200-2-2.jpg",1200,1200,false],"thumbnail":["https:\/\/wavexia.com\/wp-content\/uploads\/2025\/10\/s-l1200-2-2-150x150.jpg",150,150,true],"medium":["https:\/\/wavexia.com\/wp-content\/uploads\/2025\/10\/s-l1200-2-2-300x300.jpg",300,300,true],"medium_large":["https:\/\/wavexia.com\/wp-content\/uploads\/2025\/10\/s-l1200-2-2-768x768.jpg",768,768,true],"large":["https:\/\/wavexia.com\/wp-content\/uploads\/2025\/10\/s-l1200-2-2-1024x1024.jpg",1024,1024,true],"1536x1536":["https:\/\/wavexia.com\/wp-content\/uploads\/2025\/10\/s-l1200-2-2.jpg",1200,1200,false],"2048x2048":["https:\/\/wavexia.com\/wp-content\/uploads\/2025\/10\/s-l1200-2-2.jpg",1200,1200,false],"woocommerce_archive_thumbnail":["https:\/\/wavexia.com\/wp-content\/uploads\/2025\/10\/s-l1200-2-2-300x300.jpg",300,300,true],"woocommerce_thumbnail":["https:\/\/wavexia.com\/wp-content\/uploads\/2025\/10\/s-l1200-2-2-300x300.jpg",300,300,true],"woocommerce_single":["https:\/\/wavexia.com\/wp-content\/uploads\/2025\/10\/s-l1200-2-2-600x600.jpg",600,600,true],"woocommerce_gallery_thumbnail":["https:\/\/wavexia.com\/wp-content\/uploads\/2025\/10\/s-l1200-2-2-100x100.jpg",100,100,true]},"uagb_author_info":{"display_name":"zineddine.ayoub98@gmail.com","author_link":"https:\/\/wavexia.com\/?author=0"},"uagb_comment_info":0,"uagb_excerpt":"Description Medicube Deep Vita C Ampoule 2.0 est un s\u00e9rum puissant enrichi \u00e0 14,5 % de vitamine C pure,&nbsp;con\u00e7u pour unifier le teint et r\u00e9duire l\u2019hyperpigmentation. Cette ampoule hypoallerg\u00e9nique \u00e0 base d\u2019eau aide \u00e0 r\u00e9duire les taches brunes, les taches de rousseur et les taches de vieillesse, offrant un teint plus clair et plus \u00e9clatant.&hellip;","brands":[],"_links":{"self":[{"href":"https:\/\/wavexia.com\/index.php?rest_route=\/wp\/v2\/product\/5666","targetHints":{"allow":["GET"]}}],"collection":[{"href":"https:\/\/wavexia.com\/index.php?rest_route=\/wp\/v2\/product"}],"about":[{"href":"https:\/\/wavexia.com\/index.php?rest_route=\/wp\/v2\/types\/product"}],"replies":[{"embeddable":true,"href":"https:\/\/wavexia.com\/index.php?rest_route=%2Fwp%2Fv2%2Fcomments&post=5666"}],"wp:featuredmedia":[{"embeddable":true,"href":"https:\/\/wavexia.com\/index.php?rest_route=\/wp\/v2\/media\/5665"}],"wp:attachment":[{"href":"https:\/\/wavexia.com\/index.php?rest_route=%2Fwp%2Fv2%2Fmedia&parent=5666"}],"wp:term":[{"taxonomy":"pwb-brand","embeddable":true,"href":"https:\/\/wavexia.com\/index.php?rest_route=%2Fwp%2Fv2%2Fpwb-brand&post=5666"},{"taxonomy":"product_brand","embeddable":true,"href":"https:\/\/wavexia.com\/index.php?rest_route=%2Fwp%2Fv2%2Fproduct_brand&post=5666"},{"taxonomy":"product_cat","embeddable":true,"href":"https:\/\/wavexia.com\/index.php?rest_route=%2Fwp%2Fv2%2Fproduct_cat&post=5666"},{"taxonomy":"product_tag","embeddable":true,"href":"https:\/\/wavexia.com\/index.php?rest_route=%2Fwp%2Fv2%2Fproduct_tag&post=5666"}],"curies":[{"name":"wp","href":"https:\/\/api.w.org\/{rel}","templated":true}]}}