{"id":5646,"date":"2025-10-19T09:23:35","date_gmt":"2025-10-19T09:23:35","guid":{"rendered":"https:\/\/wavexia.com\/product\/jumiso-snail-mucin-88-peptide-cream-100ml\/"},"modified":"2026-03-10T07:31:11","modified_gmt":"2026-03-10T07:31:11","slug":"jumiso-snail-mucin-88-peptide-cream-100ml","status":"publish","type":"product","link":"https:\/\/wavexia.com\/?product=jumiso-snail-mucin-88-peptide-cream-100ml","title":{"rendered":"JUMISO Snail Mucin 88 + Peptide Cream 100ml"},"content":{"rendered":"<h2>Description<\/h2>\n<div class=\"woocommerce-product-details__short-description\">\n<p>CLINIQUEMENT PROUV\u00c9, NON COM\u00c9DOG\u00c8NE \u2013 CR\u00c8ME R\u00c9PARATRICE PERFECTRICE DE PEAU | LE SAUVEUR DE LA PEAU POUR LES PEAUX \u00c0 PROBL\u00c8MES<\/p>\n<p>LE MEILLEUR M\u00c9LANGE EN POTS \u2013 Complexe de 5 peptides : stimule la production de collag\u00e8ne et donne de l\u2019\u00e9lasticit\u00e9 \u00e0 la peau.<\/p>\n<p>FORMULE MULTIFONCTIONNELLE :&nbsp;<strong>+&nbsp;<\/strong>50% Apaisement de la barri\u00e8re cutan\u00e9e, + 47% Am\u00e9lioration de l\u2019acn\u00e9, + 41% Contr\u00f4le de l\u2019huile<\/p>\n<p>SANS FRAGRANCE, SANS CRUIT\u00c9 \u2013 Parfait pour les peaux grasses et sujettes \u00e0 l\u2019acn\u00e9. Convient \u00e0 tous les types de peau.<\/p>\n<p>L\u00c9G\u00c8RET\u00c9 ET NON COLLANT \u2013 Texture l\u00e9g\u00e8re, semblable \u00e0 un gel, qui p\u00e9n\u00e8tre sans effort dans la peau, la laissant hydrat\u00e9e sans aucun r\u00e9sidu collant.<\/p>\n<p>Comment l\u2019utiliser :<\/p>\n<div class=\"description-item active\">\n<div class=\"body\">\n<p>Apr\u00e8s avoir nettoy\u00e9 et tonifi\u00e9 le visage, appliquer d\u00e9licatement une quantit\u00e9 ad\u00e9quate de cr\u00e8me sur le visage, en \u00e9vitant le contour des yeux et de la bouche.<\/p>\n<p>Avertissement : Pour usage externe uniquement. Toujours effectuer un test \u00e9picutan\u00e9. Cessez d\u2019utiliser le produit si vous ressentez une quelconque g\u00eane. Suivre les instructions suppl\u00e9mentaires figurant sur l\u2019emballage. Les r\u00e9sultats individuels peuvent varier.<\/p>\n<\/div>\n<\/div>\n<\/div>\n","protected":false},"excerpt":{"rendered":"<p>Description CLINIQUEMENT PROUV\u00c9, NON COM\u00c9DOG\u00c8NE \u2013 CR\u00c8ME R\u00c9PARATRICE PERFECTRICE DE PEAU | LE SAUVEUR DE LA PEAU POUR LES PEAUX \u00c0 PROBL\u00c8MES LE MEILLEUR M\u00c9LANGE EN POTS \u2013 Complexe de 5 peptides : stimule la production de collag\u00e8ne et donne de l\u2019\u00e9lasticit\u00e9 \u00e0 la peau. FORMULE MULTIFONCTIONNELLE :&nbsp;+&nbsp;50% Apaisement de la barri\u00e8re cutan\u00e9e, + 47% [&hellip;]<\/p>\n","protected":false},"featured_media":5645,"comment_status":"open","ping_status":"closed","template":"","meta":{"content-type":"","_uag_custom_page_level_css":""},"pwb-brand":[],"product_brand":[],"product_cat":[324,452,334],"product_tag":[],"class_list":{"0":"post-5646","1":"product","2":"type-product","3":"status-publish","4":"has-post-thumbnail","6":"product_cat-creme","7":"product_cat-jumiso","8":"product_cat-produits-coreens","10":"first","11":"instock","12":"sale","13":"shipping-taxable","14":"purchasable","15":"product-type-simple"},"aioseo_notices":[],"uagb_featured_image_src":{"full":["https:\/\/wavexia.com\/wp-content\/uploads\/2025\/10\/Jumiso-Snail-Mucin-88-Peptide-Facial-Cream-100ml.jpg",600,600,false],"thumbnail":["https:\/\/wavexia.com\/wp-content\/uploads\/2025\/10\/Jumiso-Snail-Mucin-88-Peptide-Facial-Cream-100ml-150x150.jpg",150,150,true],"medium":["https:\/\/wavexia.com\/wp-content\/uploads\/2025\/10\/Jumiso-Snail-Mucin-88-Peptide-Facial-Cream-100ml-300x300.jpg",300,300,true],"medium_large":["https:\/\/wavexia.com\/wp-content\/uploads\/2025\/10\/Jumiso-Snail-Mucin-88-Peptide-Facial-Cream-100ml.jpg",600,600,false],"large":["https:\/\/wavexia.com\/wp-content\/uploads\/2025\/10\/Jumiso-Snail-Mucin-88-Peptide-Facial-Cream-100ml.jpg",600,600,false],"1536x1536":["https:\/\/wavexia.com\/wp-content\/uploads\/2025\/10\/Jumiso-Snail-Mucin-88-Peptide-Facial-Cream-100ml.jpg",600,600,false],"2048x2048":["https:\/\/wavexia.com\/wp-content\/uploads\/2025\/10\/Jumiso-Snail-Mucin-88-Peptide-Facial-Cream-100ml.jpg",600,600,false],"woocommerce_archive_thumbnail":["https:\/\/wavexia.com\/wp-content\/uploads\/2025\/10\/Jumiso-Snail-Mucin-88-Peptide-Facial-Cream-100ml-300x300.jpg",300,300,true],"woocommerce_thumbnail":["https:\/\/wavexia.com\/wp-content\/uploads\/2025\/10\/Jumiso-Snail-Mucin-88-Peptide-Facial-Cream-100ml-300x300.jpg",300,300,true],"woocommerce_single":["https:\/\/wavexia.com\/wp-content\/uploads\/2025\/10\/Jumiso-Snail-Mucin-88-Peptide-Facial-Cream-100ml.jpg",600,600,false],"woocommerce_gallery_thumbnail":["https:\/\/wavexia.com\/wp-content\/uploads\/2025\/10\/Jumiso-Snail-Mucin-88-Peptide-Facial-Cream-100ml-100x100.jpg",100,100,true]},"uagb_author_info":{"display_name":"zineddine.ayoub98@gmail.com","author_link":"https:\/\/wavexia.com\/?author=0"},"uagb_comment_info":0,"uagb_excerpt":"Description CLINIQUEMENT PROUV\u00c9, NON COM\u00c9DOG\u00c8NE \u2013 CR\u00c8ME R\u00c9PARATRICE PERFECTRICE DE PEAU | LE SAUVEUR DE LA PEAU POUR LES PEAUX \u00c0 PROBL\u00c8MES LE MEILLEUR M\u00c9LANGE EN POTS \u2013 Complexe de 5 peptides : stimule la production de collag\u00e8ne et donne de l\u2019\u00e9lasticit\u00e9 \u00e0 la peau. FORMULE MULTIFONCTIONNELLE :&nbsp;+&nbsp;50% Apaisement de la barri\u00e8re cutan\u00e9e, + 47%&hellip;","brands":[],"_links":{"self":[{"href":"https:\/\/wavexia.com\/index.php?rest_route=\/wp\/v2\/product\/5646","targetHints":{"allow":["GET"]}}],"collection":[{"href":"https:\/\/wavexia.com\/index.php?rest_route=\/wp\/v2\/product"}],"about":[{"href":"https:\/\/wavexia.com\/index.php?rest_route=\/wp\/v2\/types\/product"}],"replies":[{"embeddable":true,"href":"https:\/\/wavexia.com\/index.php?rest_route=%2Fwp%2Fv2%2Fcomments&post=5646"}],"wp:featuredmedia":[{"embeddable":true,"href":"https:\/\/wavexia.com\/index.php?rest_route=\/wp\/v2\/media\/5645"}],"wp:attachment":[{"href":"https:\/\/wavexia.com\/index.php?rest_route=%2Fwp%2Fv2%2Fmedia&parent=5646"}],"wp:term":[{"taxonomy":"pwb-brand","embeddable":true,"href":"https:\/\/wavexia.com\/index.php?rest_route=%2Fwp%2Fv2%2Fpwb-brand&post=5646"},{"taxonomy":"product_brand","embeddable":true,"href":"https:\/\/wavexia.com\/index.php?rest_route=%2Fwp%2Fv2%2Fproduct_brand&post=5646"},{"taxonomy":"product_cat","embeddable":true,"href":"https:\/\/wavexia.com\/index.php?rest_route=%2Fwp%2Fv2%2Fproduct_cat&post=5646"},{"taxonomy":"product_tag","embeddable":true,"href":"https:\/\/wavexia.com\/index.php?rest_route=%2Fwp%2Fv2%2Fproduct_tag&post=5646"}],"curies":[{"name":"wp","href":"https:\/\/api.w.org\/{rel}","templated":true}]}}