{"id":5636,"date":"2025-10-19T09:23:30","date_gmt":"2025-10-19T09:23:30","guid":{"rendered":"https:\/\/wavexia.com\/product\/cosrx-the-retinol-0-5-oil-20ml\/"},"modified":"2026-03-10T07:31:11","modified_gmt":"2026-03-10T07:31:11","slug":"cosrx-the-retinol-0-5-oil-20ml","status":"publish","type":"product","link":"https:\/\/wavexia.com\/?product=cosrx-the-retinol-0-5-oil-20ml","title":{"rendered":"Cosrx \u2013 The Retinol 0.5 Oil \u2013 20ml"},"content":{"rendered":"<h2>Description<\/h2>\n<p>Sans eau purifi\u00e9e ni d\u00e9riv\u00e9s de r\u00e9tinol. Formul\u00e9e \u00e0 base de r\u00e9tinol pur stabilis\u00e9 \u00e0 0,5 % pour un soin&nbsp;<strong>anti-\u00e2ge puissant<\/strong>.<\/p>\n<p>Convient parfaitement aux peaux habitu\u00e9es au r\u00e9tinol mais pr\u00e9sentant encore des signes progressifs de vieillissement tels que la perte d\u2019\u00e9lasticit\u00e9 et la s\u00e9cheresse.<br \/>\u00c9galement, pour les utilisateurs de r\u00e9tinol de niveau interm\u00e9diaire \u00e0 la recherche d\u2019un produit hautement concentr\u00e9 qui stimule la jeunesse de la peau.<\/p>\n<h3><strong>Mode d\u2019emploi<\/strong><\/h3>\n<p>Dans le cadre de la routine du soir, appliquer 1 \u00e0 2 gouttes sur la main et tapoter du bout des doigts de l\u2019int\u00e9rieur vers l\u2019ext\u00e9rieur jusqu\u2019\u00e0 absorption. Limiter l\u2019utilisation initiale \u00e0 trois fois par semaine ; augmenter progressivement la fr\u00e9quence jusqu\u2019\u00e0 un soir sur deux, utiliser selon la tol\u00e9rance.<\/p>\n<p>** Pr\u00e9voir une \u00ab p\u00e9riode d\u2019adaptation \u00bb lors de l\u2019utilisation du r\u00e9tinol.<\/p>\n<p>* Semaine 1~2<br \/>\u2013 Fr\u00e9quence : utiliser seulement 2~3 fois par semaine le soir.<br \/>\u2013 Mode d\u2019emploi : Apr\u00e8s le nettoyage, \u00e0 l\u2019\u00e9tape de la cr\u00e8me hydratante, appliquer 1 \u00e0 2 gouttes sur les zones concern\u00e9es telles que le dessous des yeux, la bouche, le front et le cou.<\/p>\n<p>* Semaine 3<br \/>\u2013 Fr\u00e9quence : Peut \u00eatre utilis\u00e9 tous les deux jours le soir.<br \/>\u2013 Mode d\u2019emploi : Apr\u00e8s le nettoyage, \u00e0 l\u2019\u00e9tape de la cr\u00e8me hydratante, appliquer sur l\u2019ensemble du visage.<\/p>\n<p>** La phase de \u00ab construction de la tol\u00e9rance \u00bb peut \u00eatre raccourcie ou allong\u00e9e en fonction des diff\u00e9rences individuelles.<br \/>** Maintenir cette phase jusqu\u2019\u00e0 ce qu\u2019il n\u2019y ait plus d\u2019inconfort.<br \/>** Augmenter progressivement la fr\u00e9quence et les zones d\u2019application.<\/p>\n<p>* Pr\u00e9cautions<\/p>\n<p>\u2013 Il est recommand\u00e9 d\u2019effectuer un test \u00e9picutan\u00e9 avant l\u2019utilisation.<br \/>\u2013 En cas de grossesse ou d\u2019allaitement, il est recommand\u00e9 d\u2019\u00e9viter tous les produits \u00e0 base de r\u00e9tino\u00efdes.<br \/>\u2013 Apr\u00e8s l\u2019utilisation du r\u00e9tinol, la peau peut tirailler et pr\u00e9senter des signes de rougeur en raison de l\u2019exfoliation en profondeur de la peau. Il s\u2019agit d\u2019un sympt\u00f4me temporaire et normal. Si l\u2019irritation persiste, il convient de r\u00e9duire la fr\u00e9quence d\u2019application ou d\u2019interrompre l\u2019utilisation.<br \/>\u2013 En raison de la nature du composant r\u00e9tinol, vous pouvez remarquer une couleur plus fonc\u00e9e ou une odeur unique.<br \/>\u2013 Pour pr\u00e9server la fra\u00eecheur des ingr\u00e9dients du r\u00e9tinol, \u00e9vitez de les conserver \u00e0 des temp\u00e9ratures \u00e9lev\u00e9es et \u00e0 la lumi\u00e8re directe du soleil.<br \/>\u2013 Il est recommand\u00e9 de conserver le produit au r\u00e9frig\u00e9rateur s\u2019il n\u2019est pas utilis\u00e9 quotidiennement.<br \/>\u2013 Comme ce produit peut augmenter la sensibilit\u00e9 \u00e0 la lumi\u00e8re du soleil, utiliser un \u00e9cran solaire lors de l\u2019utilisation du produit.<br \/>\u2013 Ne pas combiner avec des gommages, des peelings ou des exfoliants car ils peuvent irriter la peau.<\/p>\n<p>&nbsp;<\/p>\n<h5>Caract\u00e9ristiques &amp; avantages \u2665<\/h5>\n<ul>\n<li>Sans cruaut\u00e9<\/li>\n<li>Sans parab\u00e8ne<\/li>\n<li>Sans alcool<\/li>\n<li>Sans sulfate<\/li>\n<li>Sans huile essentielle<\/li>\n<li>Sans parfum artificiel<\/li>\n<\/ul>\n","protected":false},"excerpt":{"rendered":"<p>Description Sans eau purifi\u00e9e ni d\u00e9riv\u00e9s de r\u00e9tinol. Formul\u00e9e \u00e0 base de r\u00e9tinol pur stabilis\u00e9 \u00e0 0,5 % pour un soin&nbsp;anti-\u00e2ge puissant. Convient parfaitement aux peaux habitu\u00e9es au r\u00e9tinol mais pr\u00e9sentant encore des signes progressifs de vieillissement tels que la perte d\u2019\u00e9lasticit\u00e9 et la s\u00e9cheresse.\u00c9galement, pour les utilisateurs de r\u00e9tinol de niveau interm\u00e9diaire \u00e0 la [&hellip;]<\/p>\n","protected":false},"featured_media":5635,"comment_status":"open","ping_status":"closed","template":"","meta":{"content-type":"","_uag_custom_page_level_css":""},"pwb-brand":[],"product_brand":[],"product_cat":[357,347,334],"product_tag":[],"class_list":{"0":"post-5636","1":"product","2":"type-product","3":"status-publish","4":"has-post-thumbnail","6":"product_cat-anti-age-rides","7":"product_cat-cosrx","8":"product_cat-produits-coreens","10":"first","11":"instock","12":"sale","13":"shipping-taxable","14":"purchasable","15":"product-type-simple"},"aioseo_notices":[],"uagb_featured_image_src":{"full":["https:\/\/wavexia.com\/wp-content\/uploads\/2025\/10\/Product-page-sizes_6ad118b4-2cd9-4d1b-bd11-ecd3ef491055.webp",800,800,false],"thumbnail":["https:\/\/wavexia.com\/wp-content\/uploads\/2025\/10\/Product-page-sizes_6ad118b4-2cd9-4d1b-bd11-ecd3ef491055-150x150.webp",150,150,true],"medium":["https:\/\/wavexia.com\/wp-content\/uploads\/2025\/10\/Product-page-sizes_6ad118b4-2cd9-4d1b-bd11-ecd3ef491055-300x300.webp",300,300,true],"medium_large":["https:\/\/wavexia.com\/wp-content\/uploads\/2025\/10\/Product-page-sizes_6ad118b4-2cd9-4d1b-bd11-ecd3ef491055-768x768.webp",768,768,true],"large":["https:\/\/wavexia.com\/wp-content\/uploads\/2025\/10\/Product-page-sizes_6ad118b4-2cd9-4d1b-bd11-ecd3ef491055.webp",800,800,false],"1536x1536":["https:\/\/wavexia.com\/wp-content\/uploads\/2025\/10\/Product-page-sizes_6ad118b4-2cd9-4d1b-bd11-ecd3ef491055.webp",800,800,false],"2048x2048":["https:\/\/wavexia.com\/wp-content\/uploads\/2025\/10\/Product-page-sizes_6ad118b4-2cd9-4d1b-bd11-ecd3ef491055.webp",800,800,false],"woocommerce_archive_thumbnail":["https:\/\/wavexia.com\/wp-content\/uploads\/2025\/10\/Product-page-sizes_6ad118b4-2cd9-4d1b-bd11-ecd3ef491055-300x300.webp",300,300,true],"woocommerce_thumbnail":["https:\/\/wavexia.com\/wp-content\/uploads\/2025\/10\/Product-page-sizes_6ad118b4-2cd9-4d1b-bd11-ecd3ef491055-300x300.webp",300,300,true],"woocommerce_single":["https:\/\/wavexia.com\/wp-content\/uploads\/2025\/10\/Product-page-sizes_6ad118b4-2cd9-4d1b-bd11-ecd3ef491055-600x600.webp",600,600,true],"woocommerce_gallery_thumbnail":["https:\/\/wavexia.com\/wp-content\/uploads\/2025\/10\/Product-page-sizes_6ad118b4-2cd9-4d1b-bd11-ecd3ef491055-100x100.webp",100,100,true]},"uagb_author_info":{"display_name":"zineddine.ayoub98@gmail.com","author_link":"https:\/\/wavexia.com\/?author=0"},"uagb_comment_info":0,"uagb_excerpt":"Description Sans eau purifi\u00e9e ni d\u00e9riv\u00e9s de r\u00e9tinol. Formul\u00e9e \u00e0 base de r\u00e9tinol pur stabilis\u00e9 \u00e0 0,5 % pour un soin&nbsp;anti-\u00e2ge puissant. Convient parfaitement aux peaux habitu\u00e9es au r\u00e9tinol mais pr\u00e9sentant encore des signes progressifs de vieillissement tels que la perte d\u2019\u00e9lasticit\u00e9 et la s\u00e9cheresse.\u00c9galement, pour les utilisateurs de r\u00e9tinol de niveau interm\u00e9diaire \u00e0 la&hellip;","brands":[],"_links":{"self":[{"href":"https:\/\/wavexia.com\/index.php?rest_route=\/wp\/v2\/product\/5636","targetHints":{"allow":["GET"]}}],"collection":[{"href":"https:\/\/wavexia.com\/index.php?rest_route=\/wp\/v2\/product"}],"about":[{"href":"https:\/\/wavexia.com\/index.php?rest_route=\/wp\/v2\/types\/product"}],"replies":[{"embeddable":true,"href":"https:\/\/wavexia.com\/index.php?rest_route=%2Fwp%2Fv2%2Fcomments&post=5636"}],"wp:featuredmedia":[{"embeddable":true,"href":"https:\/\/wavexia.com\/index.php?rest_route=\/wp\/v2\/media\/5635"}],"wp:attachment":[{"href":"https:\/\/wavexia.com\/index.php?rest_route=%2Fwp%2Fv2%2Fmedia&parent=5636"}],"wp:term":[{"taxonomy":"pwb-brand","embeddable":true,"href":"https:\/\/wavexia.com\/index.php?rest_route=%2Fwp%2Fv2%2Fpwb-brand&post=5636"},{"taxonomy":"product_brand","embeddable":true,"href":"https:\/\/wavexia.com\/index.php?rest_route=%2Fwp%2Fv2%2Fproduct_brand&post=5636"},{"taxonomy":"product_cat","embeddable":true,"href":"https:\/\/wavexia.com\/index.php?rest_route=%2Fwp%2Fv2%2Fproduct_cat&post=5636"},{"taxonomy":"product_tag","embeddable":true,"href":"https:\/\/wavexia.com\/index.php?rest_route=%2Fwp%2Fv2%2Fproduct_tag&post=5636"}],"curies":[{"name":"wp","href":"https:\/\/api.w.org\/{rel}","templated":true}]}}