{"id":5633,"date":"2025-10-19T09:23:28","date_gmt":"2025-10-19T09:23:28","guid":{"rendered":"https:\/\/wavexia.com\/product\/cosrx-propolis-light-cream-65ml\/"},"modified":"2026-03-10T07:31:11","modified_gmt":"2026-03-10T07:31:11","slug":"cosrx-propolis-light-cream-65ml","status":"publish","type":"product","link":"https:\/\/wavexia.com\/?product=cosrx-propolis-light-cream-65ml","title":{"rendered":"Cosrx \u2013 Propolis Light Cream 65ml"},"content":{"rendered":"<h2>Description<\/h2>\n<div class=\"block-content_MQDxpg \" data-index=\"6\">\n<div class=\"tabs-inner\">\n<p>La COSRX Propolis Light Cream est un hydratant intens\u00e9ment hydratant avec une forte concentration de propolis d\u2019abeille noire et d\u2019antioxydants pour une peau radieuse.<\/p>\n<p>La formule est infus\u00e9e avec 65,69 % de propolis d\u2019abeille noire, compos\u00e9e d\u2019extrait de propolis d\u2019abeille noire, d\u2019extrait de miel et d\u2019extrait de gel\u00e9e royale. Ces ingr\u00e9dients sont connus pour leurs propri\u00e9t\u00e9s anti-inflammatoires et antibact\u00e9riennes. De plus, ce complexe assure une peau douce et souple.<\/p>\n<p>Cette cr\u00e8me est l\u00e9g\u00e8re, elle n\u2019est donc pas lourde et p\u00e9n\u00e8tre sans effort dans la peau.<\/p>\n<p><strong>Cette cr\u00e8me hydratante :<\/strong><\/p>\n<ul>\n<li>intens\u00e9ment hydratant<\/li>\n<li>contient une forte concentration de propolis d\u2019abeille noire<\/li>\n<li>pour une peau \u00e9clatante, douce et souple<\/li>\n<li>propri\u00e9t\u00e9s anti-inflammatoires et antibact\u00e9riennes<\/li>\n<li>poids l\u00e9ger<\/li>\n<li>p\u00e9n\u00e8tre sans effort dans la peau<\/li>\n<\/ul>\n<\/div>\n<div class=\"block-content_dExAQg tab-closed hidden\" data-index=\"5\">\n<div class=\"tabs-inner\">\n<div>\n<p><strong>Ingr\u00e9dients:<\/strong><br \/>Propolis Extract, Butylene Glycol, Glycerin, Caprylic\/capric Triglyceride, Helianthus Annuus (Sunflower) Seed Oil, 1,2-hexanediol, Honey Extract, Royal Jelly Extract, Hydroxyethyl Acrylate\/sodium Acryloyldimethyl Taurate Copolymer, Cassia Obtusifolia Seed Extract, Cetearyl Olivate, Beeswax, Cetearyl Alcohol, Sorbitan Olivate, Allantoin, Arginine, Carbomer, Xanthan Gum.<\/p>\n<p><strong>Contenu :<\/strong>&nbsp;65 ml.<\/p>\n<p>&nbsp;<\/p>\n<\/div>\n<\/div>\n<\/div>\n<div class=\"block-content_XgHTde tab-closed hidden\" data-index=\"4\">\n<div class=\"tabs-inner\">\n<div>\n<p><strong>Comment utiliser:<\/strong><\/p>\n<ul>\n<li>Assurez-vous que votre peau est propre et s\u00e8che.<\/li>\n<li>Appliquer la cr\u00e8me du bout des doigts et masser jusqu\u2019\u00e0 absorption compl\u00e8te.<\/li>\n<\/ul>\n<\/div>\n<\/div>\n<\/div>\n<\/div>\n","protected":false},"excerpt":{"rendered":"<p>Description La COSRX Propolis Light Cream est un hydratant intens\u00e9ment hydratant avec une forte concentration de propolis d\u2019abeille noire et d\u2019antioxydants pour une peau radieuse. La formule est infus\u00e9e avec 65,69 % de propolis d\u2019abeille noire, compos\u00e9e d\u2019extrait de propolis d\u2019abeille noire, d\u2019extrait de miel et d\u2019extrait de gel\u00e9e royale. Ces ingr\u00e9dients sont connus pour [&hellip;]<\/p>\n","protected":false},"featured_media":5632,"comment_status":"open","ping_status":"closed","template":"","meta":{"content-type":"","_uag_custom_page_level_css":""},"pwb-brand":[],"product_brand":[],"product_cat":[347,324,334],"product_tag":[],"class_list":{"0":"post-5633","1":"product","2":"type-product","3":"status-publish","4":"has-post-thumbnail","6":"product_cat-cosrx","7":"product_cat-creme","8":"product_cat-produits-coreens","10":"first","11":"instock","12":"sale","13":"shipping-taxable","14":"purchasable","15":"product-type-simple"},"aioseo_notices":[],"uagb_featured_image_src":{"full":["https:\/\/wavexia.com\/wp-content\/uploads\/2025\/10\/Product-page-sizes_16e762f2-095a-4ac2-b941-bad89704c020.webp",800,800,false],"thumbnail":["https:\/\/wavexia.com\/wp-content\/uploads\/2025\/10\/Product-page-sizes_16e762f2-095a-4ac2-b941-bad89704c020-150x150.webp",150,150,true],"medium":["https:\/\/wavexia.com\/wp-content\/uploads\/2025\/10\/Product-page-sizes_16e762f2-095a-4ac2-b941-bad89704c020-300x300.webp",300,300,true],"medium_large":["https:\/\/wavexia.com\/wp-content\/uploads\/2025\/10\/Product-page-sizes_16e762f2-095a-4ac2-b941-bad89704c020-768x768.webp",768,768,true],"large":["https:\/\/wavexia.com\/wp-content\/uploads\/2025\/10\/Product-page-sizes_16e762f2-095a-4ac2-b941-bad89704c020.webp",800,800,false],"1536x1536":["https:\/\/wavexia.com\/wp-content\/uploads\/2025\/10\/Product-page-sizes_16e762f2-095a-4ac2-b941-bad89704c020.webp",800,800,false],"2048x2048":["https:\/\/wavexia.com\/wp-content\/uploads\/2025\/10\/Product-page-sizes_16e762f2-095a-4ac2-b941-bad89704c020.webp",800,800,false],"woocommerce_archive_thumbnail":["https:\/\/wavexia.com\/wp-content\/uploads\/2025\/10\/Product-page-sizes_16e762f2-095a-4ac2-b941-bad89704c020-300x300.webp",300,300,true],"woocommerce_thumbnail":["https:\/\/wavexia.com\/wp-content\/uploads\/2025\/10\/Product-page-sizes_16e762f2-095a-4ac2-b941-bad89704c020-300x300.webp",300,300,true],"woocommerce_single":["https:\/\/wavexia.com\/wp-content\/uploads\/2025\/10\/Product-page-sizes_16e762f2-095a-4ac2-b941-bad89704c020-600x600.webp",600,600,true],"woocommerce_gallery_thumbnail":["https:\/\/wavexia.com\/wp-content\/uploads\/2025\/10\/Product-page-sizes_16e762f2-095a-4ac2-b941-bad89704c020-100x100.webp",100,100,true]},"uagb_author_info":{"display_name":"zineddine.ayoub98@gmail.com","author_link":"https:\/\/wavexia.com\/?author=0"},"uagb_comment_info":0,"uagb_excerpt":"Description La COSRX Propolis Light Cream est un hydratant intens\u00e9ment hydratant avec une forte concentration de propolis d\u2019abeille noire et d\u2019antioxydants pour une peau radieuse. La formule est infus\u00e9e avec 65,69 % de propolis d\u2019abeille noire, compos\u00e9e d\u2019extrait de propolis d\u2019abeille noire, d\u2019extrait de miel et d\u2019extrait de gel\u00e9e royale. Ces ingr\u00e9dients sont connus pour&hellip;","brands":[],"_links":{"self":[{"href":"https:\/\/wavexia.com\/index.php?rest_route=\/wp\/v2\/product\/5633","targetHints":{"allow":["GET"]}}],"collection":[{"href":"https:\/\/wavexia.com\/index.php?rest_route=\/wp\/v2\/product"}],"about":[{"href":"https:\/\/wavexia.com\/index.php?rest_route=\/wp\/v2\/types\/product"}],"replies":[{"embeddable":true,"href":"https:\/\/wavexia.com\/index.php?rest_route=%2Fwp%2Fv2%2Fcomments&post=5633"}],"wp:featuredmedia":[{"embeddable":true,"href":"https:\/\/wavexia.com\/index.php?rest_route=\/wp\/v2\/media\/5632"}],"wp:attachment":[{"href":"https:\/\/wavexia.com\/index.php?rest_route=%2Fwp%2Fv2%2Fmedia&parent=5633"}],"wp:term":[{"taxonomy":"pwb-brand","embeddable":true,"href":"https:\/\/wavexia.com\/index.php?rest_route=%2Fwp%2Fv2%2Fpwb-brand&post=5633"},{"taxonomy":"product_brand","embeddable":true,"href":"https:\/\/wavexia.com\/index.php?rest_route=%2Fwp%2Fv2%2Fproduct_brand&post=5633"},{"taxonomy":"product_cat","embeddable":true,"href":"https:\/\/wavexia.com\/index.php?rest_route=%2Fwp%2Fv2%2Fproduct_cat&post=5633"},{"taxonomy":"product_tag","embeddable":true,"href":"https:\/\/wavexia.com\/index.php?rest_route=%2Fwp%2Fv2%2Fproduct_tag&post=5633"}],"curies":[{"name":"wp","href":"https:\/\/api.w.org\/{rel}","templated":true}]}}