{"id":5616,"date":"2025-10-19T09:23:20","date_gmt":"2025-10-19T09:23:20","guid":{"rendered":"https:\/\/wavexia.com\/product\/now-magtein-90-veg-capsules\/"},"modified":"2026-03-10T07:31:11","modified_gmt":"2026-03-10T07:31:11","slug":"now-magtein-90-veg-capsules","status":"publish","type":"product","link":"https:\/\/wavexia.com\/?product=now-magtein-90-veg-capsules","title":{"rendered":"NOW Magtein\u00ae 90 Veg Capsules"},"content":{"rendered":"<h2>Description<\/h2>\n<p>Le magn\u00e9sium (Mg) est un min\u00e9ral essentiel surtout connu pour son r\u00f4le dans le fonctionnement des os et du syst\u00e8me nerveux.* Des recherches r\u00e9centes ont d\u00e9montr\u00e9 qu\u2019il est \u00e9galement essentiel \u00e0 la sant\u00e9 normale du cerveau et \u00e0 la fonction cognitive normale en maintenant la densit\u00e9 et la stabilit\u00e9 des synapses neuronales.* Cependant, la plupart des formes de Mg ne sont pas facilement absorb\u00e9es par le syst\u00e8me nerveux.* Magtein est une forme brevet\u00e9e de Mg qui traverse facilement la barri\u00e8re h\u00e9mato-enc\u00e9phalique pour \u00eatre utilis\u00e9e dans le cerveau.* Laboratoire des \u00e9tudes indiquent que Magtein favorise la sant\u00e9 du cerveau et peut faciliter l\u2019apprentissage et la m\u00e9moire, ainsi qu\u2019une humeur d\u00e9tendue.<\/p>\n","protected":false},"excerpt":{"rendered":"<p>Description Le magn\u00e9sium (Mg) est un min\u00e9ral essentiel surtout connu pour son r\u00f4le dans le fonctionnement des os et du syst\u00e8me nerveux.* Des recherches r\u00e9centes ont d\u00e9montr\u00e9 qu\u2019il est \u00e9galement essentiel \u00e0 la sant\u00e9 normale du cerveau et \u00e0 la fonction cognitive normale en maintenant la densit\u00e9 et la stabilit\u00e9 des synapses neuronales.* Cependant, la [&hellip;]<\/p>\n","protected":false},"featured_media":5615,"comment_status":"open","ping_status":"closed","template":"","meta":{"content-type":"","_uag_custom_page_level_css":""},"pwb-brand":[],"product_brand":[],"product_cat":[330,328],"product_tag":[],"class_list":{"0":"post-5616","1":"product","2":"type-product","3":"status-publish","4":"has-post-thumbnail","6":"product_cat-complements-alimentaires","7":"product_cat-nouveautes","9":"first","10":"instock","11":"shipping-taxable","12":"purchasable","13":"product-type-simple"},"aioseo_notices":[],"uagb_featured_image_src":{"full":["https:\/\/wavexia.com\/wp-content\/uploads\/2025\/10\/71zYeCxMWWL._UF10001000_QL80_.jpg",1000,1000,false],"thumbnail":["https:\/\/wavexia.com\/wp-content\/uploads\/2025\/10\/71zYeCxMWWL._UF10001000_QL80_-150x150.jpg",150,150,true],"medium":["https:\/\/wavexia.com\/wp-content\/uploads\/2025\/10\/71zYeCxMWWL._UF10001000_QL80_-300x300.jpg",300,300,true],"medium_large":["https:\/\/wavexia.com\/wp-content\/uploads\/2025\/10\/71zYeCxMWWL._UF10001000_QL80_-768x768.jpg",768,768,true],"large":["https:\/\/wavexia.com\/wp-content\/uploads\/2025\/10\/71zYeCxMWWL._UF10001000_QL80_.jpg",1000,1000,false],"1536x1536":["https:\/\/wavexia.com\/wp-content\/uploads\/2025\/10\/71zYeCxMWWL._UF10001000_QL80_.jpg",1000,1000,false],"2048x2048":["https:\/\/wavexia.com\/wp-content\/uploads\/2025\/10\/71zYeCxMWWL._UF10001000_QL80_.jpg",1000,1000,false],"woocommerce_archive_thumbnail":["https:\/\/wavexia.com\/wp-content\/uploads\/2025\/10\/71zYeCxMWWL._UF10001000_QL80_-300x300.jpg",300,300,true],"woocommerce_thumbnail":["https:\/\/wavexia.com\/wp-content\/uploads\/2025\/10\/71zYeCxMWWL._UF10001000_QL80_-300x300.jpg",300,300,true],"woocommerce_single":["https:\/\/wavexia.com\/wp-content\/uploads\/2025\/10\/71zYeCxMWWL._UF10001000_QL80_-600x600.jpg",600,600,true],"woocommerce_gallery_thumbnail":["https:\/\/wavexia.com\/wp-content\/uploads\/2025\/10\/71zYeCxMWWL._UF10001000_QL80_-100x100.jpg",100,100,true]},"uagb_author_info":{"display_name":"zineddine.ayoub98@gmail.com","author_link":"https:\/\/wavexia.com\/?author=0"},"uagb_comment_info":0,"uagb_excerpt":"Description Le magn\u00e9sium (Mg) est un min\u00e9ral essentiel surtout connu pour son r\u00f4le dans le fonctionnement des os et du syst\u00e8me nerveux.* Des recherches r\u00e9centes ont d\u00e9montr\u00e9 qu\u2019il est \u00e9galement essentiel \u00e0 la sant\u00e9 normale du cerveau et \u00e0 la fonction cognitive normale en maintenant la densit\u00e9 et la stabilit\u00e9 des synapses neuronales.* Cependant, la&hellip;","brands":[],"_links":{"self":[{"href":"https:\/\/wavexia.com\/index.php?rest_route=\/wp\/v2\/product\/5616","targetHints":{"allow":["GET"]}}],"collection":[{"href":"https:\/\/wavexia.com\/index.php?rest_route=\/wp\/v2\/product"}],"about":[{"href":"https:\/\/wavexia.com\/index.php?rest_route=\/wp\/v2\/types\/product"}],"replies":[{"embeddable":true,"href":"https:\/\/wavexia.com\/index.php?rest_route=%2Fwp%2Fv2%2Fcomments&post=5616"}],"wp:featuredmedia":[{"embeddable":true,"href":"https:\/\/wavexia.com\/index.php?rest_route=\/wp\/v2\/media\/5615"}],"wp:attachment":[{"href":"https:\/\/wavexia.com\/index.php?rest_route=%2Fwp%2Fv2%2Fmedia&parent=5616"}],"wp:term":[{"taxonomy":"pwb-brand","embeddable":true,"href":"https:\/\/wavexia.com\/index.php?rest_route=%2Fwp%2Fv2%2Fpwb-brand&post=5616"},{"taxonomy":"product_brand","embeddable":true,"href":"https:\/\/wavexia.com\/index.php?rest_route=%2Fwp%2Fv2%2Fproduct_brand&post=5616"},{"taxonomy":"product_cat","embeddable":true,"href":"https:\/\/wavexia.com\/index.php?rest_route=%2Fwp%2Fv2%2Fproduct_cat&post=5616"},{"taxonomy":"product_tag","embeddable":true,"href":"https:\/\/wavexia.com\/index.php?rest_route=%2Fwp%2Fv2%2Fproduct_tag&post=5616"}],"curies":[{"name":"wp","href":"https:\/\/api.w.org\/{rel}","templated":true}]}}