{"id":5613,"date":"2025-10-19T09:23:19","date_gmt":"2025-10-19T09:23:19","guid":{"rendered":"https:\/\/wavexia.com\/product\/cosrx-the-hyaluronic-acid-3-serum-30ml\/"},"modified":"2026-03-10T07:31:11","modified_gmt":"2026-03-10T07:31:11","slug":"cosrx-the-hyaluronic-acid-3-serum-30ml","status":"publish","type":"product","link":"https:\/\/wavexia.com\/?product=cosrx-the-hyaluronic-acid-3-serum-30ml","title":{"rendered":"Cosrx \u2013 The Hyaluronic Acid 3 Serum 30ml"},"content":{"rendered":"<h2>Description<\/h2>\n<p><strong>The Hyaluronic Acid 3 Serum&nbsp;<\/strong>n\u2019hydrate pas seulement intens\u00e9ment les peaux s\u00e8ches et squameuses, il aide aussi \u00e0 les maintenir en bonne sant\u00e9. L\u2019acide hyaluronique qu\u2019il contient aide \u00e0 r\u00e9tablir l\u2019\u00e9quilibre hydrique de la peau. Ce s\u00e9rum hautement efficace a \u00e9galement un effet fortifiant et soutient activement la barri\u00e8re cutan\u00e9e de la peau.<\/p>\n<p>\u2013 Appliquez quelques gouttes du s\u00e9rum sur une peau propre et tonifi\u00e9e.<br \/>\u2013 Massez doucement jusqu\u2019\u00e0 absorption compl\u00e8te.<br \/>\u2013 Utilisez-le matin et soir pour des r\u00e9sultats optimaux.<\/p>\n<p>Le s\u00e9rum contient un complexe sp\u00e9cial d\u2019acide hyaluronique, de c\u00e9ramides et de facteurs hydratants naturels.<\/p>\n<p>Ces ingr\u00e9dients travaillent ensemble pour verrouiller l\u2019hydratation en profondeur dans votre peau1.<\/p>\n","protected":false},"excerpt":{"rendered":"<p>Description The Hyaluronic Acid 3 Serum&nbsp;n\u2019hydrate pas seulement intens\u00e9ment les peaux s\u00e8ches et squameuses, il aide aussi \u00e0 les maintenir en bonne sant\u00e9. L\u2019acide hyaluronique qu\u2019il contient aide \u00e0 r\u00e9tablir l\u2019\u00e9quilibre hydrique de la peau. Ce s\u00e9rum hautement efficace a \u00e9galement un effet fortifiant et soutient activement la barri\u00e8re cutan\u00e9e de la peau. \u2013 Appliquez [&hellip;]<\/p>\n","protected":false},"featured_media":5612,"comment_status":"open","ping_status":"closed","template":"","meta":{"content-type":"","_uag_custom_page_level_css":""},"pwb-brand":[],"product_brand":[],"product_cat":[347,334,338],"product_tag":[],"class_list":{"0":"post-5613","1":"product","2":"type-product","3":"status-publish","4":"has-post-thumbnail","6":"product_cat-cosrx","7":"product_cat-produits-coreens","8":"product_cat-serum-ampoule","10":"first","11":"instock","12":"sale","13":"shipping-taxable","14":"purchasable","15":"product-type-simple"},"aioseo_notices":[],"uagb_featured_image_src":{"full":["https:\/\/wavexia.com\/wp-content\/uploads\/2025\/10\/Product-page-sizes_fa0db956-7dab-4af1-9870-0605eb5666af.webp",800,800,false],"thumbnail":["https:\/\/wavexia.com\/wp-content\/uploads\/2025\/10\/Product-page-sizes_fa0db956-7dab-4af1-9870-0605eb5666af-150x150.webp",150,150,true],"medium":["https:\/\/wavexia.com\/wp-content\/uploads\/2025\/10\/Product-page-sizes_fa0db956-7dab-4af1-9870-0605eb5666af-300x300.webp",300,300,true],"medium_large":["https:\/\/wavexia.com\/wp-content\/uploads\/2025\/10\/Product-page-sizes_fa0db956-7dab-4af1-9870-0605eb5666af-768x768.webp",768,768,true],"large":["https:\/\/wavexia.com\/wp-content\/uploads\/2025\/10\/Product-page-sizes_fa0db956-7dab-4af1-9870-0605eb5666af.webp",800,800,false],"1536x1536":["https:\/\/wavexia.com\/wp-content\/uploads\/2025\/10\/Product-page-sizes_fa0db956-7dab-4af1-9870-0605eb5666af.webp",800,800,false],"2048x2048":["https:\/\/wavexia.com\/wp-content\/uploads\/2025\/10\/Product-page-sizes_fa0db956-7dab-4af1-9870-0605eb5666af.webp",800,800,false],"woocommerce_archive_thumbnail":["https:\/\/wavexia.com\/wp-content\/uploads\/2025\/10\/Product-page-sizes_fa0db956-7dab-4af1-9870-0605eb5666af-300x300.webp",300,300,true],"woocommerce_thumbnail":["https:\/\/wavexia.com\/wp-content\/uploads\/2025\/10\/Product-page-sizes_fa0db956-7dab-4af1-9870-0605eb5666af-300x300.webp",300,300,true],"woocommerce_single":["https:\/\/wavexia.com\/wp-content\/uploads\/2025\/10\/Product-page-sizes_fa0db956-7dab-4af1-9870-0605eb5666af-600x600.webp",600,600,true],"woocommerce_gallery_thumbnail":["https:\/\/wavexia.com\/wp-content\/uploads\/2025\/10\/Product-page-sizes_fa0db956-7dab-4af1-9870-0605eb5666af-100x100.webp",100,100,true]},"uagb_author_info":{"display_name":"zineddine.ayoub98@gmail.com","author_link":"https:\/\/wavexia.com\/?author=0"},"uagb_comment_info":0,"uagb_excerpt":"Description The Hyaluronic Acid 3 Serum&nbsp;n\u2019hydrate pas seulement intens\u00e9ment les peaux s\u00e8ches et squameuses, il aide aussi \u00e0 les maintenir en bonne sant\u00e9. L\u2019acide hyaluronique qu\u2019il contient aide \u00e0 r\u00e9tablir l\u2019\u00e9quilibre hydrique de la peau. Ce s\u00e9rum hautement efficace a \u00e9galement un effet fortifiant et soutient activement la barri\u00e8re cutan\u00e9e de la peau. \u2013 Appliquez&hellip;","brands":[],"_links":{"self":[{"href":"https:\/\/wavexia.com\/index.php?rest_route=\/wp\/v2\/product\/5613","targetHints":{"allow":["GET"]}}],"collection":[{"href":"https:\/\/wavexia.com\/index.php?rest_route=\/wp\/v2\/product"}],"about":[{"href":"https:\/\/wavexia.com\/index.php?rest_route=\/wp\/v2\/types\/product"}],"replies":[{"embeddable":true,"href":"https:\/\/wavexia.com\/index.php?rest_route=%2Fwp%2Fv2%2Fcomments&post=5613"}],"wp:featuredmedia":[{"embeddable":true,"href":"https:\/\/wavexia.com\/index.php?rest_route=\/wp\/v2\/media\/5612"}],"wp:attachment":[{"href":"https:\/\/wavexia.com\/index.php?rest_route=%2Fwp%2Fv2%2Fmedia&parent=5613"}],"wp:term":[{"taxonomy":"pwb-brand","embeddable":true,"href":"https:\/\/wavexia.com\/index.php?rest_route=%2Fwp%2Fv2%2Fpwb-brand&post=5613"},{"taxonomy":"product_brand","embeddable":true,"href":"https:\/\/wavexia.com\/index.php?rest_route=%2Fwp%2Fv2%2Fproduct_brand&post=5613"},{"taxonomy":"product_cat","embeddable":true,"href":"https:\/\/wavexia.com\/index.php?rest_route=%2Fwp%2Fv2%2Fproduct_cat&post=5613"},{"taxonomy":"product_tag","embeddable":true,"href":"https:\/\/wavexia.com\/index.php?rest_route=%2Fwp%2Fv2%2Fproduct_tag&post=5613"}],"curies":[{"name":"wp","href":"https:\/\/api.w.org\/{rel}","templated":true}]}}