{"id":5579,"date":"2025-10-19T09:22:31","date_gmt":"2025-10-19T09:22:31","guid":{"rendered":"https:\/\/wavexia.com\/product\/skin1004-madagascar-centella-tea-trica-bha-foam-125ml\/"},"modified":"2026-03-10T07:31:10","modified_gmt":"2026-03-10T07:31:10","slug":"skin1004-madagascar-centella-tea-trica-bha-foam-125ml","status":"publish","type":"product","link":"https:\/\/wavexia.com\/?product=skin1004-madagascar-centella-tea-trica-bha-foam-125ml","title":{"rendered":"SKIN1004 Madagascar Centella Tea-Trica Bha Foam 125ml"},"content":{"rendered":"<h2>Description<\/h2>\n<p>La SKIN1004 Madagascar Centella Tea-Trica Bha Foam est un nettoyant doux pour le visage, enrichi en BHA, qui combat l\u2019exc\u00e8s de s\u00e9bum et nettoie les pores en profondeur. Le complexe apaisant, \u00e0 base d\u2019extrait d\u2019arbre \u00e0 th\u00e9 et de centella asiatica, soulage la peau irrit\u00e9e, minimise les rougeurs et apaise l\u2019inflammation.<\/p>\n<p>Ce nettoyant pour le visage contient des ingr\u00e9dients puissants tels que l\u2019extrait de centella asiatica, connu pour ses propri\u00e9t\u00e9s cicatrisantes et anti-inflammatoires. L\u2019acide salicylique, un exfoliant chimique, p\u00e9n\u00e8tre profond\u00e9ment dans les pores, tandis que l\u2019huile de feuille d\u2019arbre \u00e0 th\u00e9 procure un effet antiseptique et antibact\u00e9rien. Les r\u00e9sultats? Une peau fra\u00eeche et propre qui rayonne de sant\u00e9. Dorlotez votre peau avec l\u2019exp\u00e9rience de nettoyage qu\u2019elle m\u00e9rite avec SKIN1004.<\/p>\n<p><strong>Ce nettoyant :<\/strong><\/p>\n<ul>\n<li>nettoyant doux<\/li>\n<li>enrichi en BHA<\/li>\n<li>\u00e9limine l\u2019exc\u00e8s de s\u00e9bum<\/li>\n<li>nettoie les pores en profondeur<\/li>\n<li>apaise la peau irrit\u00e9e<\/li>\n<li>minimise les rougeurs et l\u2019inflammation<\/li>\n<li>anti-inflammatoire<\/li>\n<li>sans cruaut\u00e9<\/li>\n<li>v\u00e9g\u00e9talien<\/li>\n<\/ul>\n<p><strong>Comment utiliser:<\/strong><\/p>\n<ul>\n<li>Prenez une petite quantit\u00e9 dans votre main et buvez un peu d\u2019eau.<\/li>\n<li>Frottez-vous les mains jusqu\u2019\u00e0 obtenir une substance mousseuse.<\/li>\n<li>Massez votre peau en effectuant des mouvements circulaires.<\/li>\n<li>Rincer \u00e0 l\u2019eau ti\u00e8de.<\/li>\n<\/ul>\n<p><strong>Ingr\u00e9dients:<\/strong><br \/>Water, Myristic Acid, Glycerin, Potassium Hydroxide, Stearic Acid, Glyceryl Stearate, Propanediol, Lauryl Hydroxysultaine, Palmitic Acid, Sodium C14-16 Olefin Sulfonate, Potassium Benzoate, Salicylic Acid(0.45%), Butylene Glycol, Sorbitol, 1,2- hexanediol, Sodium Chloride, Centella Asiatica Extract(0.2%), Acrylates\/c10-30 Alkyl Acrylate Crosspolymer, Melaleuca Alternifolia (Tea Tree) Leaf Oil(0.2%), Cetearyl Alcohol, Melaleuca Alternifolia (Tea Tree) Leaf Water(0.09%) , Melia Azadirachta Leaf Extract, Hydrogenated Polydecene, Arachidic Acid, Lauric Acid, Sodium Citrate, Melia Azadirachta Flower Extract, Trisodium Ethylenediamine Disuccinate, Oleic Acid, Theobroma Cacao (Cocoa) Seed Extract, Dextrin, Citric Acid, Disodium Edta, Pentylene Glycol, Caprylyl Glycol, Chamaecyparis Obtusa Water, Pinus Palustris Leaf Extract<\/p>\n<p><strong>Contenu :<\/strong>&nbsp;125 ml.<\/p>\n","protected":false},"excerpt":{"rendered":"<p>Description La SKIN1004 Madagascar Centella Tea-Trica Bha Foam est un nettoyant doux pour le visage, enrichi en BHA, qui combat l\u2019exc\u00e8s de s\u00e9bum et nettoie les pores en profondeur. Le complexe apaisant, \u00e0 base d\u2019extrait d\u2019arbre \u00e0 th\u00e9 et de centella asiatica, soulage la peau irrit\u00e9e, minimise les rougeurs et apaise l\u2019inflammation. Ce nettoyant pour [&hellip;]<\/p>\n","protected":false},"featured_media":2241,"comment_status":"open","ping_status":"closed","template":"","meta":{"content-type":"","_uag_custom_page_level_css":""},"pwb-brand":[],"product_brand":[],"product_cat":[327,336,334,350],"product_tag":[],"class_list":{"0":"post-5579","1":"product","2":"type-product","3":"status-publish","4":"has-post-thumbnail","6":"product_cat-hmizat","7":"product_cat-nettoyant","8":"product_cat-produits-coreens","9":"product_cat-skin1004","11":"first","12":"instock","13":"sale","14":"shipping-taxable","15":"purchasable","16":"product-type-simple"},"aioseo_notices":[],"uagb_featured_image_src":{"full":["https:\/\/wavexia.com\/wp-content\/uploads\/2025\/10\/Product-page-sizes_ca81a0a8-b220-447a-a61f-075bf624464f.webp",800,800,false],"thumbnail":["https:\/\/wavexia.com\/wp-content\/uploads\/2025\/10\/Product-page-sizes_ca81a0a8-b220-447a-a61f-075bf624464f-150x150.webp",150,150,true],"medium":["https:\/\/wavexia.com\/wp-content\/uploads\/2025\/10\/Product-page-sizes_ca81a0a8-b220-447a-a61f-075bf624464f-300x300.webp",300,300,true],"medium_large":["https:\/\/wavexia.com\/wp-content\/uploads\/2025\/10\/Product-page-sizes_ca81a0a8-b220-447a-a61f-075bf624464f-768x768.webp",768,768,true],"large":["https:\/\/wavexia.com\/wp-content\/uploads\/2025\/10\/Product-page-sizes_ca81a0a8-b220-447a-a61f-075bf624464f.webp",800,800,false],"1536x1536":["https:\/\/wavexia.com\/wp-content\/uploads\/2025\/10\/Product-page-sizes_ca81a0a8-b220-447a-a61f-075bf624464f.webp",800,800,false],"2048x2048":["https:\/\/wavexia.com\/wp-content\/uploads\/2025\/10\/Product-page-sizes_ca81a0a8-b220-447a-a61f-075bf624464f.webp",800,800,false],"woocommerce_archive_thumbnail":["https:\/\/wavexia.com\/wp-content\/uploads\/2025\/10\/Product-page-sizes_ca81a0a8-b220-447a-a61f-075bf624464f-300x300.webp",300,300,true],"woocommerce_thumbnail":["https:\/\/wavexia.com\/wp-content\/uploads\/2025\/10\/Product-page-sizes_ca81a0a8-b220-447a-a61f-075bf624464f-300x300.webp",300,300,true],"woocommerce_single":["https:\/\/wavexia.com\/wp-content\/uploads\/2025\/10\/Product-page-sizes_ca81a0a8-b220-447a-a61f-075bf624464f-600x600.webp",600,600,true],"woocommerce_gallery_thumbnail":["https:\/\/wavexia.com\/wp-content\/uploads\/2025\/10\/Product-page-sizes_ca81a0a8-b220-447a-a61f-075bf624464f-100x100.webp",100,100,true]},"uagb_author_info":{"display_name":"zineddine.ayoub98@gmail.com","author_link":"https:\/\/wavexia.com\/?author=0"},"uagb_comment_info":0,"uagb_excerpt":"Description La SKIN1004 Madagascar Centella Tea-Trica Bha Foam est un nettoyant doux pour le visage, enrichi en BHA, qui combat l\u2019exc\u00e8s de s\u00e9bum et nettoie les pores en profondeur. Le complexe apaisant, \u00e0 base d\u2019extrait d\u2019arbre \u00e0 th\u00e9 et de centella asiatica, soulage la peau irrit\u00e9e, minimise les rougeurs et apaise l\u2019inflammation. Ce nettoyant pour&hellip;","brands":[],"_links":{"self":[{"href":"https:\/\/wavexia.com\/index.php?rest_route=\/wp\/v2\/product\/5579","targetHints":{"allow":["GET"]}}],"collection":[{"href":"https:\/\/wavexia.com\/index.php?rest_route=\/wp\/v2\/product"}],"about":[{"href":"https:\/\/wavexia.com\/index.php?rest_route=\/wp\/v2\/types\/product"}],"replies":[{"embeddable":true,"href":"https:\/\/wavexia.com\/index.php?rest_route=%2Fwp%2Fv2%2Fcomments&post=5579"}],"wp:featuredmedia":[{"embeddable":true,"href":"https:\/\/wavexia.com\/index.php?rest_route=\/wp\/v2\/media\/2241"}],"wp:attachment":[{"href":"https:\/\/wavexia.com\/index.php?rest_route=%2Fwp%2Fv2%2Fmedia&parent=5579"}],"wp:term":[{"taxonomy":"pwb-brand","embeddable":true,"href":"https:\/\/wavexia.com\/index.php?rest_route=%2Fwp%2Fv2%2Fpwb-brand&post=5579"},{"taxonomy":"product_brand","embeddable":true,"href":"https:\/\/wavexia.com\/index.php?rest_route=%2Fwp%2Fv2%2Fproduct_brand&post=5579"},{"taxonomy":"product_cat","embeddable":true,"href":"https:\/\/wavexia.com\/index.php?rest_route=%2Fwp%2Fv2%2Fproduct_cat&post=5579"},{"taxonomy":"product_tag","embeddable":true,"href":"https:\/\/wavexia.com\/index.php?rest_route=%2Fwp%2Fv2%2Fproduct_tag&post=5579"}],"curies":[{"name":"wp","href":"https:\/\/api.w.org\/{rel}","templated":true}]}}