{"id":5547,"date":"2025-10-19T09:22:05","date_gmt":"2025-10-19T09:22:05","guid":{"rendered":"https:\/\/wavexia.com\/product\/abib-airy-sunstick-smoothing-bar-spf50\/"},"modified":"2026-03-10T07:31:10","modified_gmt":"2026-03-10T07:31:10","slug":"abib-airy-sunstick-smoothing-bar-spf50","status":"publish","type":"product","link":"https:\/\/wavexia.com\/?product=abib-airy-sunstick-smoothing-bar-spf50","title":{"rendered":"Abib Airy Sunstick Smoothing Bar SPF50"},"content":{"rendered":"<h2>Description<\/h2>\n<p>La&nbsp;Abib Airy Sunstick Smoothing Bar&nbsp;est fabriqu\u00e9e dans une forme de b\u00e2ton pratique et ergonomique qui prot\u00e8ge non seulement la peau contre les UVA et les UVB, mais apaise et hydrate \u00e9galement la peau !<\/p>\n<p>La formule est imperm\u00e9able jusqu\u2019\u00e0 80 minutes, l\u00e9g\u00e8re et sans dominante blanche, m\u00eame si vous l\u2019appliquez plusieurs fois. Avec des ingr\u00e9dients comme l\u2019allanto\u00efne et l\u2019huile de tournesol, cet \u00e9cran solaire biologique repousse facilement les rayons UW tout en adoucissant et raffermissant la peau.<\/p>\n<p><strong>Ce b\u00e2ton :<\/strong><\/p>\n<ul>\n<li>prot\u00e9g\u00e9 contre les UVA et UVB<\/li>\n<li>effet calmant<\/li>\n<li>hydrate<\/li>\n<li>imperm\u00e9able<\/li>\n<li>formule l\u00e9g\u00e8re<\/li>\n<li>sans dominante blanche<\/li>\n<li>sans parfum<\/li>\n<li>sans cruaut\u00e9<\/li>\n<\/ul>\n<p><strong>Comment utiliser:<\/strong><\/p>\n<ul>\n<li>Appliquez cet \u00e9cran solaire comme derni\u00e8re \u00e9tape de votre routine de soins de la peau.<\/li>\n<li>Passez le stick sur votre visage et votre cou plusieurs fois.<\/li>\n<li>Appliquer au moins 15 minutes avant de s\u2019exposer au soleil.<\/li>\n<li>R\u00e9p\u00e9tez tout au long de la journ\u00e9e pour une protection optimale.<\/li>\n<\/ul>\n<p><strong>Ingr\u00e9dients:<\/strong><br \/>Dimethicone, Synthetic Wax, Homosalate, Silica, Isoeicosane, Octocrylene, Phenylpropyl Dimethylsiloxysilicate, Ethylhexyl Salicylate, Isopropyl Palmitate, Diisostearyl Malate, Butyloctyl Salicylate, Isononyl Isononanoate, Butyl Methoxydibenzoylmethane, Phenethyl Benzoate, Diethylhexyl Carbonate, Synthetic Fluorphlogopite, Hydrogenated Vegetable Oil, Polyethylene, Bis-Behenyl\/Isostearyl\/Phytosteryl Dimer Dilinoleyl Dimer Dilinoleate, Dimethicone\/Vinyl Dimethicone Crosspolymer, Ethylene\/Propylene Copolymer, Camellia Japonica Seed Oil, Silica, Vinyl Dimethicone\/Methicone Silsesquioxane Crosspolymer, Copernicia Cerifera (Carnauba) Wax, Lecithin, Pentaerythrityl Tetra-Di-T-Butyl Hydroxyhydrocinnamate, Allantoin, Ectoin, Helianthus Annuus (Sunflower) Seed Oil Unsaponifiables.<\/p>\n","protected":false},"excerpt":{"rendered":"<p>Description La&nbsp;Abib Airy Sunstick Smoothing Bar&nbsp;est fabriqu\u00e9e dans une forme de b\u00e2ton pratique et ergonomique qui prot\u00e8ge non seulement la peau contre les UVA et les UVB, mais apaise et hydrate \u00e9galement la peau ! La formule est imperm\u00e9able jusqu\u2019\u00e0 80 minutes, l\u00e9g\u00e8re et sans dominante blanche, m\u00eame si vous l\u2019appliquez plusieurs fois. Avec des [&hellip;]<\/p>\n","protected":false},"featured_media":5546,"comment_status":"open","ping_status":"closed","template":"","meta":{"content-type":"","_uag_custom_page_level_css":""},"pwb-brand":[],"product_brand":[],"product_cat":[402,328,334,340],"product_tag":[],"class_list":{"0":"post-5547","1":"product","2":"type-product","3":"status-publish","4":"has-post-thumbnail","6":"product_cat-abib","7":"product_cat-nouveautes","8":"product_cat-produits-coreens","9":"product_cat-protection-solaire","11":"first","12":"instock","13":"sale","14":"shipping-taxable","15":"purchasable","16":"product-type-simple"},"aioseo_notices":[],"uagb_featured_image_src":{"full":["https:\/\/wavexia.com\/wp-content\/uploads\/2025\/10\/61q7wYem1hL._UF10001000_QL80_.jpg",1000,1000,false],"thumbnail":["https:\/\/wavexia.com\/wp-content\/uploads\/2025\/10\/61q7wYem1hL._UF10001000_QL80_-150x150.jpg",150,150,true],"medium":["https:\/\/wavexia.com\/wp-content\/uploads\/2025\/10\/61q7wYem1hL._UF10001000_QL80_-300x300.jpg",300,300,true],"medium_large":["https:\/\/wavexia.com\/wp-content\/uploads\/2025\/10\/61q7wYem1hL._UF10001000_QL80_-768x768.jpg",768,768,true],"large":["https:\/\/wavexia.com\/wp-content\/uploads\/2025\/10\/61q7wYem1hL._UF10001000_QL80_.jpg",1000,1000,false],"1536x1536":["https:\/\/wavexia.com\/wp-content\/uploads\/2025\/10\/61q7wYem1hL._UF10001000_QL80_.jpg",1000,1000,false],"2048x2048":["https:\/\/wavexia.com\/wp-content\/uploads\/2025\/10\/61q7wYem1hL._UF10001000_QL80_.jpg",1000,1000,false],"woocommerce_archive_thumbnail":["https:\/\/wavexia.com\/wp-content\/uploads\/2025\/10\/61q7wYem1hL._UF10001000_QL80_-300x300.jpg",300,300,true],"woocommerce_thumbnail":["https:\/\/wavexia.com\/wp-content\/uploads\/2025\/10\/61q7wYem1hL._UF10001000_QL80_-300x300.jpg",300,300,true],"woocommerce_single":["https:\/\/wavexia.com\/wp-content\/uploads\/2025\/10\/61q7wYem1hL._UF10001000_QL80_-600x600.jpg",600,600,true],"woocommerce_gallery_thumbnail":["https:\/\/wavexia.com\/wp-content\/uploads\/2025\/10\/61q7wYem1hL._UF10001000_QL80_-100x100.jpg",100,100,true]},"uagb_author_info":{"display_name":"zineddine.ayoub98@gmail.com","author_link":"https:\/\/wavexia.com\/?author=0"},"uagb_comment_info":0,"uagb_excerpt":"Description La&nbsp;Abib Airy Sunstick Smoothing Bar&nbsp;est fabriqu\u00e9e dans une forme de b\u00e2ton pratique et ergonomique qui prot\u00e8ge non seulement la peau contre les UVA et les UVB, mais apaise et hydrate \u00e9galement la peau ! La formule est imperm\u00e9able jusqu\u2019\u00e0 80 minutes, l\u00e9g\u00e8re et sans dominante blanche, m\u00eame si vous l\u2019appliquez plusieurs fois. Avec des&hellip;","brands":[],"_links":{"self":[{"href":"https:\/\/wavexia.com\/index.php?rest_route=\/wp\/v2\/product\/5547","targetHints":{"allow":["GET"]}}],"collection":[{"href":"https:\/\/wavexia.com\/index.php?rest_route=\/wp\/v2\/product"}],"about":[{"href":"https:\/\/wavexia.com\/index.php?rest_route=\/wp\/v2\/types\/product"}],"replies":[{"embeddable":true,"href":"https:\/\/wavexia.com\/index.php?rest_route=%2Fwp%2Fv2%2Fcomments&post=5547"}],"wp:featuredmedia":[{"embeddable":true,"href":"https:\/\/wavexia.com\/index.php?rest_route=\/wp\/v2\/media\/5546"}],"wp:attachment":[{"href":"https:\/\/wavexia.com\/index.php?rest_route=%2Fwp%2Fv2%2Fmedia&parent=5547"}],"wp:term":[{"taxonomy":"pwb-brand","embeddable":true,"href":"https:\/\/wavexia.com\/index.php?rest_route=%2Fwp%2Fv2%2Fpwb-brand&post=5547"},{"taxonomy":"product_brand","embeddable":true,"href":"https:\/\/wavexia.com\/index.php?rest_route=%2Fwp%2Fv2%2Fproduct_brand&post=5547"},{"taxonomy":"product_cat","embeddable":true,"href":"https:\/\/wavexia.com\/index.php?rest_route=%2Fwp%2Fv2%2Fproduct_cat&post=5547"},{"taxonomy":"product_tag","embeddable":true,"href":"https:\/\/wavexia.com\/index.php?rest_route=%2Fwp%2Fv2%2Fproduct_tag&post=5547"}],"curies":[{"name":"wp","href":"https:\/\/api.w.org\/{rel}","templated":true}]}}