{"id":5524,"date":"2025-10-19T09:21:37","date_gmt":"2025-10-19T09:21:37","guid":{"rendered":"https:\/\/wavexia.com\/product\/medicube-zero-pore-toner-i-250ml\/"},"modified":"2026-03-10T07:31:10","modified_gmt":"2026-03-10T07:31:10","slug":"medicube-zero-pore-toner-i-250ml","status":"publish","type":"product","link":"https:\/\/wavexia.com\/?product=medicube-zero-pore-toner-i-250ml","title":{"rendered":"Medicube Zero Pore Toner I 250ml"},"content":{"rendered":"<h2>Description<\/h2>\n<p data-start=\"102\" data-end=\"278\">Affinez et \u00e9quilibrez votre peau avec&nbsp;<strong data-start=\"136\" data-end=\"164\">medicube Zero Pore Toner<\/strong>, un&nbsp;<strong data-start=\"168\" data-end=\"196\">puissant tonique pour les pores<\/strong>&nbsp;con\u00e7u pour&nbsp;<strong data-start=\"209\" data-end=\"275\">contr\u00f4ler l\u2019exc\u00e8s de s\u00e9bum, minimiser les pores et am\u00e9liorer la texture de la peau<\/strong>.<\/p>\n<p data-start=\"280\" data-end=\"632\">Infus\u00e9e&nbsp;<strong data-start=\"293\" data-end=\"336\">d\u2019ingr\u00e9dients sp\u00e9cialis\u00e9s pour resserrer les pores<\/strong>, cette&nbsp;<strong data-start=\"343\" data-end=\"377\">formule rafra\u00eechissante et non dess\u00e9chante<\/strong>&nbsp;\u00e9limine l\u2019exc\u00e8s de s\u00e9bum<strong data-start=\"398\" data-end=\"438\">, d\u00e9sobstrue les pores et exfolie en douceur<\/strong>, laissant votre peau&nbsp;<strong data-start=\"458\" data-end=\"491\">lisse, claire et sans brillance<\/strong>. Id\u00e9al pour les&nbsp;<strong data-start=\"503\" data-end=\"545\">peaux grasses, mixtes et sujettes \u00e0 l\u2019acn\u00e9<\/strong>, ce tonique&nbsp;<strong data-start=\"558\" data-end=\"629\">pr\u00e9pare votre peau \u00e0 une meilleure absorption des s\u00e9rums et des hydratants<\/strong>.<\/p>\n<h5 data-start=\"634\" data-end=\"659\"><strong data-start=\"638\" data-end=\"657\">\u2728 Principaux avantages :<\/strong><\/h5>\n<p data-start=\"660\" data-end=\"1061\">\u2714&nbsp;<strong data-start=\"662\" data-end=\"692\">Resserre et minimise les pores<\/strong>&nbsp;\u2013 Affine la texture de la peau et pr\u00e9vient les pores<br data-start=\"740\" data-end=\"743\">\u2714 obstru\u00e9s&nbsp;<strong data-start=\"745\" data-end=\"770\">Contr\u00f4le l\u2019exc\u00e8s de s\u00e9bum<\/strong>&nbsp;\u2013 Maintient l\u2019\u00e9quilibre de la peau et r\u00e9duit la brillance<br data-start=\"808\" data-end=\"811\">\u2714&nbsp;<strong data-start=\"813\" data-end=\"852\">Pr\u00e9pare la peau \u00e0 une meilleure absorption<\/strong>&nbsp;\u2013 Am\u00e9liore l\u2019efficacit\u00e9 de la routine<br data-start=\"897\" data-end=\"900\">\u2714 de soins de la peau&nbsp;<strong data-start=\"902\" data-end=\"937\" data-is-only-node=\"\">Formule non dess\u00e9chante et rafra\u00eechissante<\/strong>&nbsp;\u2013 Laisse la peau hydrat\u00e9e et confortable<br data-start=\"974\" data-end=\"977\">\u2714&nbsp;<strong data-start=\"979\" data-end=\"1018\">Parfait pour les peaux grasses et mixtes<\/strong>&nbsp;\u2013 Pr\u00e9vient les \u00e9ruptions cutan\u00e9es et maintient la clart\u00e9<\/p>\n<h5 data-start=\"1063\" data-end=\"1083\"><strong data-start=\"1067\" data-end=\"1081\">Mode d\u2019emploi<\/strong><\/h5>\n<p data-start=\"1084\" data-end=\"1310\">1\ufe0f\u20e3 Apr\u00e8s le nettoyage, appliquez&nbsp;<strong data-start=\"1111\" data-end=\"1136\">une quantit\u00e9 appropri\u00e9e<\/strong>&nbsp;sur un coton.<br data-start=\"1153\" data-end=\"1156\">2\ufe0f\u20e3&nbsp;<strong data-start=\"1167\" data-end=\"1192\">Appliquez doucement sur le visage<\/strong>, en vous concentrant sur les zones avec un exc\u00e8s de s\u00e9bum ou des pores dilat\u00e9s.<br data-start=\"1246\" data-end=\"1249\">3\ufe0f\u20e3 Poursuivez avec du&nbsp;<strong data-start=\"1265\" data-end=\"1290\">s\u00e9rum et une cr\u00e8me hydratante<\/strong>&nbsp;pour de meilleurs r\u00e9sultats.<\/p>\n<p>&nbsp;<\/p>\n","protected":false},"excerpt":{"rendered":"<p>Description Affinez et \u00e9quilibrez votre peau avec&nbsp;medicube Zero Pore Toner, un&nbsp;puissant tonique pour les pores&nbsp;con\u00e7u pour&nbsp;contr\u00f4ler l\u2019exc\u00e8s de s\u00e9bum, minimiser les pores et am\u00e9liorer la texture de la peau. Infus\u00e9e&nbsp;d\u2019ingr\u00e9dients sp\u00e9cialis\u00e9s pour resserrer les pores, cette&nbsp;formule rafra\u00eechissante et non dess\u00e9chante&nbsp;\u00e9limine l\u2019exc\u00e8s de s\u00e9bum, d\u00e9sobstrue les pores et exfolie en douceur, laissant votre peau&nbsp;lisse, claire et [&hellip;]<\/p>\n","protected":false},"featured_media":5523,"comment_status":"open","ping_status":"closed","template":"","meta":{"content-type":"","_uag_custom_page_level_css":""},"pwb-brand":[],"product_brand":[],"product_cat":[349,328,334,345],"product_tag":[],"class_list":{"0":"post-5524","1":"product","2":"type-product","3":"status-publish","4":"has-post-thumbnail","6":"product_cat-medicube","7":"product_cat-nouveautes","8":"product_cat-produits-coreens","9":"product_cat-toner-pads","11":"first","12":"instock","13":"sale","14":"shipping-taxable","15":"purchasable","16":"product-type-simple"},"aioseo_notices":[],"uagb_featured_image_src":{"full":["https:\/\/wavexia.com\/wp-content\/uploads\/2025\/10\/61aDKUQEVCL.jpg",1600,1600,false],"thumbnail":["https:\/\/wavexia.com\/wp-content\/uploads\/2025\/10\/61aDKUQEVCL-150x150.jpg",150,150,true],"medium":["https:\/\/wavexia.com\/wp-content\/uploads\/2025\/10\/61aDKUQEVCL-300x300.jpg",300,300,true],"medium_large":["https:\/\/wavexia.com\/wp-content\/uploads\/2025\/10\/61aDKUQEVCL-768x768.jpg",768,768,true],"large":["https:\/\/wavexia.com\/wp-content\/uploads\/2025\/10\/61aDKUQEVCL-1024x1024.jpg",1024,1024,true],"1536x1536":["https:\/\/wavexia.com\/wp-content\/uploads\/2025\/10\/61aDKUQEVCL-1536x1536.jpg",1536,1536,true],"2048x2048":["https:\/\/wavexia.com\/wp-content\/uploads\/2025\/10\/61aDKUQEVCL.jpg",1600,1600,false],"woocommerce_archive_thumbnail":["https:\/\/wavexia.com\/wp-content\/uploads\/2025\/10\/61aDKUQEVCL-300x300.jpg",300,300,true],"woocommerce_thumbnail":["https:\/\/wavexia.com\/wp-content\/uploads\/2025\/10\/61aDKUQEVCL-300x300.jpg",300,300,true],"woocommerce_single":["https:\/\/wavexia.com\/wp-content\/uploads\/2025\/10\/61aDKUQEVCL-600x600.jpg",600,600,true],"woocommerce_gallery_thumbnail":["https:\/\/wavexia.com\/wp-content\/uploads\/2025\/10\/61aDKUQEVCL-100x100.jpg",100,100,true]},"uagb_author_info":{"display_name":"zineddine.ayoub98@gmail.com","author_link":"https:\/\/wavexia.com\/?author=0"},"uagb_comment_info":0,"uagb_excerpt":"Description Affinez et \u00e9quilibrez votre peau avec&nbsp;medicube Zero Pore Toner, un&nbsp;puissant tonique pour les pores&nbsp;con\u00e7u pour&nbsp;contr\u00f4ler l\u2019exc\u00e8s de s\u00e9bum, minimiser les pores et am\u00e9liorer la texture de la peau. Infus\u00e9e&nbsp;d\u2019ingr\u00e9dients sp\u00e9cialis\u00e9s pour resserrer les pores, cette&nbsp;formule rafra\u00eechissante et non dess\u00e9chante&nbsp;\u00e9limine l\u2019exc\u00e8s de s\u00e9bum, d\u00e9sobstrue les pores et exfolie en douceur, laissant votre peau&nbsp;lisse, claire et&hellip;","brands":[],"_links":{"self":[{"href":"https:\/\/wavexia.com\/index.php?rest_route=\/wp\/v2\/product\/5524","targetHints":{"allow":["GET"]}}],"collection":[{"href":"https:\/\/wavexia.com\/index.php?rest_route=\/wp\/v2\/product"}],"about":[{"href":"https:\/\/wavexia.com\/index.php?rest_route=\/wp\/v2\/types\/product"}],"replies":[{"embeddable":true,"href":"https:\/\/wavexia.com\/index.php?rest_route=%2Fwp%2Fv2%2Fcomments&post=5524"}],"wp:featuredmedia":[{"embeddable":true,"href":"https:\/\/wavexia.com\/index.php?rest_route=\/wp\/v2\/media\/5523"}],"wp:attachment":[{"href":"https:\/\/wavexia.com\/index.php?rest_route=%2Fwp%2Fv2%2Fmedia&parent=5524"}],"wp:term":[{"taxonomy":"pwb-brand","embeddable":true,"href":"https:\/\/wavexia.com\/index.php?rest_route=%2Fwp%2Fv2%2Fpwb-brand&post=5524"},{"taxonomy":"product_brand","embeddable":true,"href":"https:\/\/wavexia.com\/index.php?rest_route=%2Fwp%2Fv2%2Fproduct_brand&post=5524"},{"taxonomy":"product_cat","embeddable":true,"href":"https:\/\/wavexia.com\/index.php?rest_route=%2Fwp%2Fv2%2Fproduct_cat&post=5524"},{"taxonomy":"product_tag","embeddable":true,"href":"https:\/\/wavexia.com\/index.php?rest_route=%2Fwp%2Fv2%2Fproduct_tag&post=5524"}],"curies":[{"name":"wp","href":"https:\/\/api.w.org\/{rel}","templated":true}]}}