{"id":5508,"date":"2025-10-19T09:21:24","date_gmt":"2025-10-19T09:21:24","guid":{"rendered":"https:\/\/wavexia.com\/product\/medicube-collagen-lifting-mask\/"},"modified":"2026-03-10T07:31:10","modified_gmt":"2026-03-10T07:31:10","slug":"medicube-collagen-lifting-mask","status":"publish","type":"product","link":"https:\/\/wavexia.com\/?product=medicube-collagen-lifting-mask","title":{"rendered":"Medicube Collagen Lifting Mask"},"content":{"rendered":"<h2>Description<\/h2>\n<p>Un masque en feuille infus\u00e9 d\u2019un complexe triple de collag\u00e8ne qui procure un effet liftant et am\u00e9liore l\u2019\u00e9lasticit\u00e9 de la peau. Compos\u00e9 de collag\u00e8ne hydrolys\u00e9, de collag\u00e8ne soluble et de collag\u00e8ne Atelo, il redonne \u00e0 la peau une apparence rajeunie. L\u2019allanto\u00efne repulpe et illumine votre teint. Il hydrate en profondeur pour r\u00e9hydrater les cellules cutan\u00e9es ass\u00e9ch\u00e9es. Test\u00e9 dermatologiquement, il est adapt\u00e9 aux peaux sensibles.<\/p>\n<p>Un masque en feuille enrichi d\u2019un triple complexe de collag\u00e8ne qui offre un effet liftant et am\u00e9liore l\u2019\u00e9lasticit\u00e9 de la peau.<br \/>Enrichi en collag\u00e8ne hydrolys\u00e9, en collag\u00e8ne soluble et en collag\u00e8ne Atelo pour redonner \u00e0 la peau une apparence de jeunesse.<br \/>L\u2019allanto\u00efne repulpe et redonne de l\u2019\u00e9clat \u00e0 votre peau.<br \/>Hydrate en profondeur pour remplir les cellules d\u00e9shydrat\u00e9es de la peau.<\/p>\n<h5>Utilisation :<\/h5>\n<p>1. Apr\u00e8s avoir nettoy\u00e9 le visage, placer le masque sur le visage.<br \/>2. Laissez-le en place pendant au moins 10 minutes, puis retirez-le.<br \/>3. Tapoter d\u00e9licatement le reste de l\u2019essence sur le visage pour faciliter l\u2019absorption.<\/p>\n<h5 class=\"h4 accordion__title inline-richtext\">Ingredients<\/h5>\n<p>Water, Glycerin, Butylene Glycol, 1,2-Hexanediol, Arginine, Acrylates\/C10-30 Alkyl Acrylate Crosspolymer, Xanthan Gum, Propanediol, Polyglyceryl-10 Laurate, Styrene\/VP Copolymer, Ethylhexylglycerin, Adenosine, Fragrance, Hydrolyzed Collagen, Allantoin, Panthenol, Wheat Amino Acids, Sodium Hyaluronate, Morus Alba Bark Extract, Polygonum Multiflorum Root Extract, Scutellaria Baicalensis Root Extract, Phellinus Linteus Extract, Glycyrrhiza Glabra (Licorice) Root Extract, Sesamum Indicum (Sesame) Seed Extract, Paeonia Lactiflora Root Extract, Angelica Gigas Root Extract, Sophora Flavescens Root Extract, Cimicifuga Racemosa Root Extract, Natto Gum, Pentylene Glycol, Hydroxypropyltrimonium Hyaluronate, Soluble Collagen, Hydrolyzed Hyaluronic Acid, Sodium Acetylated Hyaluronate, Sodium Hyaluronate Crosspolymer, Hyaluronic Acid, Hydrolyzed Sodium Hyaluronate, Potassium Hyaluronate, AteloCollagen<\/p>\n","protected":false},"excerpt":{"rendered":"<p>Description Un masque en feuille infus\u00e9 d\u2019un complexe triple de collag\u00e8ne qui procure un effet liftant et am\u00e9liore l\u2019\u00e9lasticit\u00e9 de la peau. Compos\u00e9 de collag\u00e8ne hydrolys\u00e9, de collag\u00e8ne soluble et de collag\u00e8ne Atelo, il redonne \u00e0 la peau une apparence rajeunie. L\u2019allanto\u00efne repulpe et illumine votre teint. Il hydrate en profondeur pour r\u00e9hydrater les cellules [&hellip;]<\/p>\n","protected":false},"featured_media":5507,"comment_status":"open","ping_status":"closed","template":"","meta":{"content-type":"","_uag_custom_page_level_css":""},"pwb-brand":[],"product_brand":[],"product_cat":[343,349,334],"product_tag":[],"class_list":{"0":"post-5508","1":"product","2":"type-product","3":"status-publish","4":"has-post-thumbnail","6":"product_cat-masque","7":"product_cat-medicube","8":"product_cat-produits-coreens","10":"first","11":"instock","12":"sale","13":"shipping-taxable","14":"purchasable","15":"product-type-simple"},"aioseo_notices":[],"uagb_featured_image_src":{"full":["https:\/\/wavexia.com\/wp-content\/uploads\/2025\/10\/Medicube_Collagen_Lifting_Mask.webp",1030,1120,false],"thumbnail":["https:\/\/wavexia.com\/wp-content\/uploads\/2025\/10\/Medicube_Collagen_Lifting_Mask-150x150.webp",150,150,true],"medium":["https:\/\/wavexia.com\/wp-content\/uploads\/2025\/10\/Medicube_Collagen_Lifting_Mask-276x300.webp",276,300,true],"medium_large":["https:\/\/wavexia.com\/wp-content\/uploads\/2025\/10\/Medicube_Collagen_Lifting_Mask-768x835.webp",768,835,true],"large":["https:\/\/wavexia.com\/wp-content\/uploads\/2025\/10\/Medicube_Collagen_Lifting_Mask-942x1024.webp",942,1024,true],"1536x1536":["https:\/\/wavexia.com\/wp-content\/uploads\/2025\/10\/Medicube_Collagen_Lifting_Mask.webp",1030,1120,false],"2048x2048":["https:\/\/wavexia.com\/wp-content\/uploads\/2025\/10\/Medicube_Collagen_Lifting_Mask.webp",1030,1120,false],"woocommerce_archive_thumbnail":["https:\/\/wavexia.com\/wp-content\/uploads\/2025\/10\/Medicube_Collagen_Lifting_Mask-300x326.webp",300,326,true],"woocommerce_thumbnail":["https:\/\/wavexia.com\/wp-content\/uploads\/2025\/10\/Medicube_Collagen_Lifting_Mask-300x300.webp",300,300,true],"woocommerce_single":["https:\/\/wavexia.com\/wp-content\/uploads\/2025\/10\/Medicube_Collagen_Lifting_Mask-600x652.webp",600,652,true],"woocommerce_gallery_thumbnail":["https:\/\/wavexia.com\/wp-content\/uploads\/2025\/10\/Medicube_Collagen_Lifting_Mask-100x100.webp",100,100,true]},"uagb_author_info":{"display_name":"zineddine.ayoub98@gmail.com","author_link":"https:\/\/wavexia.com\/?author=0"},"uagb_comment_info":0,"uagb_excerpt":"Description Un masque en feuille infus\u00e9 d\u2019un complexe triple de collag\u00e8ne qui procure un effet liftant et am\u00e9liore l\u2019\u00e9lasticit\u00e9 de la peau. Compos\u00e9 de collag\u00e8ne hydrolys\u00e9, de collag\u00e8ne soluble et de collag\u00e8ne Atelo, il redonne \u00e0 la peau une apparence rajeunie. L\u2019allanto\u00efne repulpe et illumine votre teint. Il hydrate en profondeur pour r\u00e9hydrater les cellules&hellip;","brands":[],"_links":{"self":[{"href":"https:\/\/wavexia.com\/index.php?rest_route=\/wp\/v2\/product\/5508","targetHints":{"allow":["GET"]}}],"collection":[{"href":"https:\/\/wavexia.com\/index.php?rest_route=\/wp\/v2\/product"}],"about":[{"href":"https:\/\/wavexia.com\/index.php?rest_route=\/wp\/v2\/types\/product"}],"replies":[{"embeddable":true,"href":"https:\/\/wavexia.com\/index.php?rest_route=%2Fwp%2Fv2%2Fcomments&post=5508"}],"wp:featuredmedia":[{"embeddable":true,"href":"https:\/\/wavexia.com\/index.php?rest_route=\/wp\/v2\/media\/5507"}],"wp:attachment":[{"href":"https:\/\/wavexia.com\/index.php?rest_route=%2Fwp%2Fv2%2Fmedia&parent=5508"}],"wp:term":[{"taxonomy":"pwb-brand","embeddable":true,"href":"https:\/\/wavexia.com\/index.php?rest_route=%2Fwp%2Fv2%2Fpwb-brand&post=5508"},{"taxonomy":"product_brand","embeddable":true,"href":"https:\/\/wavexia.com\/index.php?rest_route=%2Fwp%2Fv2%2Fproduct_brand&post=5508"},{"taxonomy":"product_cat","embeddable":true,"href":"https:\/\/wavexia.com\/index.php?rest_route=%2Fwp%2Fv2%2Fproduct_cat&post=5508"},{"taxonomy":"product_tag","embeddable":true,"href":"https:\/\/wavexia.com\/index.php?rest_route=%2Fwp%2Fv2%2Fproduct_tag&post=5508"}],"curies":[{"name":"wp","href":"https:\/\/api.w.org\/{rel}","templated":true}]}}