{"id":5469,"date":"2025-10-19T09:20:49","date_gmt":"2025-10-19T09:20:49","guid":{"rendered":"https:\/\/wavexia.com\/product\/maxfit-shampoo-japanese-300ml\/"},"modified":"2026-03-10T07:31:10","modified_gmt":"2026-03-10T07:31:10","slug":"maxfit-shampoo-japanese-300ml","status":"publish","type":"product","link":"https:\/\/wavexia.com\/?product=maxfit-shampoo-japanese-300ml","title":{"rendered":"Maxfit Shampoo Japanese 300ml"},"content":{"rendered":"<h2>Description<\/h2>\n<p><strong>Max Veet Shampooing Croissance des Cheveux Sakura Japon \u2013 300 ml<\/strong><\/p>\n<ul>\n<li>Shampooing Sakura Japan. Ce shampooing contient des prot\u00e9ines naturelles de collag\u00e8ne de fleur de cerisier et est sp\u00e9cialement formul\u00e9 pour lutter contre la chute des cheveux et rajeunir les cheveux secs et ab\u00eem\u00e9s. Obtenez des cheveux doux, brillants et faciles \u00e0 coiffer avec ce luxueux shampooing japonais.<\/li>\n<\/ul>\n<ul>\n<li>\u00c9quilibre les niveaux d\u2019huile et d\u2019eau. Notre formule sp\u00e9cialis\u00e9e aide \u00e0 maintenir l\u2019\u00e9quilibre optimal entre l\u2019huile et l\u2019eau dans votre cuir chevelu, l\u2019emp\u00eachant de devenir excessivement gras ou sec. Le shampooing japonais Sakura assure des cheveux vibrants et brillants.<\/li>\n<\/ul>\n<ul>\n<li>Nutrition en profondeur : Plongez votre cuir chevelu dans une nutrition en profondeur avec le shampooing japonais Sakura de Pound. Riche en nutriments essentiels et en hydratation, ce shampooing puissant favorise la croissance des cheveux, renforce votre confiance et vous donne les superbes m\u00e8ches que vous d\u00e9sirez.<\/li>\n<li>Ingr\u00e9dients naturels avec ce shampooing japonais enti\u00e8rement naturel pour la croissance des cheveux. Fabriqu\u00e9 avec des ingr\u00e9dients soigneusement s\u00e9lectionn\u00e9s, il est doux pour votre peau.<\/li>\n<li>Convient \u00e0 divers probl\u00e8mes capillaires Que vous ayez une croissance lente des cheveux, un manque d\u2019\u00e9lasticit\u00e9 ou des cheveux cassants, le shampooing japonais Bound Sakura est sp\u00e9cialement con\u00e7u pour apporter une brillance naturelle.<\/li>\n<\/ul>\n","protected":false},"excerpt":{"rendered":"<p>Description Max Veet Shampooing Croissance des Cheveux Sakura Japon \u2013 300 ml Shampooing Sakura Japan. Ce shampooing contient des prot\u00e9ines naturelles de collag\u00e8ne de fleur de cerisier et est sp\u00e9cialement formul\u00e9 pour lutter contre la chute des cheveux et rajeunir les cheveux secs et ab\u00eem\u00e9s. Obtenez des cheveux doux, brillants et faciles \u00e0 coiffer avec [&hellip;]<\/p>\n","protected":false},"featured_media":5468,"comment_status":"open","ping_status":"closed","template":"","meta":{"content-type":"","_uag_custom_page_level_css":""},"pwb-brand":[],"product_brand":[],"product_cat":[377,334],"product_tag":[],"class_list":{"0":"post-5469","1":"product","2":"type-product","3":"status-publish","4":"has-post-thumbnail","6":"product_cat-cheveux","7":"product_cat-produits-coreens","9":"first","10":"instock","11":"sale","12":"shipping-taxable","13":"purchasable","14":"product-type-simple"},"aioseo_notices":[],"uagb_featured_image_src":{"full":["https:\/\/wavexia.com\/wp-content\/uploads\/2025\/10\/2692333e-5d8d-4955-af43-4b50fab151b3-1000x1000-OGO89gFJxljyObyNvv9cmcdgxQzfnaBGF4dNWgVF.webp",1000,1000,false],"thumbnail":["https:\/\/wavexia.com\/wp-content\/uploads\/2025\/10\/2692333e-5d8d-4955-af43-4b50fab151b3-1000x1000-OGO89gFJxljyObyNvv9cmcdgxQzfnaBGF4dNWgVF-150x150.webp",150,150,true],"medium":["https:\/\/wavexia.com\/wp-content\/uploads\/2025\/10\/2692333e-5d8d-4955-af43-4b50fab151b3-1000x1000-OGO89gFJxljyObyNvv9cmcdgxQzfnaBGF4dNWgVF-300x300.webp",300,300,true],"medium_large":["https:\/\/wavexia.com\/wp-content\/uploads\/2025\/10\/2692333e-5d8d-4955-af43-4b50fab151b3-1000x1000-OGO89gFJxljyObyNvv9cmcdgxQzfnaBGF4dNWgVF-768x768.webp",768,768,true],"large":["https:\/\/wavexia.com\/wp-content\/uploads\/2025\/10\/2692333e-5d8d-4955-af43-4b50fab151b3-1000x1000-OGO89gFJxljyObyNvv9cmcdgxQzfnaBGF4dNWgVF.webp",1000,1000,false],"1536x1536":["https:\/\/wavexia.com\/wp-content\/uploads\/2025\/10\/2692333e-5d8d-4955-af43-4b50fab151b3-1000x1000-OGO89gFJxljyObyNvv9cmcdgxQzfnaBGF4dNWgVF.webp",1000,1000,false],"2048x2048":["https:\/\/wavexia.com\/wp-content\/uploads\/2025\/10\/2692333e-5d8d-4955-af43-4b50fab151b3-1000x1000-OGO89gFJxljyObyNvv9cmcdgxQzfnaBGF4dNWgVF.webp",1000,1000,false],"woocommerce_archive_thumbnail":["https:\/\/wavexia.com\/wp-content\/uploads\/2025\/10\/2692333e-5d8d-4955-af43-4b50fab151b3-1000x1000-OGO89gFJxljyObyNvv9cmcdgxQzfnaBGF4dNWgVF-300x300.webp",300,300,true],"woocommerce_thumbnail":["https:\/\/wavexia.com\/wp-content\/uploads\/2025\/10\/2692333e-5d8d-4955-af43-4b50fab151b3-1000x1000-OGO89gFJxljyObyNvv9cmcdgxQzfnaBGF4dNWgVF-300x300.webp",300,300,true],"woocommerce_single":["https:\/\/wavexia.com\/wp-content\/uploads\/2025\/10\/2692333e-5d8d-4955-af43-4b50fab151b3-1000x1000-OGO89gFJxljyObyNvv9cmcdgxQzfnaBGF4dNWgVF-600x600.webp",600,600,true],"woocommerce_gallery_thumbnail":["https:\/\/wavexia.com\/wp-content\/uploads\/2025\/10\/2692333e-5d8d-4955-af43-4b50fab151b3-1000x1000-OGO89gFJxljyObyNvv9cmcdgxQzfnaBGF4dNWgVF-100x100.webp",100,100,true]},"uagb_author_info":{"display_name":"zineddine.ayoub98@gmail.com","author_link":"https:\/\/wavexia.com\/?author=0"},"uagb_comment_info":0,"uagb_excerpt":"Description Max Veet Shampooing Croissance des Cheveux Sakura Japon \u2013 300 ml Shampooing Sakura Japan. Ce shampooing contient des prot\u00e9ines naturelles de collag\u00e8ne de fleur de cerisier et est sp\u00e9cialement formul\u00e9 pour lutter contre la chute des cheveux et rajeunir les cheveux secs et ab\u00eem\u00e9s. Obtenez des cheveux doux, brillants et faciles \u00e0 coiffer avec&hellip;","brands":[],"_links":{"self":[{"href":"https:\/\/wavexia.com\/index.php?rest_route=\/wp\/v2\/product\/5469","targetHints":{"allow":["GET"]}}],"collection":[{"href":"https:\/\/wavexia.com\/index.php?rest_route=\/wp\/v2\/product"}],"about":[{"href":"https:\/\/wavexia.com\/index.php?rest_route=\/wp\/v2\/types\/product"}],"replies":[{"embeddable":true,"href":"https:\/\/wavexia.com\/index.php?rest_route=%2Fwp%2Fv2%2Fcomments&post=5469"}],"wp:featuredmedia":[{"embeddable":true,"href":"https:\/\/wavexia.com\/index.php?rest_route=\/wp\/v2\/media\/5468"}],"wp:attachment":[{"href":"https:\/\/wavexia.com\/index.php?rest_route=%2Fwp%2Fv2%2Fmedia&parent=5469"}],"wp:term":[{"taxonomy":"pwb-brand","embeddable":true,"href":"https:\/\/wavexia.com\/index.php?rest_route=%2Fwp%2Fv2%2Fpwb-brand&post=5469"},{"taxonomy":"product_brand","embeddable":true,"href":"https:\/\/wavexia.com\/index.php?rest_route=%2Fwp%2Fv2%2Fproduct_brand&post=5469"},{"taxonomy":"product_cat","embeddable":true,"href":"https:\/\/wavexia.com\/index.php?rest_route=%2Fwp%2Fv2%2Fproduct_cat&post=5469"},{"taxonomy":"product_tag","embeddable":true,"href":"https:\/\/wavexia.com\/index.php?rest_route=%2Fwp%2Fv2%2Fproduct_tag&post=5469"}],"curies":[{"name":"wp","href":"https:\/\/api.w.org\/{rel}","templated":true}]}}