{"id":5416,"date":"2025-10-19T09:20:09","date_gmt":"2025-10-19T09:20:09","guid":{"rendered":"https:\/\/wavexia.com\/product\/revlon-one-step-style-booster-rvdr5292e\/"},"modified":"2026-03-10T07:31:09","modified_gmt":"2026-03-10T07:31:09","slug":"revlon-one-step-style-booster-rvdr5292e","status":"publish","type":"product","link":"https:\/\/wavexia.com\/?product=revlon-one-step-style-booster-rvdr5292e","title":{"rendered":"REVLON | ONE-STEP STYLE BOOSTER RVDR5292E"},"content":{"rendered":"<h2>Description<\/h2>\n<p><span>La brosse s\u00e8che-cheveux et styler ronde REVLON One-Step STYLE BOOSTER <\/span><\/p>\n<p><span>s\u00e8che et coiffe en une seule \u00e9tape. Des racines boost\u00e9es aux boucles souples, en passant par les ondulations et les d\u00e9grad\u00e9s, elle offre un meilleur contr\u00f4le du coiffage sur les cheveux d\u00e9grad\u00e9s, pour une brillance accrue et une meilleure tenue. <\/span><\/p>\n<p><span>Elle assure un flux d\u2019air rapide et un s\u00e9chage rapide gr\u00e2ce \u00e0 la zone du corps chauffant, qui conduit la chaleur \u00e0 travers les poils et leur donne du volume. Sa <\/span><\/p>\n<p><span>nouvelle taille et sa nouvelle forme am\u00e9lior\u00e9es offrent un meilleur contr\u00f4le du coiffage. <\/span><\/p>\n<p><span>La puissance d\u2019un s\u00e8che-cheveux et styler offre une plus grande polyvalence gr\u00e2ce \u00e0 son corps rond qui permet de cr\u00e9er des boucles souples, du volume et des ondulations. Elle est \u00e9galement id\u00e9ale pour les cheveux d\u00e9grad\u00e9s et courts. <\/span><\/p>\n<p><span>Les ions n\u00e9gatifs saturent le flux d\u2019air pour r\u00e9duire la taille des gouttelettes d\u2019eau et acc\u00e9l\u00e9rer le s\u00e9chage. Cela permet de revitaliser et de lisser les cheveux, tout en r\u00e9duisant les frisottis et l\u2019\u00e9lectricit\u00e9 statique, pour des cheveux plus brillants. <\/span><\/p>\n<p><span>Pour une r\u00e9partition uniforme de la chaleur et moins de dommages. <\/span><\/p>\n<p><span>Les poils thermiques facilitent le s\u00e9chage et ce type de brosse offre une tension id\u00e9ale pour boucler, onduler et coiffer les cheveux d\u00e9grad\u00e9s. <\/span><\/p>\n<p><span>Caract\u00e9ristiques techniques : <\/span><br \/><span>3 r\u00e9glages de chaleur\/vitesse <\/span><br \/><span>ADAPTATEUR DOUBLE PRISE UE\/UK Cordon de 2,5 m de long<\/span><\/p>\n","protected":false},"excerpt":{"rendered":"<p>Description La brosse s\u00e8che-cheveux et styler ronde REVLON One-Step STYLE BOOSTER s\u00e8che et coiffe en une seule \u00e9tape. Des racines boost\u00e9es aux boucles souples, en passant par les ondulations et les d\u00e9grad\u00e9s, elle offre un meilleur contr\u00f4le du coiffage sur les cheveux d\u00e9grad\u00e9s, pour une brillance accrue et une meilleure tenue. Elle assure un flux [&hellip;]<\/p>\n","protected":false},"featured_media":5415,"comment_status":"open","ping_status":"closed","template":"","meta":{"content-type":"","_uag_custom_page_level_css":""},"pwb-brand":[],"product_brand":[],"product_cat":[377,328,403],"product_tag":[],"class_list":{"0":"post-5416","1":"product","2":"type-product","3":"status-publish","4":"has-post-thumbnail","6":"product_cat-cheveux","7":"product_cat-nouveautes","8":"product_cat-revlon","10":"first","11":"instock","12":"sale","13":"shipping-taxable","14":"purchasable","15":"product-type-simple"},"aioseo_notices":[],"uagb_featured_image_src":{"full":["https:\/\/wavexia.com\/wp-content\/uploads\/2025\/10\/IMG_8332.jpeg",1600,1600,false],"thumbnail":["https:\/\/wavexia.com\/wp-content\/uploads\/2025\/10\/IMG_8332-150x150.jpeg",150,150,true],"medium":["https:\/\/wavexia.com\/wp-content\/uploads\/2025\/10\/IMG_8332-300x300.jpeg",300,300,true],"medium_large":["https:\/\/wavexia.com\/wp-content\/uploads\/2025\/10\/IMG_8332-768x768.jpeg",768,768,true],"large":["https:\/\/wavexia.com\/wp-content\/uploads\/2025\/10\/IMG_8332-1024x1024.jpeg",1024,1024,true],"1536x1536":["https:\/\/wavexia.com\/wp-content\/uploads\/2025\/10\/IMG_8332-1536x1536.jpeg",1536,1536,true],"2048x2048":["https:\/\/wavexia.com\/wp-content\/uploads\/2025\/10\/IMG_8332.jpeg",1600,1600,false],"woocommerce_archive_thumbnail":["https:\/\/wavexia.com\/wp-content\/uploads\/2025\/10\/IMG_8332-300x300.jpeg",300,300,true],"woocommerce_thumbnail":["https:\/\/wavexia.com\/wp-content\/uploads\/2025\/10\/IMG_8332-300x300.jpeg",300,300,true],"woocommerce_single":["https:\/\/wavexia.com\/wp-content\/uploads\/2025\/10\/IMG_8332-600x600.jpeg",600,600,true],"woocommerce_gallery_thumbnail":["https:\/\/wavexia.com\/wp-content\/uploads\/2025\/10\/IMG_8332-100x100.jpeg",100,100,true]},"uagb_author_info":{"display_name":"zineddine.ayoub98@gmail.com","author_link":"https:\/\/wavexia.com\/?author=0"},"uagb_comment_info":0,"uagb_excerpt":"Description La brosse s\u00e8che-cheveux et styler ronde REVLON One-Step STYLE BOOSTER s\u00e8che et coiffe en une seule \u00e9tape. Des racines boost\u00e9es aux boucles souples, en passant par les ondulations et les d\u00e9grad\u00e9s, elle offre un meilleur contr\u00f4le du coiffage sur les cheveux d\u00e9grad\u00e9s, pour une brillance accrue et une meilleure tenue. Elle assure un flux&hellip;","brands":[],"_links":{"self":[{"href":"https:\/\/wavexia.com\/index.php?rest_route=\/wp\/v2\/product\/5416","targetHints":{"allow":["GET"]}}],"collection":[{"href":"https:\/\/wavexia.com\/index.php?rest_route=\/wp\/v2\/product"}],"about":[{"href":"https:\/\/wavexia.com\/index.php?rest_route=\/wp\/v2\/types\/product"}],"replies":[{"embeddable":true,"href":"https:\/\/wavexia.com\/index.php?rest_route=%2Fwp%2Fv2%2Fcomments&post=5416"}],"wp:featuredmedia":[{"embeddable":true,"href":"https:\/\/wavexia.com\/index.php?rest_route=\/wp\/v2\/media\/5415"}],"wp:attachment":[{"href":"https:\/\/wavexia.com\/index.php?rest_route=%2Fwp%2Fv2%2Fmedia&parent=5416"}],"wp:term":[{"taxonomy":"pwb-brand","embeddable":true,"href":"https:\/\/wavexia.com\/index.php?rest_route=%2Fwp%2Fv2%2Fpwb-brand&post=5416"},{"taxonomy":"product_brand","embeddable":true,"href":"https:\/\/wavexia.com\/index.php?rest_route=%2Fwp%2Fv2%2Fproduct_brand&post=5416"},{"taxonomy":"product_cat","embeddable":true,"href":"https:\/\/wavexia.com\/index.php?rest_route=%2Fwp%2Fv2%2Fproduct_cat&post=5416"},{"taxonomy":"product_tag","embeddable":true,"href":"https:\/\/wavexia.com\/index.php?rest_route=%2Fwp%2Fv2%2Fproduct_tag&post=5416"}],"curies":[{"name":"wp","href":"https:\/\/api.w.org\/{rel}","templated":true}]}}