{"id":5391,"date":"2025-10-19T09:19:43","date_gmt":"2025-10-19T09:19:43","guid":{"rendered":"https:\/\/wavexia.com\/product\/solaray-citrate-de-magnesium-400-mg-90-capsules\/"},"modified":"2026-03-10T07:31:09","modified_gmt":"2026-03-10T07:31:09","slug":"solaray-citrate-de-magnesium-400-mg-90-capsules","status":"publish","type":"product","link":"https:\/\/wavexia.com\/?product=solaray-citrate-de-magnesium-400-mg-90-capsules","title":{"rendered":"Solaray, Citrate de magn\u00e9sium, 400 mg, 90 capsules"},"content":{"rendered":"<h2>Description<\/h2>\n<p>le citrate de magn\u00e9sium est une forme sp\u00e9cialement ch\u00e9lat\u00e9e de magn\u00e9sium qui contient de l\u2019acide citrique. Sa formule aide \u00e0 am\u00e9liorer la biodisponibilit\u00e9 des min\u00e9raux.<\/p>\n<p><strong>Conseils d\u2019utilisation:<\/strong><\/p>\n<p>\u00c0 utiliser uniquement comme indiqu\u00e9. Prenez 3&nbsp;VegCaps par jour, de pr\u00e9f\u00e9rence au cours d\u2019un repas.<\/p>\n<h5><strong>Avertissements<\/strong><\/h5>\n<p>Ne pas utiliser si l\u2019opercule de protection est perc\u00e9 ou manquant. Tenir hors de port\u00e9e des enfants. Informer votre professionnel de sant\u00e9 de l\u2019utilisation de ce produit.<\/p>\n<p>\u00c0 conserver dans un endroit frais et sec.<\/p>\n","protected":false},"excerpt":{"rendered":"<p>Description le citrate de magn\u00e9sium est une forme sp\u00e9cialement ch\u00e9lat\u00e9e de magn\u00e9sium qui contient de l\u2019acide citrique. Sa formule aide \u00e0 am\u00e9liorer la biodisponibilit\u00e9 des min\u00e9raux. Conseils d\u2019utilisation: \u00c0 utiliser uniquement comme indiqu\u00e9. Prenez 3&nbsp;VegCaps par jour, de pr\u00e9f\u00e9rence au cours d\u2019un repas. Avertissements Ne pas utiliser si l\u2019opercule de protection est perc\u00e9 ou manquant. [&hellip;]<\/p>\n","protected":false},"featured_media":5390,"comment_status":"open","ping_status":"closed","template":"","meta":{"content-type":"","_uag_custom_page_level_css":""},"pwb-brand":[],"product_brand":[],"product_cat":[330],"product_tag":[],"class_list":{"0":"post-5391","1":"product","2":"type-product","3":"status-publish","4":"has-post-thumbnail","6":"product_cat-complements-alimentaires","8":"first","9":"instock","10":"shipping-taxable","11":"purchasable","12":"product-type-simple"},"aioseo_notices":[],"uagb_featured_image_src":{"full":["https:\/\/wavexia.com\/wp-content\/uploads\/2025\/10\/1-13.jpg",500,500,false],"thumbnail":["https:\/\/wavexia.com\/wp-content\/uploads\/2025\/10\/1-13-150x150.jpg",150,150,true],"medium":["https:\/\/wavexia.com\/wp-content\/uploads\/2025\/10\/1-13-300x300.jpg",300,300,true],"medium_large":["https:\/\/wavexia.com\/wp-content\/uploads\/2025\/10\/1-13.jpg",500,500,false],"large":["https:\/\/wavexia.com\/wp-content\/uploads\/2025\/10\/1-13.jpg",500,500,false],"1536x1536":["https:\/\/wavexia.com\/wp-content\/uploads\/2025\/10\/1-13.jpg",500,500,false],"2048x2048":["https:\/\/wavexia.com\/wp-content\/uploads\/2025\/10\/1-13.jpg",500,500,false],"woocommerce_archive_thumbnail":["https:\/\/wavexia.com\/wp-content\/uploads\/2025\/10\/1-13-300x300.jpg",300,300,true],"woocommerce_thumbnail":["https:\/\/wavexia.com\/wp-content\/uploads\/2025\/10\/1-13-300x300.jpg",300,300,true],"woocommerce_single":["https:\/\/wavexia.com\/wp-content\/uploads\/2025\/10\/1-13.jpg",500,500,false],"woocommerce_gallery_thumbnail":["https:\/\/wavexia.com\/wp-content\/uploads\/2025\/10\/1-13-100x100.jpg",100,100,true]},"uagb_author_info":{"display_name":"zineddine.ayoub98@gmail.com","author_link":"https:\/\/wavexia.com\/?author=0"},"uagb_comment_info":0,"uagb_excerpt":"Description le citrate de magn\u00e9sium est une forme sp\u00e9cialement ch\u00e9lat\u00e9e de magn\u00e9sium qui contient de l\u2019acide citrique. Sa formule aide \u00e0 am\u00e9liorer la biodisponibilit\u00e9 des min\u00e9raux. Conseils d\u2019utilisation: \u00c0 utiliser uniquement comme indiqu\u00e9. Prenez 3&nbsp;VegCaps par jour, de pr\u00e9f\u00e9rence au cours d\u2019un repas. Avertissements Ne pas utiliser si l\u2019opercule de protection est perc\u00e9 ou manquant.&hellip;","brands":[],"_links":{"self":[{"href":"https:\/\/wavexia.com\/index.php?rest_route=\/wp\/v2\/product\/5391","targetHints":{"allow":["GET"]}}],"collection":[{"href":"https:\/\/wavexia.com\/index.php?rest_route=\/wp\/v2\/product"}],"about":[{"href":"https:\/\/wavexia.com\/index.php?rest_route=\/wp\/v2\/types\/product"}],"replies":[{"embeddable":true,"href":"https:\/\/wavexia.com\/index.php?rest_route=%2Fwp%2Fv2%2Fcomments&post=5391"}],"wp:featuredmedia":[{"embeddable":true,"href":"https:\/\/wavexia.com\/index.php?rest_route=\/wp\/v2\/media\/5390"}],"wp:attachment":[{"href":"https:\/\/wavexia.com\/index.php?rest_route=%2Fwp%2Fv2%2Fmedia&parent=5391"}],"wp:term":[{"taxonomy":"pwb-brand","embeddable":true,"href":"https:\/\/wavexia.com\/index.php?rest_route=%2Fwp%2Fv2%2Fpwb-brand&post=5391"},{"taxonomy":"product_brand","embeddable":true,"href":"https:\/\/wavexia.com\/index.php?rest_route=%2Fwp%2Fv2%2Fproduct_brand&post=5391"},{"taxonomy":"product_cat","embeddable":true,"href":"https:\/\/wavexia.com\/index.php?rest_route=%2Fwp%2Fv2%2Fproduct_cat&post=5391"},{"taxonomy":"product_tag","embeddable":true,"href":"https:\/\/wavexia.com\/index.php?rest_route=%2Fwp%2Fv2%2Fproduct_tag&post=5391"}],"curies":[{"name":"wp","href":"https:\/\/api.w.org\/{rel}","templated":true}]}}