{"id":5389,"date":"2025-10-19T09:19:42","date_gmt":"2025-10-19T09:19:42","guid":{"rendered":"https:\/\/wavexia.com\/product\/solaray-tongkat-ali-400-mg-60-vegcaps\/"},"modified":"2026-03-10T07:31:09","modified_gmt":"2026-03-10T07:31:09","slug":"solaray-tongkat-ali-400-mg-60-vegcaps","status":"publish","type":"product","link":"https:\/\/wavexia.com\/?product=solaray-tongkat-ali-400-mg-60-vegcaps","title":{"rendered":"Solaray Tongkat ali, 400 mg, 60 VegCaps"},"content":{"rendered":"<h2>Description<\/h2>\n<p>L\u2019Eurycoma longifolia, commun\u00e9ment appel\u00e9e t\u00f6ngkat ali, est une plante \u00e0 fleurs originaire des jungles d\u2019Indon\u00e9sie, de Malaisie et du Vietnam. Sa racine est souvent consomm\u00e9e en Asie du Sud-Est pour donner de l\u2019\u00e9nergie et de la r\u00e9sistance.<\/p>\n<h2 class=\"hdr -upp -fs14 -m -pam\">Principales caract\u00e9ristiques<\/h2>\n<div class=\"markup -pam\">\n<ul>\n<li>Cr\u00e9\u00e9 en 1973<\/li>\n<li>Plantes v\u00e9ritables<\/li>\n<li>+Soutien \u00e0 base de plantes<\/li>\n<li>Compl\u00e9ment alimentaire<\/li>\n<li>Produit test\u00e9 en laboratoire<\/li>\n<li>Vegan<\/li>\n<li>Une meilleure voie<\/li>\n<\/ul>\n<h2 class=\"hdr -upp -fs14 -m -pam\">Descriptif technique<\/h2>\n<ul class=\"-pvs -mvxs -phm -lsn\">\n<li class=\"-pvxs\"><span class=\"-b\">SKU<\/span>: SO243DV15MIVONAFAMZ<\/li>\n<li class=\"-pvxs\"><span class=\"-b\">Pays de production<\/span>: USA<\/li>\n<li class=\"-pvxs\"><span class=\"-b\">Taille (Longueur x Largeur x Hauteur cm)<\/span>: 11.2 x 4.8 x 5.1 cm<\/li>\n<li class=\"-pvxs\"><span class=\"-b\">Poids (kg)<\/span>: 0.06<\/li>\n<li class=\"-pvxs\"><span class=\"-b\">Couleur<\/span>: Vert<\/li>\n<\/ul>\n<\/div>\n","protected":false},"excerpt":{"rendered":"<p>Description L\u2019Eurycoma longifolia, commun\u00e9ment appel\u00e9e t\u00f6ngkat ali, est une plante \u00e0 fleurs originaire des jungles d\u2019Indon\u00e9sie, de Malaisie et du Vietnam. Sa racine est souvent consomm\u00e9e en Asie du Sud-Est pour donner de l\u2019\u00e9nergie et de la r\u00e9sistance. Principales caract\u00e9ristiques Cr\u00e9\u00e9 en 1973 Plantes v\u00e9ritables +Soutien \u00e0 base de plantes Compl\u00e9ment alimentaire Produit test\u00e9 en [&hellip;]<\/p>\n","protected":false},"featured_media":5388,"comment_status":"open","ping_status":"closed","template":"","meta":{"content-type":"","_uag_custom_page_level_css":""},"pwb-brand":[],"product_brand":[],"product_cat":[330],"product_tag":[],"class_list":{"0":"post-5389","1":"product","2":"type-product","3":"status-publish","4":"has-post-thumbnail","6":"product_cat-complements-alimentaires","8":"first","9":"instock","10":"shipping-taxable","11":"purchasable","12":"product-type-simple"},"aioseo_notices":[],"uagb_featured_image_src":{"full":["https:\/\/wavexia.com\/wp-content\/uploads\/2025\/10\/5a2e19f150dfde03f1077f2b0734a2f9.jpeg",700,700,false],"thumbnail":["https:\/\/wavexia.com\/wp-content\/uploads\/2025\/10\/5a2e19f150dfde03f1077f2b0734a2f9-150x150.jpeg",150,150,true],"medium":["https:\/\/wavexia.com\/wp-content\/uploads\/2025\/10\/5a2e19f150dfde03f1077f2b0734a2f9-300x300.jpeg",300,300,true],"medium_large":["https:\/\/wavexia.com\/wp-content\/uploads\/2025\/10\/5a2e19f150dfde03f1077f2b0734a2f9.jpeg",700,700,false],"large":["https:\/\/wavexia.com\/wp-content\/uploads\/2025\/10\/5a2e19f150dfde03f1077f2b0734a2f9.jpeg",700,700,false],"1536x1536":["https:\/\/wavexia.com\/wp-content\/uploads\/2025\/10\/5a2e19f150dfde03f1077f2b0734a2f9.jpeg",700,700,false],"2048x2048":["https:\/\/wavexia.com\/wp-content\/uploads\/2025\/10\/5a2e19f150dfde03f1077f2b0734a2f9.jpeg",700,700,false],"woocommerce_archive_thumbnail":["https:\/\/wavexia.com\/wp-content\/uploads\/2025\/10\/5a2e19f150dfde03f1077f2b0734a2f9-300x300.jpeg",300,300,true],"woocommerce_thumbnail":["https:\/\/wavexia.com\/wp-content\/uploads\/2025\/10\/5a2e19f150dfde03f1077f2b0734a2f9-300x300.jpeg",300,300,true],"woocommerce_single":["https:\/\/wavexia.com\/wp-content\/uploads\/2025\/10\/5a2e19f150dfde03f1077f2b0734a2f9-600x600.jpeg",600,600,true],"woocommerce_gallery_thumbnail":["https:\/\/wavexia.com\/wp-content\/uploads\/2025\/10\/5a2e19f150dfde03f1077f2b0734a2f9-100x100.jpeg",100,100,true]},"uagb_author_info":{"display_name":"zineddine.ayoub98@gmail.com","author_link":"https:\/\/wavexia.com\/?author=0"},"uagb_comment_info":0,"uagb_excerpt":"Description L\u2019Eurycoma longifolia, commun\u00e9ment appel\u00e9e t\u00f6ngkat ali, est une plante \u00e0 fleurs originaire des jungles d\u2019Indon\u00e9sie, de Malaisie et du Vietnam. Sa racine est souvent consomm\u00e9e en Asie du Sud-Est pour donner de l\u2019\u00e9nergie et de la r\u00e9sistance. Principales caract\u00e9ristiques Cr\u00e9\u00e9 en 1973 Plantes v\u00e9ritables +Soutien \u00e0 base de plantes Compl\u00e9ment alimentaire Produit test\u00e9 en&hellip;","brands":[],"_links":{"self":[{"href":"https:\/\/wavexia.com\/index.php?rest_route=\/wp\/v2\/product\/5389","targetHints":{"allow":["GET"]}}],"collection":[{"href":"https:\/\/wavexia.com\/index.php?rest_route=\/wp\/v2\/product"}],"about":[{"href":"https:\/\/wavexia.com\/index.php?rest_route=\/wp\/v2\/types\/product"}],"replies":[{"embeddable":true,"href":"https:\/\/wavexia.com\/index.php?rest_route=%2Fwp%2Fv2%2Fcomments&post=5389"}],"wp:featuredmedia":[{"embeddable":true,"href":"https:\/\/wavexia.com\/index.php?rest_route=\/wp\/v2\/media\/5388"}],"wp:attachment":[{"href":"https:\/\/wavexia.com\/index.php?rest_route=%2Fwp%2Fv2%2Fmedia&parent=5389"}],"wp:term":[{"taxonomy":"pwb-brand","embeddable":true,"href":"https:\/\/wavexia.com\/index.php?rest_route=%2Fwp%2Fv2%2Fpwb-brand&post=5389"},{"taxonomy":"product_brand","embeddable":true,"href":"https:\/\/wavexia.com\/index.php?rest_route=%2Fwp%2Fv2%2Fproduct_brand&post=5389"},{"taxonomy":"product_cat","embeddable":true,"href":"https:\/\/wavexia.com\/index.php?rest_route=%2Fwp%2Fv2%2Fproduct_cat&post=5389"},{"taxonomy":"product_tag","embeddable":true,"href":"https:\/\/wavexia.com\/index.php?rest_route=%2Fwp%2Fv2%2Fproduct_tag&post=5389"}],"curies":[{"name":"wp","href":"https:\/\/api.w.org\/{rel}","templated":true}]}}