{"id":5350,"date":"2025-10-19T09:19:12","date_gmt":"2025-10-19T09:19:12","guid":{"rendered":"https:\/\/wavexia.com\/product\/the-ordinary-lactic-acid-5-ha-30-ml\/"},"modified":"2026-03-10T07:31:09","modified_gmt":"2026-03-10T07:31:09","slug":"the-ordinary-lactic-acid-5-ha-30-ml","status":"publish","type":"product","link":"https:\/\/wavexia.com\/?product=the-ordinary-lactic-acid-5-ha-30-ml","title":{"rendered":"THE ORDINARY LACTIC ACID 5% + HA 30 ML"},"content":{"rendered":"<h2>Description<\/h2>\n<p>Une formule exfoliante douce \u00e0 base d\u2019acide lactique pour \u00e9liminer les couches superficielles de la peau<br \/>L\u2019acide lactique est un acide alpha-hydroxyl\u00e9 qui exerce une action exfoliante sur la peau. Cette formule concentr\u00e9e \u00e0 5 % assure une exfoliation tout en douceur avec l\u2019ajout d\u2019une baie poivr\u00e9e purifi\u00e9e originaire de Tasmanie connue pour r\u00e9duire les signes d\u2019inflammation et la sensibilit\u00e9 g\u00e9n\u00e9ralement associ\u00e9s \u00e0 l\u2019exfoliation.<\/p>\n<p class=\"h6\">\n<p>&nbsp;<\/p>\n","protected":false},"excerpt":{"rendered":"<p>Description Une formule exfoliante douce \u00e0 base d\u2019acide lactique pour \u00e9liminer les couches superficielles de la peauL\u2019acide lactique est un acide alpha-hydroxyl\u00e9 qui exerce une action exfoliante sur la peau. Cette formule concentr\u00e9e \u00e0 5 % assure une exfoliation tout en douceur avec l\u2019ajout d\u2019une baie poivr\u00e9e purifi\u00e9e originaire de Tasmanie connue pour r\u00e9duire les [&hellip;]<\/p>\n","protected":false},"featured_media":5349,"comment_status":"open","ping_status":"closed","template":"","meta":{"content-type":"","_uag_custom_page_level_css":""},"pwb-brand":[],"product_brand":[],"product_cat":[375,329,356],"product_tag":[],"class_list":{"0":"post-5350","1":"product","2":"type-product","3":"status-publish","4":"has-post-thumbnail","6":"product_cat-gommage-peeling","7":"product_cat-produits-americains","8":"product_cat-the-ordinary","10":"first","11":"instock","12":"shipping-taxable","13":"purchasable","14":"product-type-simple"},"aioseo_notices":[],"uagb_featured_image_src":{"full":["https:\/\/wavexia.com\/wp-content\/uploads\/2025\/10\/rdn-lactic-acid-5pct-ha-30ml.webp",713,713,false],"thumbnail":["https:\/\/wavexia.com\/wp-content\/uploads\/2025\/10\/rdn-lactic-acid-5pct-ha-30ml-150x150.webp",150,150,true],"medium":["https:\/\/wavexia.com\/wp-content\/uploads\/2025\/10\/rdn-lactic-acid-5pct-ha-30ml-300x300.webp",300,300,true],"medium_large":["https:\/\/wavexia.com\/wp-content\/uploads\/2025\/10\/rdn-lactic-acid-5pct-ha-30ml.webp",713,713,false],"large":["https:\/\/wavexia.com\/wp-content\/uploads\/2025\/10\/rdn-lactic-acid-5pct-ha-30ml.webp",713,713,false],"1536x1536":["https:\/\/wavexia.com\/wp-content\/uploads\/2025\/10\/rdn-lactic-acid-5pct-ha-30ml.webp",713,713,false],"2048x2048":["https:\/\/wavexia.com\/wp-content\/uploads\/2025\/10\/rdn-lactic-acid-5pct-ha-30ml.webp",713,713,false],"woocommerce_archive_thumbnail":["https:\/\/wavexia.com\/wp-content\/uploads\/2025\/10\/rdn-lactic-acid-5pct-ha-30ml-300x300.webp",300,300,true],"woocommerce_thumbnail":["https:\/\/wavexia.com\/wp-content\/uploads\/2025\/10\/rdn-lactic-acid-5pct-ha-30ml-300x300.webp",300,300,true],"woocommerce_single":["https:\/\/wavexia.com\/wp-content\/uploads\/2025\/10\/rdn-lactic-acid-5pct-ha-30ml-600x600.webp",600,600,true],"woocommerce_gallery_thumbnail":["https:\/\/wavexia.com\/wp-content\/uploads\/2025\/10\/rdn-lactic-acid-5pct-ha-30ml-100x100.webp",100,100,true]},"uagb_author_info":{"display_name":"zineddine.ayoub98@gmail.com","author_link":"https:\/\/wavexia.com\/?author=0"},"uagb_comment_info":0,"uagb_excerpt":"Description Une formule exfoliante douce \u00e0 base d\u2019acide lactique pour \u00e9liminer les couches superficielles de la peauL\u2019acide lactique est un acide alpha-hydroxyl\u00e9 qui exerce une action exfoliante sur la peau. Cette formule concentr\u00e9e \u00e0 5 % assure une exfoliation tout en douceur avec l\u2019ajout d\u2019une baie poivr\u00e9e purifi\u00e9e originaire de Tasmanie connue pour r\u00e9duire les&hellip;","brands":[],"_links":{"self":[{"href":"https:\/\/wavexia.com\/index.php?rest_route=\/wp\/v2\/product\/5350","targetHints":{"allow":["GET"]}}],"collection":[{"href":"https:\/\/wavexia.com\/index.php?rest_route=\/wp\/v2\/product"}],"about":[{"href":"https:\/\/wavexia.com\/index.php?rest_route=\/wp\/v2\/types\/product"}],"replies":[{"embeddable":true,"href":"https:\/\/wavexia.com\/index.php?rest_route=%2Fwp%2Fv2%2Fcomments&post=5350"}],"wp:featuredmedia":[{"embeddable":true,"href":"https:\/\/wavexia.com\/index.php?rest_route=\/wp\/v2\/media\/5349"}],"wp:attachment":[{"href":"https:\/\/wavexia.com\/index.php?rest_route=%2Fwp%2Fv2%2Fmedia&parent=5350"}],"wp:term":[{"taxonomy":"pwb-brand","embeddable":true,"href":"https:\/\/wavexia.com\/index.php?rest_route=%2Fwp%2Fv2%2Fpwb-brand&post=5350"},{"taxonomy":"product_brand","embeddable":true,"href":"https:\/\/wavexia.com\/index.php?rest_route=%2Fwp%2Fv2%2Fproduct_brand&post=5350"},{"taxonomy":"product_cat","embeddable":true,"href":"https:\/\/wavexia.com\/index.php?rest_route=%2Fwp%2Fv2%2Fproduct_cat&post=5350"},{"taxonomy":"product_tag","embeddable":true,"href":"https:\/\/wavexia.com\/index.php?rest_route=%2Fwp%2Fv2%2Fproduct_tag&post=5350"}],"curies":[{"name":"wp","href":"https:\/\/api.w.org\/{rel}","templated":true}]}}