{"id":5336,"date":"2025-10-19T09:19:02","date_gmt":"2025-10-19T09:19:02","guid":{"rendered":"https:\/\/wavexia.com\/product\/the-ordinary-alpha-arbutin-2-ha-hyperpigmentation-serum-30ml\/"},"modified":"2026-03-10T07:31:09","modified_gmt":"2026-03-10T07:31:09","slug":"the-ordinary-alpha-arbutin-2-ha-hyperpigmentation-serum-30ml","status":"publish","type":"product","link":"https:\/\/wavexia.com\/?product=the-ordinary-alpha-arbutin-2-ha-hyperpigmentation-serum-30ml","title":{"rendered":"The Ordinary Alpha Arbutin 2% + HA Hyperpigmentation Serum \u2013 30ml"},"content":{"rendered":"<h2>Description<\/h2>\n<p><strong>Type de peau :<\/strong>&nbsp;Normale, s\u00e8che, mixte et grasse<\/p>\n<p><strong>Probl\u00e8mes de peau :<\/strong>&nbsp;Taches brunes<\/p>\n<p><strong>Formulation:<\/strong>&nbsp;S\u00e9rum l\u00e9ger<\/p>\n<p><strong>Informations ingr\u00e9dients :<\/strong>&nbsp;Sans parab\u00e8nes, formald\u00e9hydes, phtalates, huile min\u00e9rale, oxybenzone, goudron de houille et sulfates SLS et SLES. Il est \u00e9galement v\u00e9g\u00e9talien, sans gluten et sans cruaut\u00e9.<\/p>\n<p><strong>Ce que vous devez aussi savoir :<\/strong>&nbsp;Formul\u00e9 sans alcool, sans silicone, sans noix ni parfum, ce s\u00e9rum r\u00e9duit visiblement les taches et l\u2019hyperpigmentation gr\u00e2ce \u00e0 l\u2019alpha-arbutine. Il contient \u00e9galement de l\u2019acide hyaluronique, qui agit comme un syst\u00e8me d\u2019hydratation et optimise l\u2019exposition de la peau \u00e0 l\u2019alpha-arbutine.<\/p>\n<p>Remarque : L\u2019alpha-arbutine est extr\u00eamement sensible \u00e0 la d\u00e9gradation en pr\u00e9sence d\u2019eau si le pH de la formulation n\u2019est pas id\u00e9al. Il a \u00e9t\u00e9 d\u00e9montr\u00e9 que le pH de cette formule est le pH le plus appropri\u00e9 pour minimiser la d\u00e9gradation de l\u2019alpha-arbutine. La couleur du produit peut changer. Il s\u2019agit d\u2019un ph\u00e9nom\u00e8ne naturel, certains ingr\u00e9dients du produit peuvent changer de couleur lorsqu\u2019ils sont expos\u00e9s au soleil ou \u00e0 une temp\u00e9rature accrue. Les tests ont montr\u00e9 que le profil d\u2019efficacit\u00e9 et de s\u00e9curit\u00e9 de l\u2019ingr\u00e9dient actif reste stable.<\/p>\n","protected":false},"excerpt":{"rendered":"<p>Description Type de peau :&nbsp;Normale, s\u00e8che, mixte et grasse Probl\u00e8mes de peau :&nbsp;Taches brunes Formulation:&nbsp;S\u00e9rum l\u00e9ger Informations ingr\u00e9dients :&nbsp;Sans parab\u00e8nes, formald\u00e9hydes, phtalates, huile min\u00e9rale, oxybenzone, goudron de houille et sulfates SLS et SLES. Il est \u00e9galement v\u00e9g\u00e9talien, sans gluten et sans cruaut\u00e9. Ce que vous devez aussi savoir :&nbsp;Formul\u00e9 sans alcool, sans silicone, sans noix [&hellip;]<\/p>\n","protected":false},"featured_media":5335,"comment_status":"open","ping_status":"closed","template":"","meta":{"content-type":"","_uag_custom_page_level_css":""},"pwb-brand":[],"product_brand":[],"product_cat":[329,338,356],"product_tag":[],"class_list":{"0":"post-5336","1":"product","2":"type-product","3":"status-publish","4":"has-post-thumbnail","6":"product_cat-produits-americains","7":"product_cat-serum-ampoule","8":"product_cat-the-ordinary","10":"first","11":"instock","12":"shipping-taxable","13":"purchasable","14":"product-type-simple"},"aioseo_notices":[],"uagb_featured_image_src":{"full":["https:\/\/wavexia.com\/wp-content\/uploads\/2025\/10\/f8957f_bd1341335887447d967845fd7186562fmv2.webp",980,980,false],"thumbnail":["https:\/\/wavexia.com\/wp-content\/uploads\/2025\/10\/f8957f_bd1341335887447d967845fd7186562fmv2-150x150.webp",150,150,true],"medium":["https:\/\/wavexia.com\/wp-content\/uploads\/2025\/10\/f8957f_bd1341335887447d967845fd7186562fmv2-300x300.webp",300,300,true],"medium_large":["https:\/\/wavexia.com\/wp-content\/uploads\/2025\/10\/f8957f_bd1341335887447d967845fd7186562fmv2-768x768.webp",768,768,true],"large":["https:\/\/wavexia.com\/wp-content\/uploads\/2025\/10\/f8957f_bd1341335887447d967845fd7186562fmv2.webp",980,980,false],"1536x1536":["https:\/\/wavexia.com\/wp-content\/uploads\/2025\/10\/f8957f_bd1341335887447d967845fd7186562fmv2.webp",980,980,false],"2048x2048":["https:\/\/wavexia.com\/wp-content\/uploads\/2025\/10\/f8957f_bd1341335887447d967845fd7186562fmv2.webp",980,980,false],"woocommerce_archive_thumbnail":["https:\/\/wavexia.com\/wp-content\/uploads\/2025\/10\/f8957f_bd1341335887447d967845fd7186562fmv2-300x300.webp",300,300,true],"woocommerce_thumbnail":["https:\/\/wavexia.com\/wp-content\/uploads\/2025\/10\/f8957f_bd1341335887447d967845fd7186562fmv2-300x300.webp",300,300,true],"woocommerce_single":["https:\/\/wavexia.com\/wp-content\/uploads\/2025\/10\/f8957f_bd1341335887447d967845fd7186562fmv2-600x600.webp",600,600,true],"woocommerce_gallery_thumbnail":["https:\/\/wavexia.com\/wp-content\/uploads\/2025\/10\/f8957f_bd1341335887447d967845fd7186562fmv2-100x100.webp",100,100,true]},"uagb_author_info":{"display_name":"zineddine.ayoub98@gmail.com","author_link":"https:\/\/wavexia.com\/?author=0"},"uagb_comment_info":0,"uagb_excerpt":"Description Type de peau :&nbsp;Normale, s\u00e8che, mixte et grasse Probl\u00e8mes de peau :&nbsp;Taches brunes Formulation:&nbsp;S\u00e9rum l\u00e9ger Informations ingr\u00e9dients :&nbsp;Sans parab\u00e8nes, formald\u00e9hydes, phtalates, huile min\u00e9rale, oxybenzone, goudron de houille et sulfates SLS et SLES. Il est \u00e9galement v\u00e9g\u00e9talien, sans gluten et sans cruaut\u00e9. Ce que vous devez aussi savoir :&nbsp;Formul\u00e9 sans alcool, sans silicone, sans noix&hellip;","brands":[],"_links":{"self":[{"href":"https:\/\/wavexia.com\/index.php?rest_route=\/wp\/v2\/product\/5336","targetHints":{"allow":["GET"]}}],"collection":[{"href":"https:\/\/wavexia.com\/index.php?rest_route=\/wp\/v2\/product"}],"about":[{"href":"https:\/\/wavexia.com\/index.php?rest_route=\/wp\/v2\/types\/product"}],"replies":[{"embeddable":true,"href":"https:\/\/wavexia.com\/index.php?rest_route=%2Fwp%2Fv2%2Fcomments&post=5336"}],"wp:featuredmedia":[{"embeddable":true,"href":"https:\/\/wavexia.com\/index.php?rest_route=\/wp\/v2\/media\/5335"}],"wp:attachment":[{"href":"https:\/\/wavexia.com\/index.php?rest_route=%2Fwp%2Fv2%2Fmedia&parent=5336"}],"wp:term":[{"taxonomy":"pwb-brand","embeddable":true,"href":"https:\/\/wavexia.com\/index.php?rest_route=%2Fwp%2Fv2%2Fpwb-brand&post=5336"},{"taxonomy":"product_brand","embeddable":true,"href":"https:\/\/wavexia.com\/index.php?rest_route=%2Fwp%2Fv2%2Fproduct_brand&post=5336"},{"taxonomy":"product_cat","embeddable":true,"href":"https:\/\/wavexia.com\/index.php?rest_route=%2Fwp%2Fv2%2Fproduct_cat&post=5336"},{"taxonomy":"product_tag","embeddable":true,"href":"https:\/\/wavexia.com\/index.php?rest_route=%2Fwp%2Fv2%2Fproduct_tag&post=5336"}],"curies":[{"name":"wp","href":"https:\/\/api.w.org\/{rel}","templated":true}]}}