{"id":5317,"date":"2025-10-19T09:18:48","date_gmt":"2025-10-19T09:18:48","guid":{"rendered":"https:\/\/wavexia.com\/product\/olaplex-n-7-bonding-oil\/"},"modified":"2026-03-10T07:31:09","modified_gmt":"2026-03-10T07:31:09","slug":"olaplex-n-7-bonding-oil","status":"publish","type":"product","link":"https:\/\/wavexia.com\/?product=olaplex-n-7-bonding-oil","title":{"rendered":"Olaplex N\u00b0 7 Bonding Oil"},"content":{"rendered":"<h2>Description<\/h2>\n<p><strong>huile r\u00e9paratrice lustrante anti-frisottis<\/strong><\/p>\n<div>Une huile capillaire<strong>&nbsp;ultra concentr\u00e9e, ultra l\u00e9g\u00e8re et unique<\/strong>&nbsp;en son genre.<\/p>\n<div><strong>Prot\u00e8ge de la chaleur et \u00e9limine les frisottis.<\/strong><\/div>\n<div>Olaplex Bonding Oil N\u00b0 7&nbsp;<strong>r\u00e9pare, renforce et hydrate<\/strong>&nbsp;tous les types de cheveux.<\/div>\n<div><strong>Augmente<\/strong>&nbsp;consid\u00e9rablement la&nbsp;<strong>brillance, la douceur et le lustre des couleur<\/strong>s tout en minimisant les cheveux indisciplin\u00e9es et offre une<strong>&nbsp;protection contre la chaleur jusqu\u2019\u00e0 450 \u00b0 F \/ 230 \u00b0 C.<\/strong><\/div>\n<div><\/div>\n<div><strong>Mode d\u2019emploi<\/strong><\/div>\n<div>\n<p>Retirer le bouchon.<br \/>Retourner le flacon et toucher d\u00e9licatement le fond du flacon avec l\u2019index pour d\u00e9poser une goutte mesur\u00e9e.<br \/>Appliquer une petite quantit\u00e9 sur les cheveux humides ou secs, puis coiffer.<br \/>Il est possible d\u2019ajouter une ou deux gouttes dans OLAPLEX N\u00b0 6 pour accentuer l\u2019effet de brillance.<\/p>\n<\/div>\n<\/div>\n","protected":false},"excerpt":{"rendered":"<p>Description huile r\u00e9paratrice lustrante anti-frisottis Une huile capillaire&nbsp;ultra concentr\u00e9e, ultra l\u00e9g\u00e8re et unique&nbsp;en son genre. Prot\u00e8ge de la chaleur et \u00e9limine les frisottis. Olaplex Bonding Oil N\u00b0 7&nbsp;r\u00e9pare, renforce et hydrate&nbsp;tous les types de cheveux. Augmente&nbsp;consid\u00e9rablement la&nbsp;brillance, la douceur et le lustre des couleurs tout en minimisant les cheveux indisciplin\u00e9es et offre une&nbsp;protection contre la [&hellip;]<\/p>\n","protected":false},"featured_media":5316,"comment_status":"open","ping_status":"closed","template":"","meta":{"content-type":"","_uag_custom_page_level_css":""},"pwb-brand":[],"product_brand":[],"product_cat":[377,427,329],"product_tag":[],"class_list":{"0":"post-5317","1":"product","2":"type-product","3":"status-publish","4":"has-post-thumbnail","6":"product_cat-cheveux","7":"product_cat-olaplex","8":"product_cat-produits-americains","10":"first","11":"instock","12":"sale","13":"shipping-taxable","14":"purchasable","15":"product-type-simple"},"aioseo_notices":[],"uagb_featured_image_src":{"full":["https:\/\/wavexia.com\/wp-content\/uploads\/2025\/10\/HERO-PDP_DOWN_N7_1000x_1f8de5ed-de20-4739-a577-05f13e8fc6a5.webp",713,697,false],"thumbnail":["https:\/\/wavexia.com\/wp-content\/uploads\/2025\/10\/HERO-PDP_DOWN_N7_1000x_1f8de5ed-de20-4739-a577-05f13e8fc6a5-150x150.webp",150,150,true],"medium":["https:\/\/wavexia.com\/wp-content\/uploads\/2025\/10\/HERO-PDP_DOWN_N7_1000x_1f8de5ed-de20-4739-a577-05f13e8fc6a5-300x293.webp",300,293,true],"medium_large":["https:\/\/wavexia.com\/wp-content\/uploads\/2025\/10\/HERO-PDP_DOWN_N7_1000x_1f8de5ed-de20-4739-a577-05f13e8fc6a5.webp",713,697,false],"large":["https:\/\/wavexia.com\/wp-content\/uploads\/2025\/10\/HERO-PDP_DOWN_N7_1000x_1f8de5ed-de20-4739-a577-05f13e8fc6a5.webp",713,697,false],"1536x1536":["https:\/\/wavexia.com\/wp-content\/uploads\/2025\/10\/HERO-PDP_DOWN_N7_1000x_1f8de5ed-de20-4739-a577-05f13e8fc6a5.webp",713,697,false],"2048x2048":["https:\/\/wavexia.com\/wp-content\/uploads\/2025\/10\/HERO-PDP_DOWN_N7_1000x_1f8de5ed-de20-4739-a577-05f13e8fc6a5.webp",713,697,false],"woocommerce_archive_thumbnail":["https:\/\/wavexia.com\/wp-content\/uploads\/2025\/10\/HERO-PDP_DOWN_N7_1000x_1f8de5ed-de20-4739-a577-05f13e8fc6a5-300x293.webp",300,293,true],"woocommerce_thumbnail":["https:\/\/wavexia.com\/wp-content\/uploads\/2025\/10\/HERO-PDP_DOWN_N7_1000x_1f8de5ed-de20-4739-a577-05f13e8fc6a5-300x300.webp",300,300,true],"woocommerce_single":["https:\/\/wavexia.com\/wp-content\/uploads\/2025\/10\/HERO-PDP_DOWN_N7_1000x_1f8de5ed-de20-4739-a577-05f13e8fc6a5-600x587.webp",600,587,true],"woocommerce_gallery_thumbnail":["https:\/\/wavexia.com\/wp-content\/uploads\/2025\/10\/HERO-PDP_DOWN_N7_1000x_1f8de5ed-de20-4739-a577-05f13e8fc6a5-100x100.webp",100,100,true]},"uagb_author_info":{"display_name":"zineddine.ayoub98@gmail.com","author_link":"https:\/\/wavexia.com\/?author=0"},"uagb_comment_info":0,"uagb_excerpt":"Description huile r\u00e9paratrice lustrante anti-frisottis Une huile capillaire&nbsp;ultra concentr\u00e9e, ultra l\u00e9g\u00e8re et unique&nbsp;en son genre. Prot\u00e8ge de la chaleur et \u00e9limine les frisottis. Olaplex Bonding Oil N\u00b0 7&nbsp;r\u00e9pare, renforce et hydrate&nbsp;tous les types de cheveux. Augmente&nbsp;consid\u00e9rablement la&nbsp;brillance, la douceur et le lustre des couleurs tout en minimisant les cheveux indisciplin\u00e9es et offre une&nbsp;protection contre la&hellip;","brands":[],"_links":{"self":[{"href":"https:\/\/wavexia.com\/index.php?rest_route=\/wp\/v2\/product\/5317","targetHints":{"allow":["GET"]}}],"collection":[{"href":"https:\/\/wavexia.com\/index.php?rest_route=\/wp\/v2\/product"}],"about":[{"href":"https:\/\/wavexia.com\/index.php?rest_route=\/wp\/v2\/types\/product"}],"replies":[{"embeddable":true,"href":"https:\/\/wavexia.com\/index.php?rest_route=%2Fwp%2Fv2%2Fcomments&post=5317"}],"wp:featuredmedia":[{"embeddable":true,"href":"https:\/\/wavexia.com\/index.php?rest_route=\/wp\/v2\/media\/5316"}],"wp:attachment":[{"href":"https:\/\/wavexia.com\/index.php?rest_route=%2Fwp%2Fv2%2Fmedia&parent=5317"}],"wp:term":[{"taxonomy":"pwb-brand","embeddable":true,"href":"https:\/\/wavexia.com\/index.php?rest_route=%2Fwp%2Fv2%2Fpwb-brand&post=5317"},{"taxonomy":"product_brand","embeddable":true,"href":"https:\/\/wavexia.com\/index.php?rest_route=%2Fwp%2Fv2%2Fproduct_brand&post=5317"},{"taxonomy":"product_cat","embeddable":true,"href":"https:\/\/wavexia.com\/index.php?rest_route=%2Fwp%2Fv2%2Fproduct_cat&post=5317"},{"taxonomy":"product_tag","embeddable":true,"href":"https:\/\/wavexia.com\/index.php?rest_route=%2Fwp%2Fv2%2Fproduct_tag&post=5317"}],"curies":[{"name":"wp","href":"https:\/\/api.w.org\/{rel}","templated":true}]}}