{"id":5313,"date":"2025-10-19T09:18:44","date_gmt":"2025-10-19T09:18:44","guid":{"rendered":"https:\/\/wavexia.com\/product\/mielle-huile-fortifiante-pour-cuir-chevelu-cheveux-59-ml\/"},"modified":"2026-03-10T07:31:09","modified_gmt":"2026-03-10T07:31:09","slug":"mielle-huile-fortifiante-pour-cuir-chevelu-cheveux-59-ml","status":"publish","type":"product","link":"https:\/\/wavexia.com\/?product=mielle-huile-fortifiante-pour-cuir-chevelu-cheveux-59-ml","title":{"rendered":"Mielle Huile Fortifiante Pour Cuir chevelu &#038; Cheveux \u2013 59 ml"},"content":{"rendered":"<h2>Description<\/h2>\n<p>Appliquer sur les pointes, couvrir avec un bonnet en plastique pendant 10 minutes, puis rincer et proc\u00e9der au shampooing.<\/p>\n<p>D\u00e9couvrez Mielle, l\u2019huile fortifiante ultime pour des cheveux sains et \u00e9clatants. Enrichie en romarin, menthe et biotine, cette formule innovante revitalise les cheveux de la racine aux pointes, favorisant une croissance plus forte et lissant les fourches.<\/p>\n<p>Adapt\u00e9e \u00e0 tous les types de cheveux et les styles protecteurs, Mielle nourrit en profondeur, revitalise le cuir chevelu et offre une brillance \u00e9clatante. Avec plus de 30 huiles essentielles et extraits naturels, Mielle offre une exp\u00e9rience luxueuse de soin capillaire.<\/p>\n<p>Offrez \u00e0 vos cheveux le traitement qu\u2019ils m\u00e9ritent avec Mielle, pour une chevelure \u00e9clatante de sant\u00e9<\/p>\n","protected":false},"excerpt":{"rendered":"<p>Description Appliquer sur les pointes, couvrir avec un bonnet en plastique pendant 10 minutes, puis rincer et proc\u00e9der au shampooing. D\u00e9couvrez Mielle, l\u2019huile fortifiante ultime pour des cheveux sains et \u00e9clatants. Enrichie en romarin, menthe et biotine, cette formule innovante revitalise les cheveux de la racine aux pointes, favorisant une croissance plus forte et lissant [&hellip;]<\/p>\n","protected":false},"featured_media":5312,"comment_status":"open","ping_status":"closed","template":"","meta":{"content-type":"","_uag_custom_page_level_css":""},"pwb-brand":[],"product_brand":[],"product_cat":[377,445,329],"product_tag":[],"class_list":{"0":"post-5313","1":"product","2":"type-product","3":"status-publish","4":"has-post-thumbnail","6":"product_cat-cheveux","7":"product_cat-mielle","8":"product_cat-produits-americains","10":"first","11":"instock","12":"sale","13":"shipping-taxable","14":"purchasable","15":"product-type-simple"},"aioseo_notices":[],"uagb_featured_image_src":{"full":["https:\/\/wavexia.com\/wp-content\/uploads\/2025\/10\/IMG_1221.jpeg",1200,1200,false],"thumbnail":["https:\/\/wavexia.com\/wp-content\/uploads\/2025\/10\/IMG_1221-150x150.jpeg",150,150,true],"medium":["https:\/\/wavexia.com\/wp-content\/uploads\/2025\/10\/IMG_1221-300x300.jpeg",300,300,true],"medium_large":["https:\/\/wavexia.com\/wp-content\/uploads\/2025\/10\/IMG_1221-768x768.jpeg",768,768,true],"large":["https:\/\/wavexia.com\/wp-content\/uploads\/2025\/10\/IMG_1221-1024x1024.jpeg",1024,1024,true],"1536x1536":["https:\/\/wavexia.com\/wp-content\/uploads\/2025\/10\/IMG_1221.jpeg",1200,1200,false],"2048x2048":["https:\/\/wavexia.com\/wp-content\/uploads\/2025\/10\/IMG_1221.jpeg",1200,1200,false],"woocommerce_archive_thumbnail":["https:\/\/wavexia.com\/wp-content\/uploads\/2025\/10\/IMG_1221-300x300.jpeg",300,300,true],"woocommerce_thumbnail":["https:\/\/wavexia.com\/wp-content\/uploads\/2025\/10\/IMG_1221-300x300.jpeg",300,300,true],"woocommerce_single":["https:\/\/wavexia.com\/wp-content\/uploads\/2025\/10\/IMG_1221-600x600.jpeg",600,600,true],"woocommerce_gallery_thumbnail":["https:\/\/wavexia.com\/wp-content\/uploads\/2025\/10\/IMG_1221-100x100.jpeg",100,100,true]},"uagb_author_info":{"display_name":"zineddine.ayoub98@gmail.com","author_link":"https:\/\/wavexia.com\/?author=0"},"uagb_comment_info":0,"uagb_excerpt":"Description Appliquer sur les pointes, couvrir avec un bonnet en plastique pendant 10 minutes, puis rincer et proc\u00e9der au shampooing. D\u00e9couvrez Mielle, l\u2019huile fortifiante ultime pour des cheveux sains et \u00e9clatants. Enrichie en romarin, menthe et biotine, cette formule innovante revitalise les cheveux de la racine aux pointes, favorisant une croissance plus forte et lissant&hellip;","brands":[],"_links":{"self":[{"href":"https:\/\/wavexia.com\/index.php?rest_route=\/wp\/v2\/product\/5313","targetHints":{"allow":["GET"]}}],"collection":[{"href":"https:\/\/wavexia.com\/index.php?rest_route=\/wp\/v2\/product"}],"about":[{"href":"https:\/\/wavexia.com\/index.php?rest_route=\/wp\/v2\/types\/product"}],"replies":[{"embeddable":true,"href":"https:\/\/wavexia.com\/index.php?rest_route=%2Fwp%2Fv2%2Fcomments&post=5313"}],"wp:featuredmedia":[{"embeddable":true,"href":"https:\/\/wavexia.com\/index.php?rest_route=\/wp\/v2\/media\/5312"}],"wp:attachment":[{"href":"https:\/\/wavexia.com\/index.php?rest_route=%2Fwp%2Fv2%2Fmedia&parent=5313"}],"wp:term":[{"taxonomy":"pwb-brand","embeddable":true,"href":"https:\/\/wavexia.com\/index.php?rest_route=%2Fwp%2Fv2%2Fpwb-brand&post=5313"},{"taxonomy":"product_brand","embeddable":true,"href":"https:\/\/wavexia.com\/index.php?rest_route=%2Fwp%2Fv2%2Fproduct_brand&post=5313"},{"taxonomy":"product_cat","embeddable":true,"href":"https:\/\/wavexia.com\/index.php?rest_route=%2Fwp%2Fv2%2Fproduct_cat&post=5313"},{"taxonomy":"product_tag","embeddable":true,"href":"https:\/\/wavexia.com\/index.php?rest_route=%2Fwp%2Fv2%2Fproduct_tag&post=5313"}],"curies":[{"name":"wp","href":"https:\/\/api.w.org\/{rel}","templated":true}]}}