{"id":5248,"date":"2025-10-19T09:17:57","date_gmt":"2025-10-19T09:17:57","guid":{"rendered":"https:\/\/wavexia.com\/product\/marvis-dentifrice-blanchissant-a-la-menthe-85ml\/"},"modified":"2026-03-10T07:31:08","modified_gmt":"2026-03-10T07:31:08","slug":"marvis-dentifrice-blanchissant-a-la-menthe-85ml","status":"publish","type":"product","link":"https:\/\/wavexia.com\/?product=marvis-dentifrice-blanchissant-a-la-menthe-85ml","title":{"rendered":"MARVIS Dentifrice blanchissant \u00e0 la Menthe 85ml"},"content":{"rendered":"<h2>Description<\/h2>\n<p>Nul besoin d\u2019une \u00e9quipe de peintres pour redonner \u00e0 vos dents leur \u00e9clat naturel. Il vous suffit de vivre le frisson polaire de Whitening Mint pour ressentir une \u00e9motion durable de fra\u00eecheur intense. Lunettes de soleil non comprises pour les personnes qui vous entourent.<\/p>\n<p class=\"text-size-small mt-3\">La combinaison de deux silices \u00e0 la granulom\u00e9trie diff\u00e9rente permet d\u2019obtenir un pouvoir abrasif \u00e9quilibr\u00e9 et un meilleur nettoyage. Gr\u00e2ce au fluor et au xylitol, cette p\u00e2te pr\u00e9vient les caries et garantit le contr\u00f4le de la flore bact\u00e9rienne buccale. De plus, la p\u00e2te concentr\u00e9e est exempte de conservateurs et d\u2019ingr\u00e9dients d\u2019origine animale.<\/p>\n<p>Ingr\u00e9dients :<br \/>Glycerin, Calcium Carbonate, Hydrated Silica, Aqua (Water\/Eau), Aroma (Flavor), Xylitol, Cellulose Gum, Titanium Dioxide, Trisodium Phosphate, Sodium Lauryl Sulfate, Sodium Saccharin, Sodium Fluoride, Limonene, Eugenol.<\/p>\n","protected":false},"excerpt":{"rendered":"<p>Description Nul besoin d\u2019une \u00e9quipe de peintres pour redonner \u00e0 vos dents leur \u00e9clat naturel. Il vous suffit de vivre le frisson polaire de Whitening Mint pour ressentir une \u00e9motion durable de fra\u00eecheur intense. Lunettes de soleil non comprises pour les personnes qui vous entourent. La combinaison de deux silices \u00e0 la granulom\u00e9trie diff\u00e9rente permet [&hellip;]<\/p>\n","protected":false},"featured_media":5247,"comment_status":"open","ping_status":"closed","template":"","meta":{"content-type":"","_uag_custom_page_level_css":""},"pwb-brand":[],"product_brand":[],"product_cat":[440,374],"product_tag":[],"class_list":{"0":"post-5248","1":"product","2":"type-product","3":"status-publish","4":"has-post-thumbnail","6":"product_cat-marvis","7":"product_cat-soins-dentaires","9":"first","10":"instock","11":"sale","12":"shipping-taxable","13":"purchasable","14":"product-type-simple"},"aioseo_notices":[],"uagb_featured_image_src":{"full":["https:\/\/wavexia.com\/wp-content\/uploads\/2025\/10\/marvis-dentifrice-blanchissant-a-la-menthe-85ml-1.jpg",600,600,false],"thumbnail":["https:\/\/wavexia.com\/wp-content\/uploads\/2025\/10\/marvis-dentifrice-blanchissant-a-la-menthe-85ml-1-150x150.jpg",150,150,true],"medium":["https:\/\/wavexia.com\/wp-content\/uploads\/2025\/10\/marvis-dentifrice-blanchissant-a-la-menthe-85ml-1-300x300.jpg",300,300,true],"medium_large":["https:\/\/wavexia.com\/wp-content\/uploads\/2025\/10\/marvis-dentifrice-blanchissant-a-la-menthe-85ml-1.jpg",600,600,false],"large":["https:\/\/wavexia.com\/wp-content\/uploads\/2025\/10\/marvis-dentifrice-blanchissant-a-la-menthe-85ml-1.jpg",600,600,false],"1536x1536":["https:\/\/wavexia.com\/wp-content\/uploads\/2025\/10\/marvis-dentifrice-blanchissant-a-la-menthe-85ml-1.jpg",600,600,false],"2048x2048":["https:\/\/wavexia.com\/wp-content\/uploads\/2025\/10\/marvis-dentifrice-blanchissant-a-la-menthe-85ml-1.jpg",600,600,false],"woocommerce_archive_thumbnail":["https:\/\/wavexia.com\/wp-content\/uploads\/2025\/10\/marvis-dentifrice-blanchissant-a-la-menthe-85ml-1-300x300.jpg",300,300,true],"woocommerce_thumbnail":["https:\/\/wavexia.com\/wp-content\/uploads\/2025\/10\/marvis-dentifrice-blanchissant-a-la-menthe-85ml-1-300x300.jpg",300,300,true],"woocommerce_single":["https:\/\/wavexia.com\/wp-content\/uploads\/2025\/10\/marvis-dentifrice-blanchissant-a-la-menthe-85ml-1.jpg",600,600,false],"woocommerce_gallery_thumbnail":["https:\/\/wavexia.com\/wp-content\/uploads\/2025\/10\/marvis-dentifrice-blanchissant-a-la-menthe-85ml-1-100x100.jpg",100,100,true]},"uagb_author_info":{"display_name":"zineddine.ayoub98@gmail.com","author_link":"https:\/\/wavexia.com\/?author=0"},"uagb_comment_info":0,"uagb_excerpt":"Description Nul besoin d\u2019une \u00e9quipe de peintres pour redonner \u00e0 vos dents leur \u00e9clat naturel. Il vous suffit de vivre le frisson polaire de Whitening Mint pour ressentir une \u00e9motion durable de fra\u00eecheur intense. Lunettes de soleil non comprises pour les personnes qui vous entourent. La combinaison de deux silices \u00e0 la granulom\u00e9trie diff\u00e9rente permet&hellip;","brands":[],"_links":{"self":[{"href":"https:\/\/wavexia.com\/index.php?rest_route=\/wp\/v2\/product\/5248","targetHints":{"allow":["GET"]}}],"collection":[{"href":"https:\/\/wavexia.com\/index.php?rest_route=\/wp\/v2\/product"}],"about":[{"href":"https:\/\/wavexia.com\/index.php?rest_route=\/wp\/v2\/types\/product"}],"replies":[{"embeddable":true,"href":"https:\/\/wavexia.com\/index.php?rest_route=%2Fwp%2Fv2%2Fcomments&post=5248"}],"wp:featuredmedia":[{"embeddable":true,"href":"https:\/\/wavexia.com\/index.php?rest_route=\/wp\/v2\/media\/5247"}],"wp:attachment":[{"href":"https:\/\/wavexia.com\/index.php?rest_route=%2Fwp%2Fv2%2Fmedia&parent=5248"}],"wp:term":[{"taxonomy":"pwb-brand","embeddable":true,"href":"https:\/\/wavexia.com\/index.php?rest_route=%2Fwp%2Fv2%2Fpwb-brand&post=5248"},{"taxonomy":"product_brand","embeddable":true,"href":"https:\/\/wavexia.com\/index.php?rest_route=%2Fwp%2Fv2%2Fproduct_brand&post=5248"},{"taxonomy":"product_cat","embeddable":true,"href":"https:\/\/wavexia.com\/index.php?rest_route=%2Fwp%2Fv2%2Fproduct_cat&post=5248"},{"taxonomy":"product_tag","embeddable":true,"href":"https:\/\/wavexia.com\/index.php?rest_route=%2Fwp%2Fv2%2Fproduct_tag&post=5248"}],"curies":[{"name":"wp","href":"https:\/\/api.w.org\/{rel}","templated":true}]}}