{"id":5233,"date":"2025-10-19T09:17:46","date_gmt":"2025-10-19T09:17:46","guid":{"rendered":"https:\/\/wavexia.com\/product\/kiko-18-high-pigment-eyeshadow\/"},"modified":"2026-03-10T07:31:08","modified_gmt":"2026-03-10T07:31:08","slug":"kiko-18-high-pigment-eyeshadow","status":"publish","type":"product","link":"https:\/\/wavexia.com\/?product=kiko-18-high-pigment-eyeshadow","title":{"rendered":"KIKO 18 HIGH PIGMENT EYESHADOW"},"content":{"rendered":"<h2>Description<\/h2>\n<ul class=\"a-unordered-list a-vertical a-spacing-mini\">\n<li class=\"a-spacing-mini\"><span class=\"a-list-item\">Ombre \u00e0 paupi\u00e8res fortement concentr\u00e9e en pigments au rendu couleur imm\u00e9diat, intense et modulable<\/span><\/li>\n<li class=\"a-spacing-mini\"><span class=\"a-list-item\">Le processus d\u2019incorporation particulier des poudres lui conf\u00e8re une texture cr\u00e9meuse, homog\u00e8ne et imm\u00e9diatement adh\u00e9rente sur les paupi\u00e8res<\/span><\/li>\n<li class=\"a-spacing-mini\"><span class=\"a-list-item\">Parfait pour sublimer le regard de reflets enchanteurs, pour un maquillage des yeux irr\u00e9sistible<\/span><\/li>\n<li class=\"a-spacing-mini\"><span class=\"a-list-item\">Sa formule longue tenue garantissant un maquillage impeccable en toute occasion<\/span><\/li>\n<li class=\"a-spacing-mini\"><span class=\"a-list-item\">Sa texture innovante au toucher soyeux offrant une application fluide et un estompage parfait<\/span><\/li>\n<\/ul>\n","protected":false},"excerpt":{"rendered":"<p>Description Ombre \u00e0 paupi\u00e8res fortement concentr\u00e9e en pigments au rendu couleur imm\u00e9diat, intense et modulable Le processus d\u2019incorporation particulier des poudres lui conf\u00e8re une texture cr\u00e9meuse, homog\u00e8ne et imm\u00e9diatement adh\u00e9rente sur les paupi\u00e8res Parfait pour sublimer le regard de reflets enchanteurs, pour un maquillage des yeux irr\u00e9sistible Sa formule longue tenue garantissant un maquillage impeccable [&hellip;]<\/p>\n","protected":false},"featured_media":5232,"comment_status":"open","ping_status":"closed","template":"","meta":{"content-type":"","_uag_custom_page_level_css":""},"pwb-brand":[],"product_brand":[],"product_cat":[382,388,360],"product_tag":[],"class_list":{"0":"post-5233","1":"product","2":"type-product","3":"status-publish","4":"has-post-thumbnail","6":"product_cat-derniere-chance","7":"product_cat-kiko","8":"product_cat-maquillage","10":"first","11":"instock","12":"sale","13":"shipping-taxable","14":"purchasable","15":"product-type-simple"},"aioseo_notices":[],"uagb_featured_image_src":{"full":["https:\/\/wavexia.com\/wp-content\/uploads\/2025\/10\/telecharger-49.jpeg",161,148,false],"thumbnail":["https:\/\/wavexia.com\/wp-content\/uploads\/2025\/10\/telecharger-49-150x148.jpeg",150,148,true],"medium":["https:\/\/wavexia.com\/wp-content\/uploads\/2025\/10\/telecharger-49.jpeg",161,148,false],"medium_large":["https:\/\/wavexia.com\/wp-content\/uploads\/2025\/10\/telecharger-49.jpeg",161,148,false],"large":["https:\/\/wavexia.com\/wp-content\/uploads\/2025\/10\/telecharger-49.jpeg",161,148,false],"1536x1536":["https:\/\/wavexia.com\/wp-content\/uploads\/2025\/10\/telecharger-49.jpeg",161,148,false],"2048x2048":["https:\/\/wavexia.com\/wp-content\/uploads\/2025\/10\/telecharger-49.jpeg",161,148,false],"woocommerce_archive_thumbnail":["https:\/\/wavexia.com\/wp-content\/uploads\/2025\/10\/telecharger-49.jpeg",161,148,false],"woocommerce_thumbnail":["https:\/\/wavexia.com\/wp-content\/uploads\/2025\/10\/telecharger-49.jpeg",161,148,false],"woocommerce_single":["https:\/\/wavexia.com\/wp-content\/uploads\/2025\/10\/telecharger-49.jpeg",161,148,false],"woocommerce_gallery_thumbnail":["https:\/\/wavexia.com\/wp-content\/uploads\/2025\/10\/telecharger-49-100x100.jpeg",100,100,true]},"uagb_author_info":{"display_name":"zineddine.ayoub98@gmail.com","author_link":"https:\/\/wavexia.com\/?author=0"},"uagb_comment_info":0,"uagb_excerpt":"Description Ombre \u00e0 paupi\u00e8res fortement concentr\u00e9e en pigments au rendu couleur imm\u00e9diat, intense et modulable Le processus d\u2019incorporation particulier des poudres lui conf\u00e8re une texture cr\u00e9meuse, homog\u00e8ne et imm\u00e9diatement adh\u00e9rente sur les paupi\u00e8res Parfait pour sublimer le regard de reflets enchanteurs, pour un maquillage des yeux irr\u00e9sistible Sa formule longue tenue garantissant un maquillage impeccable&hellip;","brands":[],"_links":{"self":[{"href":"https:\/\/wavexia.com\/index.php?rest_route=\/wp\/v2\/product\/5233","targetHints":{"allow":["GET"]}}],"collection":[{"href":"https:\/\/wavexia.com\/index.php?rest_route=\/wp\/v2\/product"}],"about":[{"href":"https:\/\/wavexia.com\/index.php?rest_route=\/wp\/v2\/types\/product"}],"replies":[{"embeddable":true,"href":"https:\/\/wavexia.com\/index.php?rest_route=%2Fwp%2Fv2%2Fcomments&post=5233"}],"wp:featuredmedia":[{"embeddable":true,"href":"https:\/\/wavexia.com\/index.php?rest_route=\/wp\/v2\/media\/5232"}],"wp:attachment":[{"href":"https:\/\/wavexia.com\/index.php?rest_route=%2Fwp%2Fv2%2Fmedia&parent=5233"}],"wp:term":[{"taxonomy":"pwb-brand","embeddable":true,"href":"https:\/\/wavexia.com\/index.php?rest_route=%2Fwp%2Fv2%2Fpwb-brand&post=5233"},{"taxonomy":"product_brand","embeddable":true,"href":"https:\/\/wavexia.com\/index.php?rest_route=%2Fwp%2Fv2%2Fproduct_brand&post=5233"},{"taxonomy":"product_cat","embeddable":true,"href":"https:\/\/wavexia.com\/index.php?rest_route=%2Fwp%2Fv2%2Fproduct_cat&post=5233"},{"taxonomy":"product_tag","embeddable":true,"href":"https:\/\/wavexia.com\/index.php?rest_route=%2Fwp%2Fv2%2Fproduct_tag&post=5233"}],"curies":[{"name":"wp","href":"https:\/\/api.w.org\/{rel}","templated":true}]}}