{"id":5219,"date":"2025-10-19T09:17:38","date_gmt":"2025-10-19T09:17:38","guid":{"rendered":"https:\/\/wavexia.com\/product\/natures-answer-licorice-root-2000-mg-30-ml\/"},"modified":"2026-03-10T07:31:08","modified_gmt":"2026-03-10T07:31:08","slug":"natures-answer-licorice-root-2000-mg-30-ml","status":"publish","type":"product","link":"https:\/\/wavexia.com\/?product=natures-answer-licorice-root-2000-mg-30-ml","title":{"rendered":"Nature\u2019s Answer LICORICE ROOT 2000 mg 30 ml"},"content":{"rendered":"<h2>Description<\/h2>\n<div id=\"name\" class=\"product-summary-title\">Licorice Root, Racine de r\u00e9glisse, Extrait liquide, Sans alcool, 2000 mg.<\/p>\n<p>Ultra concentr\u00e9 avec 2000 mg par portion, l\u2019extrait de r\u00e9glisse de Nature\u2019s Answer favorise la sant\u00e9 du syst\u00e8me immunitaire. Il permet une digestion saine et harmonise les \u00e9nergies du corps.<\/p>\n<ul class=\"a-unordered-list a-vertical a-spacing-mini\">\n<li class=\"a-spacing-mini\"><span class=\"a-list-item\">HAUTE DOSE : Une dose, 67 gouttes, d\u2019extrait de racine de r\u00e9glisse de Nature\u2019s Answer contient 2000mg d\u2019extrait de racine de r\u00e9glisse, que vous pouvez donner \u00e0 votre corps chaque jour<\/span><\/li>\n<li class=\"a-spacing-mini\"><span class=\"a-list-item\">BONNE BIODISPONIBILIT\u00c9 : L\u2019extrait de racine de r\u00e9glisse Nature\u2019s Answer se caract\u00e9rise par une bonne biodisponibilit\u00e9 et est produit sans gluten, sans soja et sans OGM<\/span><\/li>\n<li class=\"a-spacing-mini\"><span class=\"a-list-item\">HAUTE QUALIT\u00c9 : La qualit\u00e9 et la puret\u00e9 des gouttes de lactose de Nature\u2019s Answer sont test\u00e9es dans des laboratoires ind\u00e9pendants<\/span><\/li>\n<li class=\"a-spacing-mini\"><span class=\"a-list-item\">SANS ADDITIFS IND\u00c9SIRABLES : Les gouttes de racine de r\u00e9glisse de Nature\u2019s Answer sont exemptes de gluten et fabriqu\u00e9es sans g\u00e9nie g\u00e9n\u00e9tique<\/span><\/li>\n<\/ul>\n<p><strong>Conseils d\u2019utilisation:<\/strong><\/p>\n<p>En compl\u00e9ment alimentaire, prenez 1 \u00e0 2&nbsp;ml (33 \u00e0 67&nbsp;gouttes) trois&nbsp;(3)&nbsp;fois par jour avec une petite quantit\u00e9 d\u2019eau.<\/p>\n<p>Secouez bien avant utilisation.<\/p>\n<\/div>\n","protected":false},"excerpt":{"rendered":"<p>Description Licorice Root, Racine de r\u00e9glisse, Extrait liquide, Sans alcool, 2000 mg. Ultra concentr\u00e9 avec 2000 mg par portion, l\u2019extrait de r\u00e9glisse de Nature\u2019s Answer favorise la sant\u00e9 du syst\u00e8me immunitaire. Il permet une digestion saine et harmonise les \u00e9nergies du corps. HAUTE DOSE : Une dose, 67 gouttes, d\u2019extrait de racine de r\u00e9glisse de [&hellip;]<\/p>\n","protected":false},"featured_media":5218,"comment_status":"open","ping_status":"closed","template":"","meta":{"content-type":"","_uag_custom_page_level_css":""},"pwb-brand":[],"product_brand":[],"product_cat":[382,327,329,338],"product_tag":[],"class_list":{"0":"post-5219","1":"product","2":"type-product","3":"status-publish","4":"has-post-thumbnail","6":"product_cat-derniere-chance","7":"product_cat-hmizat","8":"product_cat-produits-americains","9":"product_cat-serum-ampoule","11":"first","12":"instock","13":"sale","14":"shipping-taxable","15":"purchasable","16":"product-type-simple"},"aioseo_notices":[],"uagb_featured_image_src":{"full":["https:\/\/wavexia.com\/wp-content\/uploads\/2025\/10\/1-1-1.jpg",680,680,false],"thumbnail":["https:\/\/wavexia.com\/wp-content\/uploads\/2025\/10\/1-1-1-150x150.jpg",150,150,true],"medium":["https:\/\/wavexia.com\/wp-content\/uploads\/2025\/10\/1-1-1-300x300.jpg",300,300,true],"medium_large":["https:\/\/wavexia.com\/wp-content\/uploads\/2025\/10\/1-1-1.jpg",680,680,false],"large":["https:\/\/wavexia.com\/wp-content\/uploads\/2025\/10\/1-1-1.jpg",680,680,false],"1536x1536":["https:\/\/wavexia.com\/wp-content\/uploads\/2025\/10\/1-1-1.jpg",680,680,false],"2048x2048":["https:\/\/wavexia.com\/wp-content\/uploads\/2025\/10\/1-1-1.jpg",680,680,false],"woocommerce_archive_thumbnail":["https:\/\/wavexia.com\/wp-content\/uploads\/2025\/10\/1-1-1-300x300.jpg",300,300,true],"woocommerce_thumbnail":["https:\/\/wavexia.com\/wp-content\/uploads\/2025\/10\/1-1-1-300x300.jpg",300,300,true],"woocommerce_single":["https:\/\/wavexia.com\/wp-content\/uploads\/2025\/10\/1-1-1-600x600.jpg",600,600,true],"woocommerce_gallery_thumbnail":["https:\/\/wavexia.com\/wp-content\/uploads\/2025\/10\/1-1-1-100x100.jpg",100,100,true]},"uagb_author_info":{"display_name":"zineddine.ayoub98@gmail.com","author_link":"https:\/\/wavexia.com\/?author=0"},"uagb_comment_info":0,"uagb_excerpt":"Description Licorice Root, Racine de r\u00e9glisse, Extrait liquide, Sans alcool, 2000 mg. Ultra concentr\u00e9 avec 2000 mg par portion, l\u2019extrait de r\u00e9glisse de Nature\u2019s Answer favorise la sant\u00e9 du syst\u00e8me immunitaire. Il permet une digestion saine et harmonise les \u00e9nergies du corps. HAUTE DOSE : Une dose, 67 gouttes, d\u2019extrait de racine de r\u00e9glisse de&hellip;","brands":[],"_links":{"self":[{"href":"https:\/\/wavexia.com\/index.php?rest_route=\/wp\/v2\/product\/5219","targetHints":{"allow":["GET"]}}],"collection":[{"href":"https:\/\/wavexia.com\/index.php?rest_route=\/wp\/v2\/product"}],"about":[{"href":"https:\/\/wavexia.com\/index.php?rest_route=\/wp\/v2\/types\/product"}],"replies":[{"embeddable":true,"href":"https:\/\/wavexia.com\/index.php?rest_route=%2Fwp%2Fv2%2Fcomments&post=5219"}],"wp:featuredmedia":[{"embeddable":true,"href":"https:\/\/wavexia.com\/index.php?rest_route=\/wp\/v2\/media\/5218"}],"wp:attachment":[{"href":"https:\/\/wavexia.com\/index.php?rest_route=%2Fwp%2Fv2%2Fmedia&parent=5219"}],"wp:term":[{"taxonomy":"pwb-brand","embeddable":true,"href":"https:\/\/wavexia.com\/index.php?rest_route=%2Fwp%2Fv2%2Fpwb-brand&post=5219"},{"taxonomy":"product_brand","embeddable":true,"href":"https:\/\/wavexia.com\/index.php?rest_route=%2Fwp%2Fv2%2Fproduct_brand&post=5219"},{"taxonomy":"product_cat","embeddable":true,"href":"https:\/\/wavexia.com\/index.php?rest_route=%2Fwp%2Fv2%2Fproduct_cat&post=5219"},{"taxonomy":"product_tag","embeddable":true,"href":"https:\/\/wavexia.com\/index.php?rest_route=%2Fwp%2Fv2%2Fproduct_tag&post=5219"}],"curies":[{"name":"wp","href":"https:\/\/api.w.org\/{rel}","templated":true}]}}