{"id":5151,"date":"2025-10-19T09:16:38","date_gmt":"2025-10-19T09:16:38","guid":{"rendered":"https:\/\/wavexia.com\/product\/goodal-green-tangerine-vita-c-dark-spot-care-cream-50ml\/"},"modified":"2026-03-10T07:31:07","modified_gmt":"2026-03-10T07:31:07","slug":"goodal-green-tangerine-vita-c-dark-spot-care-cream-50ml","status":"publish","type":"product","link":"https:\/\/wavexia.com\/?product=goodal-green-tangerine-vita-c-dark-spot-care-cream-50ml","title":{"rendered":"Goodal \u2013 Green Tangerine Vita C Dark Spot Care Cream 50ml"},"content":{"rendered":"<h2>Description<\/h2>\n<p>La Goodal Green Tangerine Vita C Dark Spot Care Cream est une cr\u00e8me r\u00e9paratrice de jeunesse contenant de puissants antioxydants issus de la mandarine verte et de la vitamine C.<\/p>\n<p>L\u2019extrait de mandarine verte et la niacinamide garantissent que votre peau terne retrouve en un rien de temps l\u2019\u00e9nergie de sa jeunesse.<\/p>\n<p><strong>Cette cr\u00e8me :<\/strong><\/p>\n<ul>\n<li>convient \u00e0 tous les types de peau<\/li>\n<li>cr\u00e8me r\u00e9g\u00e9n\u00e9ratrice de jeunesse<\/li>\n<li>r\u00e9duit les taches brunes, les rides, les ridules et les imperfections.<\/li>\n<li>id\u00e9al pour les peaux ternes<\/li>\n<li>contient de l\u2019extrait de mandarine verte, de la vitamine C et de la niacinamide<\/li>\n<li>sans cruaut\u00e9<\/li>\n<\/ul>\n<p><strong>Comment utiliser:<\/strong><\/p>\n<ul>\n<li>Appliquez la cr\u00e8me uniform\u00e9ment sur l\u2019ensemble de votre visage.<\/li>\n<li>Tamponnez-le doucement sur votre visage.<\/li>\n<\/ul>\n<p><strong>Ingr\u00e9dients:<br \/><\/strong>Extrait de mandarine (68 %), dipropyl\u00e8ne glycol, glyc\u00e9rine, niacinamide, butyl\u00e8ne glycol, 1,2-hexanediol, eau purifi\u00e9e, huile de graines de limnanthe, pentyl\u00e8ne glycol, extrait de mousse d\u2019Irlande, extrait de chlorella vulgaris, extrait de canne \u00e0 sucre, huile de bergamote, m\u00fbre indienne. Extrait de fleur, gomme arabique, extrait de feuille de basilic sacr\u00e9, extrait de feuille de m\u00fbrier indien, huile de lavande, extrait de racine de curcuma, extrait de v\u00e9ritable corail, huile d\u2019\u00e9corce de citron, huile de fleur d\u2019ylang ylang, huile d\u2019\u00e9corce d\u2019orange, extrait de feuille d\u2019eucalyptus, extrait de fleur de riz blanc, cacao. Extrait de graines, extrait de rose tr\u00e9mi\u00e8re, extrait de th\u00e9 vert, vinyle dim\u00e9thicone, acryloyl dim\u00e9thyltaurate d\u2019ammonium\/VPicopolym\u00e8re, panth\u00e9nol, tr\u00e9halose, triglyc\u00e9ride caprylique\/caprique, acrylique\/polym\u00e8re crois\u00e9 d\u2019acrylate d\u2019alkyle c10 -30, hydroxyac\u00e9toph\u00e9none, trom\u00e9thamine, diisost\u00e9arylmallate, glucose, fructo-oligosaccharide, Fructo-oligosaccharide, polym\u00e8re crois\u00e9 dim\u00e9thicone\/vinyldim\u00e9thicone, ac\u00e9tate de tocoph\u00e9ryle, ad\u00e9nosine, \u00e9thylhexylglyc\u00e9rine, phytate de sodium, g\u00e9lose, silice, dextrine, xanthophylle, phosphate d\u2019ascorbyle de sodium, Li Mon\u00e8ne, Linalol.<\/p>\n","protected":false},"excerpt":{"rendered":"<p>Description La Goodal Green Tangerine Vita C Dark Spot Care Cream est une cr\u00e8me r\u00e9paratrice de jeunesse contenant de puissants antioxydants issus de la mandarine verte et de la vitamine C. L\u2019extrait de mandarine verte et la niacinamide garantissent que votre peau terne retrouve en un rien de temps l\u2019\u00e9nergie de sa jeunesse. Cette cr\u00e8me [&hellip;]<\/p>\n","protected":false},"featured_media":5150,"comment_status":"open","ping_status":"closed","template":"","meta":{"content-type":"","_uag_custom_page_level_css":""},"pwb-brand":[],"product_brand":[],"product_cat":[324,411,334,387],"product_tag":[],"class_list":{"0":"post-5151","1":"product","2":"type-product","3":"status-publish","4":"has-post-thumbnail","6":"product_cat-creme","7":"product_cat-goodal","8":"product_cat-produits-coreens","9":"product_cat-vitamin-c","11":"first","12":"instock","13":"sale","14":"shipping-taxable","15":"purchasable","16":"product-type-simple"},"aioseo_notices":[],"uagb_featured_image_src":{"full":["https:\/\/wavexia.com\/wp-content\/uploads\/2025\/10\/Product-page-sizes_80e2f18d-e8fe-4d23-9dd3-757f7e8d68c6.webp",800,800,false],"thumbnail":["https:\/\/wavexia.com\/wp-content\/uploads\/2025\/10\/Product-page-sizes_80e2f18d-e8fe-4d23-9dd3-757f7e8d68c6-150x150.webp",150,150,true],"medium":["https:\/\/wavexia.com\/wp-content\/uploads\/2025\/10\/Product-page-sizes_80e2f18d-e8fe-4d23-9dd3-757f7e8d68c6-300x300.webp",300,300,true],"medium_large":["https:\/\/wavexia.com\/wp-content\/uploads\/2025\/10\/Product-page-sizes_80e2f18d-e8fe-4d23-9dd3-757f7e8d68c6-768x768.webp",768,768,true],"large":["https:\/\/wavexia.com\/wp-content\/uploads\/2025\/10\/Product-page-sizes_80e2f18d-e8fe-4d23-9dd3-757f7e8d68c6.webp",800,800,false],"1536x1536":["https:\/\/wavexia.com\/wp-content\/uploads\/2025\/10\/Product-page-sizes_80e2f18d-e8fe-4d23-9dd3-757f7e8d68c6.webp",800,800,false],"2048x2048":["https:\/\/wavexia.com\/wp-content\/uploads\/2025\/10\/Product-page-sizes_80e2f18d-e8fe-4d23-9dd3-757f7e8d68c6.webp",800,800,false],"woocommerce_archive_thumbnail":["https:\/\/wavexia.com\/wp-content\/uploads\/2025\/10\/Product-page-sizes_80e2f18d-e8fe-4d23-9dd3-757f7e8d68c6-300x300.webp",300,300,true],"woocommerce_thumbnail":["https:\/\/wavexia.com\/wp-content\/uploads\/2025\/10\/Product-page-sizes_80e2f18d-e8fe-4d23-9dd3-757f7e8d68c6-300x300.webp",300,300,true],"woocommerce_single":["https:\/\/wavexia.com\/wp-content\/uploads\/2025\/10\/Product-page-sizes_80e2f18d-e8fe-4d23-9dd3-757f7e8d68c6-600x600.webp",600,600,true],"woocommerce_gallery_thumbnail":["https:\/\/wavexia.com\/wp-content\/uploads\/2025\/10\/Product-page-sizes_80e2f18d-e8fe-4d23-9dd3-757f7e8d68c6-100x100.webp",100,100,true]},"uagb_author_info":{"display_name":"zineddine.ayoub98@gmail.com","author_link":"https:\/\/wavexia.com\/?author=0"},"uagb_comment_info":0,"uagb_excerpt":"Description La Goodal Green Tangerine Vita C Dark Spot Care Cream est une cr\u00e8me r\u00e9paratrice de jeunesse contenant de puissants antioxydants issus de la mandarine verte et de la vitamine C. L\u2019extrait de mandarine verte et la niacinamide garantissent que votre peau terne retrouve en un rien de temps l\u2019\u00e9nergie de sa jeunesse. Cette cr\u00e8me&hellip;","brands":[],"_links":{"self":[{"href":"https:\/\/wavexia.com\/index.php?rest_route=\/wp\/v2\/product\/5151","targetHints":{"allow":["GET"]}}],"collection":[{"href":"https:\/\/wavexia.com\/index.php?rest_route=\/wp\/v2\/product"}],"about":[{"href":"https:\/\/wavexia.com\/index.php?rest_route=\/wp\/v2\/types\/product"}],"replies":[{"embeddable":true,"href":"https:\/\/wavexia.com\/index.php?rest_route=%2Fwp%2Fv2%2Fcomments&post=5151"}],"wp:featuredmedia":[{"embeddable":true,"href":"https:\/\/wavexia.com\/index.php?rest_route=\/wp\/v2\/media\/5150"}],"wp:attachment":[{"href":"https:\/\/wavexia.com\/index.php?rest_route=%2Fwp%2Fv2%2Fmedia&parent=5151"}],"wp:term":[{"taxonomy":"pwb-brand","embeddable":true,"href":"https:\/\/wavexia.com\/index.php?rest_route=%2Fwp%2Fv2%2Fpwb-brand&post=5151"},{"taxonomy":"product_brand","embeddable":true,"href":"https:\/\/wavexia.com\/index.php?rest_route=%2Fwp%2Fv2%2Fproduct_brand&post=5151"},{"taxonomy":"product_cat","embeddable":true,"href":"https:\/\/wavexia.com\/index.php?rest_route=%2Fwp%2Fv2%2Fproduct_cat&post=5151"},{"taxonomy":"product_tag","embeddable":true,"href":"https:\/\/wavexia.com\/index.php?rest_route=%2Fwp%2Fv2%2Fproduct_tag&post=5151"}],"curies":[{"name":"wp","href":"https:\/\/api.w.org\/{rel}","templated":true}]}}