{"id":5138,"date":"2025-10-19T09:16:32","date_gmt":"2025-10-19T09:16:32","guid":{"rendered":"https:\/\/wavexia.com\/product\/now-niacin-500-mg-100-veg-capsules\/"},"modified":"2026-03-10T07:31:07","modified_gmt":"2026-03-10T07:31:07","slug":"now-niacin-500-mg-100-veg-capsules","status":"publish","type":"product","link":"https:\/\/wavexia.com\/?product=now-niacin-500-mg-100-veg-capsules","title":{"rendered":"Now Niacin (500 mg) 100 veg capsules"},"content":{"rendered":"<h2>Description<\/h2>\n<p><span class=\"a-list-item\"><strong>NIACINE\/VITAMINE B-3 :<\/strong>&nbsp;La niacine (vitamine B-3) est une vitamine essentielle du groupe B n\u00e9cessaire \u00e0 une bonne sant\u00e9.<\/span><\/p>\n<p><span class=\"a-list-item\"><strong>SANT\u00c9 NUTRITIONNELLE :<\/strong>&nbsp;Prendre 1 g\u00e9lule par jour au besoin, avec un repas. Cette g\u00e9lule tr\u00e8s puissante doit \u00eatre prise sous la supervision d\u2019un m\u00e9decin.<\/span><\/p>\n<p><span class=\"a-list-item\"><strong>CERTIFICATIONS\/CLASSIFICATIONS :<\/strong>&nbsp;Sans soja, sans gluten, sans produits laitiers, sans \u0153ufs, sans noix<\/span><\/p>\n<p><span class=\"a-list-item\"><strong>Qualit\u00e9 GMP assur\u00e9e :<\/strong>&nbsp;La certification BPF NPA A, ce qui signifie que tous les aspects du processus de fabrication de NOW ont \u00e9t\u00e9 examin\u00e9s, y compris nos m\u00e9thodes de laboratoire\/d\u2019essai (pour la stabilit\u00e9, la puissance et la formulation du produit).<\/span><\/p>\n<h5>utilisation:<\/h5>\n<p>Utilisation sugg\u00e9r\u00e9e : En tant que compl\u00e9ment alimentaire, prendre 1 capsule par jour au besoin, avec un repas ; ou \u00e0 prendre selon les directives de votre professionnel de la sant\u00e9.<\/p>\n","protected":false},"excerpt":{"rendered":"<p>Description NIACINE\/VITAMINE B-3 :&nbsp;La niacine (vitamine B-3) est une vitamine essentielle du groupe B n\u00e9cessaire \u00e0 une bonne sant\u00e9. SANT\u00c9 NUTRITIONNELLE :&nbsp;Prendre 1 g\u00e9lule par jour au besoin, avec un repas. Cette g\u00e9lule tr\u00e8s puissante doit \u00eatre prise sous la supervision d\u2019un m\u00e9decin. CERTIFICATIONS\/CLASSIFICATIONS :&nbsp;Sans soja, sans gluten, sans produits laitiers, sans \u0153ufs, sans noix [&hellip;]<\/p>\n","protected":false},"featured_media":5137,"comment_status":"open","ping_status":"closed","template":"","meta":{"content-type":"","_uag_custom_page_level_css":""},"pwb-brand":[],"product_brand":[],"product_cat":[330],"product_tag":[],"class_list":{"0":"post-5138","1":"product","2":"type-product","3":"status-publish","4":"has-post-thumbnail","6":"product_cat-complements-alimentaires","8":"first","9":"instock","10":"shipping-taxable","11":"purchasable","12":"product-type-simple"},"aioseo_notices":[],"uagb_featured_image_src":{"full":["https:\/\/wavexia.com\/wp-content\/uploads\/2025\/10\/1-3.jpg",500,500,false],"thumbnail":["https:\/\/wavexia.com\/wp-content\/uploads\/2025\/10\/1-3-150x150.jpg",150,150,true],"medium":["https:\/\/wavexia.com\/wp-content\/uploads\/2025\/10\/1-3-300x300.jpg",300,300,true],"medium_large":["https:\/\/wavexia.com\/wp-content\/uploads\/2025\/10\/1-3.jpg",500,500,false],"large":["https:\/\/wavexia.com\/wp-content\/uploads\/2025\/10\/1-3.jpg",500,500,false],"1536x1536":["https:\/\/wavexia.com\/wp-content\/uploads\/2025\/10\/1-3.jpg",500,500,false],"2048x2048":["https:\/\/wavexia.com\/wp-content\/uploads\/2025\/10\/1-3.jpg",500,500,false],"woocommerce_archive_thumbnail":["https:\/\/wavexia.com\/wp-content\/uploads\/2025\/10\/1-3-300x300.jpg",300,300,true],"woocommerce_thumbnail":["https:\/\/wavexia.com\/wp-content\/uploads\/2025\/10\/1-3-300x300.jpg",300,300,true],"woocommerce_single":["https:\/\/wavexia.com\/wp-content\/uploads\/2025\/10\/1-3.jpg",500,500,false],"woocommerce_gallery_thumbnail":["https:\/\/wavexia.com\/wp-content\/uploads\/2025\/10\/1-3-100x100.jpg",100,100,true]},"uagb_author_info":{"display_name":"zineddine.ayoub98@gmail.com","author_link":"https:\/\/wavexia.com\/?author=0"},"uagb_comment_info":0,"uagb_excerpt":"Description NIACINE\/VITAMINE B-3 :&nbsp;La niacine (vitamine B-3) est une vitamine essentielle du groupe B n\u00e9cessaire \u00e0 une bonne sant\u00e9. SANT\u00c9 NUTRITIONNELLE :&nbsp;Prendre 1 g\u00e9lule par jour au besoin, avec un repas. Cette g\u00e9lule tr\u00e8s puissante doit \u00eatre prise sous la supervision d\u2019un m\u00e9decin. CERTIFICATIONS\/CLASSIFICATIONS :&nbsp;Sans soja, sans gluten, sans produits laitiers, sans \u0153ufs, sans noix&hellip;","brands":[],"_links":{"self":[{"href":"https:\/\/wavexia.com\/index.php?rest_route=\/wp\/v2\/product\/5138","targetHints":{"allow":["GET"]}}],"collection":[{"href":"https:\/\/wavexia.com\/index.php?rest_route=\/wp\/v2\/product"}],"about":[{"href":"https:\/\/wavexia.com\/index.php?rest_route=\/wp\/v2\/types\/product"}],"replies":[{"embeddable":true,"href":"https:\/\/wavexia.com\/index.php?rest_route=%2Fwp%2Fv2%2Fcomments&post=5138"}],"wp:featuredmedia":[{"embeddable":true,"href":"https:\/\/wavexia.com\/index.php?rest_route=\/wp\/v2\/media\/5137"}],"wp:attachment":[{"href":"https:\/\/wavexia.com\/index.php?rest_route=%2Fwp%2Fv2%2Fmedia&parent=5138"}],"wp:term":[{"taxonomy":"pwb-brand","embeddable":true,"href":"https:\/\/wavexia.com\/index.php?rest_route=%2Fwp%2Fv2%2Fpwb-brand&post=5138"},{"taxonomy":"product_brand","embeddable":true,"href":"https:\/\/wavexia.com\/index.php?rest_route=%2Fwp%2Fv2%2Fproduct_brand&post=5138"},{"taxonomy":"product_cat","embeddable":true,"href":"https:\/\/wavexia.com\/index.php?rest_route=%2Fwp%2Fv2%2Fproduct_cat&post=5138"},{"taxonomy":"product_tag","embeddable":true,"href":"https:\/\/wavexia.com\/index.php?rest_route=%2Fwp%2Fv2%2Fproduct_tag&post=5138"}],"curies":[{"name":"wp","href":"https:\/\/api.w.org\/{rel}","templated":true}]}}