{"id":5120,"date":"2025-10-19T09:16:20","date_gmt":"2025-10-19T09:16:20","guid":{"rendered":"https:\/\/wavexia.com\/product\/marvis-dentifrice-cinnamon-mint-85-ml\/"},"modified":"2026-03-10T07:31:07","modified_gmt":"2026-03-10T07:31:07","slug":"marvis-dentifrice-cinnamon-mint-85-ml","status":"publish","type":"product","link":"https:\/\/wavexia.com\/?product=marvis-dentifrice-cinnamon-mint-85-ml","title":{"rendered":"MARVIS DENTIFRICE CINNAMON MINT 85 ML"},"content":{"rendered":"<h2>Description<\/h2>\n<p>Le dentifrice Marvis Cinnamon Mintprocure une sensation de picotement qui combine l\u2019exotisme de la cannelle et la fra\u00eecheur de la menthe.<\/p>\n<div class=\"utilsation\"><b>Utilisation:<\/b><br \/>Il est recommand\u00e9 de se brosser les dents apr\u00e8s chaque repas pendant deux minutes, soit trois fois par jour. Au minium deux fois par jour, matin et soir. Pr\u00e9levez une petite quantit\u00e9 de dentifrice et proc\u00e9dez \u00e0 un brossage vertical, de haut en bas.Pensez \u00e0 changer votre brosse \u00e0 dents tous les trois mois environ.<\/p>\n<div class=\"composition\"><b>Composition:<\/b><br \/>Glycerin, Aluminium Hydroxide, Aqua (Water\/Eau), Silica, Aroma (Flavor), Cellulose Gum, Titanium Dioxide, Xylitol, Sodium Lauryl Sulfate, Sodium Saccharin, Sodium Fluoride, Citric Acid, Sodium Citrate, Cinnamal,Cinnamyl, Alcohol, Cinnamal, Limonene, Eugenol<\/div>\n<\/div>\n","protected":false},"excerpt":{"rendered":"<p>Description Le dentifrice Marvis Cinnamon Mintprocure une sensation de picotement qui combine l\u2019exotisme de la cannelle et la fra\u00eecheur de la menthe. Utilisation:Il est recommand\u00e9 de se brosser les dents apr\u00e8s chaque repas pendant deux minutes, soit trois fois par jour. Au minium deux fois par jour, matin et soir. Pr\u00e9levez une petite quantit\u00e9 de [&hellip;]<\/p>\n","protected":false},"featured_media":5119,"comment_status":"open","ping_status":"closed","template":"","meta":{"content-type":"","_uag_custom_page_level_css":""},"pwb-brand":[],"product_brand":[],"product_cat":[440,374],"product_tag":[],"class_list":{"0":"post-5120","1":"product","2":"type-product","3":"status-publish","4":"has-post-thumbnail","6":"product_cat-marvis","7":"product_cat-soins-dentaires","9":"first","10":"instock","11":"sale","12":"shipping-taxable","13":"purchasable","14":"product-type-simple"},"aioseo_notices":[],"uagb_featured_image_src":{"full":["https:\/\/wavexia.com\/wp-content\/uploads\/2025\/10\/marvis-dentifrice-cinnamon-mint-85ml.jpg",800,800,false],"thumbnail":["https:\/\/wavexia.com\/wp-content\/uploads\/2025\/10\/marvis-dentifrice-cinnamon-mint-85ml-150x150.jpg",150,150,true],"medium":["https:\/\/wavexia.com\/wp-content\/uploads\/2025\/10\/marvis-dentifrice-cinnamon-mint-85ml-300x300.jpg",300,300,true],"medium_large":["https:\/\/wavexia.com\/wp-content\/uploads\/2025\/10\/marvis-dentifrice-cinnamon-mint-85ml-768x768.jpg",768,768,true],"large":["https:\/\/wavexia.com\/wp-content\/uploads\/2025\/10\/marvis-dentifrice-cinnamon-mint-85ml.jpg",800,800,false],"1536x1536":["https:\/\/wavexia.com\/wp-content\/uploads\/2025\/10\/marvis-dentifrice-cinnamon-mint-85ml.jpg",800,800,false],"2048x2048":["https:\/\/wavexia.com\/wp-content\/uploads\/2025\/10\/marvis-dentifrice-cinnamon-mint-85ml.jpg",800,800,false],"woocommerce_archive_thumbnail":["https:\/\/wavexia.com\/wp-content\/uploads\/2025\/10\/marvis-dentifrice-cinnamon-mint-85ml-300x300.jpg",300,300,true],"woocommerce_thumbnail":["https:\/\/wavexia.com\/wp-content\/uploads\/2025\/10\/marvis-dentifrice-cinnamon-mint-85ml-300x300.jpg",300,300,true],"woocommerce_single":["https:\/\/wavexia.com\/wp-content\/uploads\/2025\/10\/marvis-dentifrice-cinnamon-mint-85ml-600x600.jpg",600,600,true],"woocommerce_gallery_thumbnail":["https:\/\/wavexia.com\/wp-content\/uploads\/2025\/10\/marvis-dentifrice-cinnamon-mint-85ml-100x100.jpg",100,100,true]},"uagb_author_info":{"display_name":"zineddine.ayoub98@gmail.com","author_link":"https:\/\/wavexia.com\/?author=0"},"uagb_comment_info":0,"uagb_excerpt":"Description Le dentifrice Marvis Cinnamon Mintprocure une sensation de picotement qui combine l\u2019exotisme de la cannelle et la fra\u00eecheur de la menthe. Utilisation:Il est recommand\u00e9 de se brosser les dents apr\u00e8s chaque repas pendant deux minutes, soit trois fois par jour. Au minium deux fois par jour, matin et soir. Pr\u00e9levez une petite quantit\u00e9 de&hellip;","brands":[],"_links":{"self":[{"href":"https:\/\/wavexia.com\/index.php?rest_route=\/wp\/v2\/product\/5120","targetHints":{"allow":["GET"]}}],"collection":[{"href":"https:\/\/wavexia.com\/index.php?rest_route=\/wp\/v2\/product"}],"about":[{"href":"https:\/\/wavexia.com\/index.php?rest_route=\/wp\/v2\/types\/product"}],"replies":[{"embeddable":true,"href":"https:\/\/wavexia.com\/index.php?rest_route=%2Fwp%2Fv2%2Fcomments&post=5120"}],"wp:featuredmedia":[{"embeddable":true,"href":"https:\/\/wavexia.com\/index.php?rest_route=\/wp\/v2\/media\/5119"}],"wp:attachment":[{"href":"https:\/\/wavexia.com\/index.php?rest_route=%2Fwp%2Fv2%2Fmedia&parent=5120"}],"wp:term":[{"taxonomy":"pwb-brand","embeddable":true,"href":"https:\/\/wavexia.com\/index.php?rest_route=%2Fwp%2Fv2%2Fpwb-brand&post=5120"},{"taxonomy":"product_brand","embeddable":true,"href":"https:\/\/wavexia.com\/index.php?rest_route=%2Fwp%2Fv2%2Fproduct_brand&post=5120"},{"taxonomy":"product_cat","embeddable":true,"href":"https:\/\/wavexia.com\/index.php?rest_route=%2Fwp%2Fv2%2Fproduct_cat&post=5120"},{"taxonomy":"product_tag","embeddable":true,"href":"https:\/\/wavexia.com\/index.php?rest_route=%2Fwp%2Fv2%2Fproduct_tag&post=5120"}],"curies":[{"name":"wp","href":"https:\/\/api.w.org\/{rel}","templated":true}]}}