{"id":5114,"date":"2025-10-19T09:16:16","date_gmt":"2025-10-19T09:16:16","guid":{"rendered":"https:\/\/wavexia.com\/product\/elie-saab-le-parfum-lumiere-coffret-50ml-75ml\/"},"modified":"2026-03-10T07:31:07","modified_gmt":"2026-03-10T07:31:07","slug":"elie-saab-le-parfum-lumiere-coffret-50ml-75ml","status":"publish","type":"product","link":"https:\/\/wavexia.com\/?product=elie-saab-le-parfum-lumiere-coffret-50ml-75ml","title":{"rendered":"Elie Saab Le Parfum Lumiere Coffret 50ml + 75ml"},"content":{"rendered":"<h2>Description<\/h2>\n<p>50ml Eau De Parfum.<br \/>75ml Lait Corps Parfume.<br \/>Le Parfum Lumi\u00e8re de Elie Saab est un parfum Orientale Floral pour femme. Le Parfum Lumi\u00e8re a \u00e9t\u00e9 lanc\u00e9 en 2021. Le nez derri\u00e8re ce parfum est Francis Kurkdjian.<br \/>Notes parfum\u00e9es:<br \/>Les notes de t\u00eate sont Fleur d\u2019oranger, Ylang-ylang et Mandarine.<br \/>Les notes de coeur sont Jasmin Sambac, Tub\u00e9reuse et Gard\u00e9nia.<br \/>Les notes de fond sont Patchouli, Musc, Notes bois\u00e9es et Ambre.<\/p>\n","protected":false},"excerpt":{"rendered":"<p>Description 50ml Eau De Parfum.75ml Lait Corps Parfume.Le Parfum Lumi\u00e8re de Elie Saab est un parfum Orientale Floral pour femme. Le Parfum Lumi\u00e8re a \u00e9t\u00e9 lanc\u00e9 en 2021. Le nez derri\u00e8re ce parfum est Francis Kurkdjian.Notes parfum\u00e9es:Les notes de t\u00eate sont Fleur d\u2019oranger, Ylang-ylang et Mandarine.Les notes de coeur sont Jasmin Sambac, Tub\u00e9reuse et Gard\u00e9nia.Les [&hellip;]<\/p>\n","protected":false},"featured_media":5113,"comment_status":"open","ping_status":"closed","template":"","meta":{"content-type":"","_uag_custom_page_level_css":""},"pwb-brand":[],"product_brand":[],"product_cat":[331,328,397],"product_tag":[],"class_list":{"0":"post-5114","1":"product","2":"type-product","3":"status-publish","4":"has-post-thumbnail","6":"product_cat-idees-cadeaux","7":"product_cat-nouveautes","8":"product_cat-parfums","10":"first","11":"instock","12":"shipping-taxable","13":"purchasable","14":"product-type-simple"},"aioseo_notices":[],"uagb_featured_image_src":{"full":["https:\/\/wavexia.com\/wp-content\/uploads\/2025\/10\/le-parfum-lumiere___240806.webp",800,608,false],"thumbnail":["https:\/\/wavexia.com\/wp-content\/uploads\/2025\/10\/le-parfum-lumiere___240806-150x150.webp",150,150,true],"medium":["https:\/\/wavexia.com\/wp-content\/uploads\/2025\/10\/le-parfum-lumiere___240806-300x228.webp",300,228,true],"medium_large":["https:\/\/wavexia.com\/wp-content\/uploads\/2025\/10\/le-parfum-lumiere___240806-768x584.webp",768,584,true],"large":["https:\/\/wavexia.com\/wp-content\/uploads\/2025\/10\/le-parfum-lumiere___240806.webp",800,608,false],"1536x1536":["https:\/\/wavexia.com\/wp-content\/uploads\/2025\/10\/le-parfum-lumiere___240806.webp",800,608,false],"2048x2048":["https:\/\/wavexia.com\/wp-content\/uploads\/2025\/10\/le-parfum-lumiere___240806.webp",800,608,false],"woocommerce_archive_thumbnail":["https:\/\/wavexia.com\/wp-content\/uploads\/2025\/10\/le-parfum-lumiere___240806-300x228.webp",300,228,true],"woocommerce_thumbnail":["https:\/\/wavexia.com\/wp-content\/uploads\/2025\/10\/le-parfum-lumiere___240806-300x300.webp",300,300,true],"woocommerce_single":["https:\/\/wavexia.com\/wp-content\/uploads\/2025\/10\/le-parfum-lumiere___240806-600x456.webp",600,456,true],"woocommerce_gallery_thumbnail":["https:\/\/wavexia.com\/wp-content\/uploads\/2025\/10\/le-parfum-lumiere___240806-100x100.webp",100,100,true]},"uagb_author_info":{"display_name":"zineddine.ayoub98@gmail.com","author_link":"https:\/\/wavexia.com\/?author=0"},"uagb_comment_info":0,"uagb_excerpt":"Description 50ml Eau De Parfum.75ml Lait Corps Parfume.Le Parfum Lumi\u00e8re de Elie Saab est un parfum Orientale Floral pour femme. Le Parfum Lumi\u00e8re a \u00e9t\u00e9 lanc\u00e9 en 2021. Le nez derri\u00e8re ce parfum est Francis Kurkdjian.Notes parfum\u00e9es:Les notes de t\u00eate sont Fleur d\u2019oranger, Ylang-ylang et Mandarine.Les notes de coeur sont Jasmin Sambac, Tub\u00e9reuse et Gard\u00e9nia.Les&hellip;","brands":[],"_links":{"self":[{"href":"https:\/\/wavexia.com\/index.php?rest_route=\/wp\/v2\/product\/5114","targetHints":{"allow":["GET"]}}],"collection":[{"href":"https:\/\/wavexia.com\/index.php?rest_route=\/wp\/v2\/product"}],"about":[{"href":"https:\/\/wavexia.com\/index.php?rest_route=\/wp\/v2\/types\/product"}],"replies":[{"embeddable":true,"href":"https:\/\/wavexia.com\/index.php?rest_route=%2Fwp%2Fv2%2Fcomments&post=5114"}],"wp:featuredmedia":[{"embeddable":true,"href":"https:\/\/wavexia.com\/index.php?rest_route=\/wp\/v2\/media\/5113"}],"wp:attachment":[{"href":"https:\/\/wavexia.com\/index.php?rest_route=%2Fwp%2Fv2%2Fmedia&parent=5114"}],"wp:term":[{"taxonomy":"pwb-brand","embeddable":true,"href":"https:\/\/wavexia.com\/index.php?rest_route=%2Fwp%2Fv2%2Fpwb-brand&post=5114"},{"taxonomy":"product_brand","embeddable":true,"href":"https:\/\/wavexia.com\/index.php?rest_route=%2Fwp%2Fv2%2Fproduct_brand&post=5114"},{"taxonomy":"product_cat","embeddable":true,"href":"https:\/\/wavexia.com\/index.php?rest_route=%2Fwp%2Fv2%2Fproduct_cat&post=5114"},{"taxonomy":"product_tag","embeddable":true,"href":"https:\/\/wavexia.com\/index.php?rest_route=%2Fwp%2Fv2%2Fproduct_tag&post=5114"}],"curies":[{"name":"wp","href":"https:\/\/api.w.org\/{rel}","templated":true}]}}