{"id":5112,"date":"2025-10-19T09:16:15","date_gmt":"2025-10-19T09:16:15","guid":{"rendered":"https:\/\/wavexia.com\/product\/rituals-yozakura-anti-perspirant-spray-150ml\/"},"modified":"2026-03-10T07:31:07","modified_gmt":"2026-03-10T07:31:07","slug":"rituals-yozakura-anti-perspirant-spray-150ml","status":"publish","type":"product","link":"https:\/\/wavexia.com\/?product=rituals-yozakura-anti-perspirant-spray-150ml","title":{"rendered":"Rituals Yozakura Anti-Perspirant Spray 150ml"},"content":{"rendered":"<h2>Description<\/h2>\n<p>Rituals Le Rituel de Yozakura est un antisudorifique exquis de la collection The Ritual of Yozakura de&nbsp;<a href=\"https:\/\/paradiz.com.ua\/ua\/rituals\">Rituals Cosmetics<\/a>, inspir\u00e9 du rite japonais de la contemplation nocturne des cerisiers en fleurs. C\u2019est un produit d\u2019hygi\u00e8ne, un v\u00e9ritable rituel de fra\u00eecheur, de confiance et d\u2019harmonie int\u00e9rieure tout au long de la journ\u00e9e. Formule l\u00e9g\u00e8re \u00e0 base d\u2019extrait de riz noir, le spray prend soin de la peau en douceur, offrant une protection de 24 heures contre la transpiration et les odeurs. La composition parfum\u00e9e unique de cerises Yoshino, d\u2019ambre chaud et de vanille d\u00e9licate conf\u00e8re au parfum douceur, calme et confort.<\/p>\n","protected":false},"excerpt":{"rendered":"<p>Description Rituals Le Rituel de Yozakura est un antisudorifique exquis de la collection The Ritual of Yozakura de&nbsp;Rituals Cosmetics, inspir\u00e9 du rite japonais de la contemplation nocturne des cerisiers en fleurs. C\u2019est un produit d\u2019hygi\u00e8ne, un v\u00e9ritable rituel de fra\u00eecheur, de confiance et d\u2019harmonie int\u00e9rieure tout au long de la journ\u00e9e. Formule l\u00e9g\u00e8re \u00e0 base [&hellip;]<\/p>\n","protected":false},"featured_media":5111,"comment_status":"open","ping_status":"closed","template":"","meta":{"content-type":"","_uag_custom_page_level_css":""},"pwb-brand":[],"product_brand":[],"product_cat":[322,332],"product_tag":[],"class_list":{"0":"post-5112","1":"product","2":"type-product","3":"status-publish","4":"has-post-thumbnail","6":"product_cat-corps-bain","7":"product_cat-rituals","9":"first","10":"instock","11":"shipping-taxable","12":"purchasable","13":"product-type-simple"},"aioseo_notices":[],"uagb_featured_image_src":{"full":["https:\/\/wavexia.com\/wp-content\/uploads\/2025\/10\/rituals-yozakura-antiperspirantspray-150ml-4-by-3-800x800-800x800-1.png",800,800,false],"thumbnail":["https:\/\/wavexia.com\/wp-content\/uploads\/2025\/10\/rituals-yozakura-antiperspirantspray-150ml-4-by-3-800x800-800x800-1-150x150.png",150,150,true],"medium":["https:\/\/wavexia.com\/wp-content\/uploads\/2025\/10\/rituals-yozakura-antiperspirantspray-150ml-4-by-3-800x800-800x800-1-300x300.png",300,300,true],"medium_large":["https:\/\/wavexia.com\/wp-content\/uploads\/2025\/10\/rituals-yozakura-antiperspirantspray-150ml-4-by-3-800x800-800x800-1-768x768.png",768,768,true],"large":["https:\/\/wavexia.com\/wp-content\/uploads\/2025\/10\/rituals-yozakura-antiperspirantspray-150ml-4-by-3-800x800-800x800-1.png",800,800,false],"1536x1536":["https:\/\/wavexia.com\/wp-content\/uploads\/2025\/10\/rituals-yozakura-antiperspirantspray-150ml-4-by-3-800x800-800x800-1.png",800,800,false],"2048x2048":["https:\/\/wavexia.com\/wp-content\/uploads\/2025\/10\/rituals-yozakura-antiperspirantspray-150ml-4-by-3-800x800-800x800-1.png",800,800,false],"woocommerce_archive_thumbnail":["https:\/\/wavexia.com\/wp-content\/uploads\/2025\/10\/rituals-yozakura-antiperspirantspray-150ml-4-by-3-800x800-800x800-1-300x300.png",300,300,true],"woocommerce_thumbnail":["https:\/\/wavexia.com\/wp-content\/uploads\/2025\/10\/rituals-yozakura-antiperspirantspray-150ml-4-by-3-800x800-800x800-1-300x300.png",300,300,true],"woocommerce_single":["https:\/\/wavexia.com\/wp-content\/uploads\/2025\/10\/rituals-yozakura-antiperspirantspray-150ml-4-by-3-800x800-800x800-1-600x600.png",600,600,true],"woocommerce_gallery_thumbnail":["https:\/\/wavexia.com\/wp-content\/uploads\/2025\/10\/rituals-yozakura-antiperspirantspray-150ml-4-by-3-800x800-800x800-1-100x100.png",100,100,true]},"uagb_author_info":{"display_name":"zineddine.ayoub98@gmail.com","author_link":"https:\/\/wavexia.com\/?author=0"},"uagb_comment_info":0,"uagb_excerpt":"Description Rituals Le Rituel de Yozakura est un antisudorifique exquis de la collection The Ritual of Yozakura de&nbsp;Rituals Cosmetics, inspir\u00e9 du rite japonais de la contemplation nocturne des cerisiers en fleurs. C\u2019est un produit d\u2019hygi\u00e8ne, un v\u00e9ritable rituel de fra\u00eecheur, de confiance et d\u2019harmonie int\u00e9rieure tout au long de la journ\u00e9e. Formule l\u00e9g\u00e8re \u00e0 base&hellip;","brands":[],"_links":{"self":[{"href":"https:\/\/wavexia.com\/index.php?rest_route=\/wp\/v2\/product\/5112","targetHints":{"allow":["GET"]}}],"collection":[{"href":"https:\/\/wavexia.com\/index.php?rest_route=\/wp\/v2\/product"}],"about":[{"href":"https:\/\/wavexia.com\/index.php?rest_route=\/wp\/v2\/types\/product"}],"replies":[{"embeddable":true,"href":"https:\/\/wavexia.com\/index.php?rest_route=%2Fwp%2Fv2%2Fcomments&post=5112"}],"wp:featuredmedia":[{"embeddable":true,"href":"https:\/\/wavexia.com\/index.php?rest_route=\/wp\/v2\/media\/5111"}],"wp:attachment":[{"href":"https:\/\/wavexia.com\/index.php?rest_route=%2Fwp%2Fv2%2Fmedia&parent=5112"}],"wp:term":[{"taxonomy":"pwb-brand","embeddable":true,"href":"https:\/\/wavexia.com\/index.php?rest_route=%2Fwp%2Fv2%2Fpwb-brand&post=5112"},{"taxonomy":"product_brand","embeddable":true,"href":"https:\/\/wavexia.com\/index.php?rest_route=%2Fwp%2Fv2%2Fproduct_brand&post=5112"},{"taxonomy":"product_cat","embeddable":true,"href":"https:\/\/wavexia.com\/index.php?rest_route=%2Fwp%2Fv2%2Fproduct_cat&post=5112"},{"taxonomy":"product_tag","embeddable":true,"href":"https:\/\/wavexia.com\/index.php?rest_route=%2Fwp%2Fv2%2Fproduct_tag&post=5112"}],"curies":[{"name":"wp","href":"https:\/\/api.w.org\/{rel}","templated":true}]}}