{"id":5099,"date":"2025-10-19T09:16:04","date_gmt":"2025-10-19T09:16:04","guid":{"rendered":"https:\/\/wavexia.com\/product\/kiko-metal-liquid-lip-colour-05\/"},"modified":"2026-03-10T07:31:07","modified_gmt":"2026-03-10T07:31:07","slug":"kiko-metal-liquid-lip-colour-05","status":"publish","type":"product","link":"https:\/\/wavexia.com\/?product=kiko-metal-liquid-lip-colour-05","title":{"rendered":"KIKO Metal Liquid Lip Colour 05"},"content":{"rendered":"<h2>Description<\/h2>\n<div id=\"featurebullets_feature_div\" class=\"celwidget\" data-feature-name=\"featurebullets\" data-csa-c-type=\"widget\" data-csa-c-content-id=\"featurebullets\" data-csa-c-slot-id=\"featurebullets_feature_div\" data-csa-c-asin=\"B07CYP95DC\" data-csa-c-is-in-initial-active-row=\"false\" data-csa-c-id=\"k10id9-a8d10e-eugaeq-i9b0bk\" data-cel-widget=\"featurebullets_feature_div\">\n<div id=\"feature-bullets\" class=\"a-section a-spacing-medium a-spacing-top-small\">\n<ul class=\"a-unordered-list a-vertical a-spacing-mini\">\n<li class=\"a-spacing-mini\"><span class=\"a-list-item\">Rouge \u00e0 l\u00e8vres liquide avec fini m\u00e9tallis\u00e9 et couvrance \u00e9lev\u00e9e<\/span><\/li>\n<li class=\"a-spacing-mini\"><span class=\"a-list-item\">Id\u00e9al pour d\u00e9finir le sourire et le rehausser de reflets nacr\u00e9s et brillants<\/span><\/li>\n<li class=\"a-spacing-mini\"><span class=\"a-list-item\">Sa texture cr\u00e9meuse s\u00e9duisante habille les l\u00e8vres d\u2019un voile color\u00e9 avec un effet m\u00e9tal liquide<\/span><\/li>\n<li class=\"a-spacing-mini\"><span class=\"a-list-item\">Facile \u00e0 \u00e9tirer gr\u00e2ce \u00e0 son applicateur \u00e0 bout floqu\u00e9 pratique<\/span><\/li>\n<li class=\"a-spacing-mini\"><span class=\"a-list-item\">Le petit plus ? Les reflets de Metal Liquid Lip Colour cr\u00e9ent une illusion d\u2019optique minimisant les ridules des l\u00e8vres<\/span><\/li>\n<\/ul>\n<\/div>\n<div id=\"brandSnapshot_feature_div\" class=\"celwidget\" data-feature-name=\"brandSnapshot_desktop\" data-csa-c-type=\"widget\" data-csa-c-content-id=\"brandSnapshot_desktop\" data-csa-c-slot-id=\"brandSnapshot_feature_div\" data-csa-c-asin=\"B07CYP95DC\" data-csa-c-is-in-initial-active-row=\"false\" data-csa-c-id=\"na40j6-vs024i-3gx8bh-5njrva\" data-cel-widget=\"brandSnapshot_feature_div\">\n<div class=\"a-cardui-deck\" data-a-remove-top-gutter=\"\" data-a-remove-bottom-gutter=\"\">\n<div class=\"a-cardui brand-snapshot-card-container\" data-a-card-type=\"basic\">\n<div class=\"a-cardui-body brand-snapshot-card-container brand-snapshot-card-content\">\n<div class=\"a-section a-spacing-medium brand-snapshot-flex-row\" role=\"heading\" aria-level=\"2\"><\/div>\n<\/div>\n<\/div>\n<\/div>\n<\/div>\n<\/div>\n","protected":false},"excerpt":{"rendered":"<p>Description Rouge \u00e0 l\u00e8vres liquide avec fini m\u00e9tallis\u00e9 et couvrance \u00e9lev\u00e9e Id\u00e9al pour d\u00e9finir le sourire et le rehausser de reflets nacr\u00e9s et brillants Sa texture cr\u00e9meuse s\u00e9duisante habille les l\u00e8vres d\u2019un voile color\u00e9 avec un effet m\u00e9tal liquide Facile \u00e0 \u00e9tirer gr\u00e2ce \u00e0 son applicateur \u00e0 bout floqu\u00e9 pratique Le petit plus ? Les [&hellip;]<\/p>\n","protected":false},"featured_media":5098,"comment_status":"open","ping_status":"closed","template":"","meta":{"content-type":"","_uag_custom_page_level_css":""},"pwb-brand":[],"product_brand":[],"product_cat":[388,360],"product_tag":[],"class_list":{"0":"post-5099","1":"product","2":"type-product","3":"status-publish","4":"has-post-thumbnail","6":"product_cat-kiko","7":"product_cat-maquillage","9":"first","10":"instock","11":"sale","12":"shipping-taxable","13":"purchasable","14":"product-type-simple"},"aioseo_notices":[],"uagb_featured_image_src":{"full":["https:\/\/wavexia.com\/wp-content\/uploads\/2025\/10\/814aXi0ttL.jpg",1600,1600,false],"thumbnail":["https:\/\/wavexia.com\/wp-content\/uploads\/2025\/10\/814aXi0ttL-150x150.jpg",150,150,true],"medium":["https:\/\/wavexia.com\/wp-content\/uploads\/2025\/10\/814aXi0ttL-300x300.jpg",300,300,true],"medium_large":["https:\/\/wavexia.com\/wp-content\/uploads\/2025\/10\/814aXi0ttL-768x768.jpg",768,768,true],"large":["https:\/\/wavexia.com\/wp-content\/uploads\/2025\/10\/814aXi0ttL-1024x1024.jpg",1024,1024,true],"1536x1536":["https:\/\/wavexia.com\/wp-content\/uploads\/2025\/10\/814aXi0ttL-1536x1536.jpg",1536,1536,true],"2048x2048":["https:\/\/wavexia.com\/wp-content\/uploads\/2025\/10\/814aXi0ttL.jpg",1600,1600,false],"woocommerce_archive_thumbnail":["https:\/\/wavexia.com\/wp-content\/uploads\/2025\/10\/814aXi0ttL-300x300.jpg",300,300,true],"woocommerce_thumbnail":["https:\/\/wavexia.com\/wp-content\/uploads\/2025\/10\/814aXi0ttL-300x300.jpg",300,300,true],"woocommerce_single":["https:\/\/wavexia.com\/wp-content\/uploads\/2025\/10\/814aXi0ttL-600x600.jpg",600,600,true],"woocommerce_gallery_thumbnail":["https:\/\/wavexia.com\/wp-content\/uploads\/2025\/10\/814aXi0ttL-100x100.jpg",100,100,true]},"uagb_author_info":{"display_name":"zineddine.ayoub98@gmail.com","author_link":"https:\/\/wavexia.com\/?author=0"},"uagb_comment_info":0,"uagb_excerpt":"Description Rouge \u00e0 l\u00e8vres liquide avec fini m\u00e9tallis\u00e9 et couvrance \u00e9lev\u00e9e Id\u00e9al pour d\u00e9finir le sourire et le rehausser de reflets nacr\u00e9s et brillants Sa texture cr\u00e9meuse s\u00e9duisante habille les l\u00e8vres d\u2019un voile color\u00e9 avec un effet m\u00e9tal liquide Facile \u00e0 \u00e9tirer gr\u00e2ce \u00e0 son applicateur \u00e0 bout floqu\u00e9 pratique Le petit plus ? Les&hellip;","brands":[],"_links":{"self":[{"href":"https:\/\/wavexia.com\/index.php?rest_route=\/wp\/v2\/product\/5099","targetHints":{"allow":["GET"]}}],"collection":[{"href":"https:\/\/wavexia.com\/index.php?rest_route=\/wp\/v2\/product"}],"about":[{"href":"https:\/\/wavexia.com\/index.php?rest_route=\/wp\/v2\/types\/product"}],"replies":[{"embeddable":true,"href":"https:\/\/wavexia.com\/index.php?rest_route=%2Fwp%2Fv2%2Fcomments&post=5099"}],"wp:featuredmedia":[{"embeddable":true,"href":"https:\/\/wavexia.com\/index.php?rest_route=\/wp\/v2\/media\/5098"}],"wp:attachment":[{"href":"https:\/\/wavexia.com\/index.php?rest_route=%2Fwp%2Fv2%2Fmedia&parent=5099"}],"wp:term":[{"taxonomy":"pwb-brand","embeddable":true,"href":"https:\/\/wavexia.com\/index.php?rest_route=%2Fwp%2Fv2%2Fpwb-brand&post=5099"},{"taxonomy":"product_brand","embeddable":true,"href":"https:\/\/wavexia.com\/index.php?rest_route=%2Fwp%2Fv2%2Fproduct_brand&post=5099"},{"taxonomy":"product_cat","embeddable":true,"href":"https:\/\/wavexia.com\/index.php?rest_route=%2Fwp%2Fv2%2Fproduct_cat&post=5099"},{"taxonomy":"product_tag","embeddable":true,"href":"https:\/\/wavexia.com\/index.php?rest_route=%2Fwp%2Fv2%2Fproduct_tag&post=5099"}],"curies":[{"name":"wp","href":"https:\/\/api.w.org\/{rel}","templated":true}]}}