{"id":5069,"date":"2025-10-19T09:15:39","date_gmt":"2025-10-19T09:15:39","guid":{"rendered":"https:\/\/wavexia.com\/product\/skinfood-rice-brightening-cream-60ml\/"},"modified":"2026-03-10T07:31:07","modified_gmt":"2026-03-10T07:31:07","slug":"skinfood-rice-brightening-cream-60ml","status":"publish","type":"product","link":"https:\/\/wavexia.com\/?product=skinfood-rice-brightening-cream-60ml","title":{"rendered":"SKINFOOD Rice Brightening Cream 60ml"},"content":{"rendered":"<h2>Description<\/h2>\n<p>Une cr\u00e8me au son de riz qui hydrate les pores sans coller, favorisant un teint clair.<br \/>Cliniquement prouv\u00e9 pour donner des effets poreux et \u00e9claircissants, et a pass\u00e9 le test primaire d\u2019irritation de la peau.<br \/>Une texture gel cr\u00e8me pleine d\u2019hydratation.<\/p>\n<h5>avantages:<\/h5>\n<ul>\n<li><span>Une cr\u00e8me hydratante au riz qui hydrate et illumine la peau et cr\u00e9e un teint clair et transparent.<\/span>&nbsp;<\/li>\n<li><span>Enrichi en complexe de pores de riz pour am\u00e9liorer l\u2019\u00e9lasticit\u00e9 de la peau et les pores dilat\u00e9s pour une peau plus lisse.<\/span>&nbsp;<\/li>\n<li><span>Infus\u00e9 de PHA et de Prorease pour aider \u00e0 \u00e9liminer les cellules mortes de la peau et \u00e0 uniformiser le teint.<\/span>&nbsp;<\/li>\n<li><span>Avec une formulation gel-cr\u00e8me acidul\u00e9e qui remplit la peau d\u2019humidit\u00e9 sans coller.<\/span><\/li>\n<\/ul>\n<h5>mode d\u2019emploi:<\/h5>\n<p>\u00c0 la derni\u00e8re \u00e9tape des soins de la peau, pr\u00e9levez une quantit\u00e9 appropri\u00e9e et \u00e9talez-la doucement comme si vous la recouvriez d\u2019une barri\u00e8re d\u2019hydratation pour l\u2019absorber.<\/p>\n<h5>ingr\u00e9dients:<\/h5>\n<p>Eau, glyc\u00e9rine, butyl\u00e8ne glycol, isopentyldiol, triglyc\u00e9ride caprylique\/caprique, propanediol, dist\u00e9arate de polyglyc\u00e9ryl-3, tri\u00e9thylhexano\u00efne, 1,2-hexanediol, niacinamide, diph\u00e9nylsiloxy ph\u00e9nyle trim\u00e9thicone, vinyle dim\u00e9thicone, st\u00e9arate de glyc\u00e9ryle, b\u00e9ta\u00efne, polyacrylate de sodium, carbom\u00e8re, citrate de st\u00e9arate de glyc\u00e9ryle, trom\u00e9thamine, gomme xanthane, \u00e9thylhexylglyc\u00e9rine, ad\u00e9nosine, extrait d\u2019Oryza Sativa (riz), eau de son d\u2019Oryza sativa (riz), eau de graines d\u2019Oryza sativa (riz), ferment d\u2019Aspergillus, dipotassique Glycyrrhizate, glycine, s\u00e9rine, acide glutamique, acide aspartique, leucine, alanine, lysine, arginine, tyrosine, ph\u00e9nylalanine, valine, proline, thr\u00e9onine, isoleucine, histidine, m\u00e9thionine, cyst\u00e9ine, prot\u00e9ine de riz hydrolys\u00e9e, gluconolactone, acide caprylhydroxamique, tr\u00e9halose, sh-oligopeptide-1, prot\u00e9ase, edta disodique, parfum.<\/p>\n<p>&nbsp;<\/p>\n","protected":false},"excerpt":{"rendered":"<p>Description Une cr\u00e8me au son de riz qui hydrate les pores sans coller, favorisant un teint clair.Cliniquement prouv\u00e9 pour donner des effets poreux et \u00e9claircissants, et a pass\u00e9 le test primaire d\u2019irritation de la peau.Une texture gel cr\u00e8me pleine d\u2019hydratation. avantages: Une cr\u00e8me hydratante au riz qui hydrate et illumine la peau et cr\u00e9e un [&hellip;]<\/p>\n","protected":false},"featured_media":5068,"comment_status":"open","ping_status":"closed","template":"","meta":{"content-type":"","_uag_custom_page_level_css":""},"pwb-brand":[],"product_brand":[],"product_cat":[324,334,441],"product_tag":[],"class_list":{"0":"post-5069","1":"product","2":"type-product","3":"status-publish","4":"has-post-thumbnail","6":"product_cat-creme","7":"product_cat-produits-coreens","8":"product_cat-skinfood","10":"first","11":"instock","12":"sale","13":"shipping-taxable","14":"purchasable","15":"product-type-simple"},"aioseo_notices":[],"uagb_featured_image_src":{"full":["https:\/\/wavexia.com\/wp-content\/uploads\/2025\/10\/dd0f0753-92c5-4fad-af56-a91525c6c15f.webp",1500,1500,false],"thumbnail":["https:\/\/wavexia.com\/wp-content\/uploads\/2025\/10\/dd0f0753-92c5-4fad-af56-a91525c6c15f-150x150.webp",150,150,true],"medium":["https:\/\/wavexia.com\/wp-content\/uploads\/2025\/10\/dd0f0753-92c5-4fad-af56-a91525c6c15f-300x300.webp",300,300,true],"medium_large":["https:\/\/wavexia.com\/wp-content\/uploads\/2025\/10\/dd0f0753-92c5-4fad-af56-a91525c6c15f-768x768.webp",768,768,true],"large":["https:\/\/wavexia.com\/wp-content\/uploads\/2025\/10\/dd0f0753-92c5-4fad-af56-a91525c6c15f-1024x1024.webp",1024,1024,true],"1536x1536":["https:\/\/wavexia.com\/wp-content\/uploads\/2025\/10\/dd0f0753-92c5-4fad-af56-a91525c6c15f.webp",1500,1500,false],"2048x2048":["https:\/\/wavexia.com\/wp-content\/uploads\/2025\/10\/dd0f0753-92c5-4fad-af56-a91525c6c15f.webp",1500,1500,false],"woocommerce_archive_thumbnail":["https:\/\/wavexia.com\/wp-content\/uploads\/2025\/10\/dd0f0753-92c5-4fad-af56-a91525c6c15f-300x300.webp",300,300,true],"woocommerce_thumbnail":["https:\/\/wavexia.com\/wp-content\/uploads\/2025\/10\/dd0f0753-92c5-4fad-af56-a91525c6c15f-300x300.webp",300,300,true],"woocommerce_single":["https:\/\/wavexia.com\/wp-content\/uploads\/2025\/10\/dd0f0753-92c5-4fad-af56-a91525c6c15f-600x600.webp",600,600,true],"woocommerce_gallery_thumbnail":["https:\/\/wavexia.com\/wp-content\/uploads\/2025\/10\/dd0f0753-92c5-4fad-af56-a91525c6c15f-100x100.webp",100,100,true]},"uagb_author_info":{"display_name":"zineddine.ayoub98@gmail.com","author_link":"https:\/\/wavexia.com\/?author=0"},"uagb_comment_info":0,"uagb_excerpt":"Description Une cr\u00e8me au son de riz qui hydrate les pores sans coller, favorisant un teint clair.Cliniquement prouv\u00e9 pour donner des effets poreux et \u00e9claircissants, et a pass\u00e9 le test primaire d\u2019irritation de la peau.Une texture gel cr\u00e8me pleine d\u2019hydratation. avantages: Une cr\u00e8me hydratante au riz qui hydrate et illumine la peau et cr\u00e9e un&hellip;","brands":[],"_links":{"self":[{"href":"https:\/\/wavexia.com\/index.php?rest_route=\/wp\/v2\/product\/5069","targetHints":{"allow":["GET"]}}],"collection":[{"href":"https:\/\/wavexia.com\/index.php?rest_route=\/wp\/v2\/product"}],"about":[{"href":"https:\/\/wavexia.com\/index.php?rest_route=\/wp\/v2\/types\/product"}],"replies":[{"embeddable":true,"href":"https:\/\/wavexia.com\/index.php?rest_route=%2Fwp%2Fv2%2Fcomments&post=5069"}],"wp:featuredmedia":[{"embeddable":true,"href":"https:\/\/wavexia.com\/index.php?rest_route=\/wp\/v2\/media\/5068"}],"wp:attachment":[{"href":"https:\/\/wavexia.com\/index.php?rest_route=%2Fwp%2Fv2%2Fmedia&parent=5069"}],"wp:term":[{"taxonomy":"pwb-brand","embeddable":true,"href":"https:\/\/wavexia.com\/index.php?rest_route=%2Fwp%2Fv2%2Fpwb-brand&post=5069"},{"taxonomy":"product_brand","embeddable":true,"href":"https:\/\/wavexia.com\/index.php?rest_route=%2Fwp%2Fv2%2Fproduct_brand&post=5069"},{"taxonomy":"product_cat","embeddable":true,"href":"https:\/\/wavexia.com\/index.php?rest_route=%2Fwp%2Fv2%2Fproduct_cat&post=5069"},{"taxonomy":"product_tag","embeddable":true,"href":"https:\/\/wavexia.com\/index.php?rest_route=%2Fwp%2Fv2%2Fproduct_tag&post=5069"}],"curies":[{"name":"wp","href":"https:\/\/api.w.org\/{rel}","templated":true}]}}