{"id":5065,"date":"2025-10-19T09:15:37","date_gmt":"2025-10-19T09:15:37","guid":{"rendered":"https:\/\/wavexia.com\/product\/skinfood-black-sugar-perfect-pha-ampoule-50ml\/"},"modified":"2026-03-10T07:31:07","modified_gmt":"2026-03-10T07:31:07","slug":"skinfood-black-sugar-perfect-pha-ampoule-50ml","status":"publish","type":"product","link":"https:\/\/wavexia.com\/?product=skinfood-black-sugar-perfect-pha-ampoule-50ml","title":{"rendered":"SKINFOOD Black Sugar Perfect PHA Ampoule 50ml"},"content":{"rendered":"<h2>Description<\/h2>\n<p>Cette ampoule \u00e0 l\u2019extrait de sucre noir et au PHA aide \u00e0 lisser la texture rugueuse de la peau pour une peau propre et lumineuse.<br \/>Enrichi d\u2019un complexe alimentaire vert pour \u00e9claircir les peaux ternes.<br \/>Avec une texture douce qui p\u00e9n\u00e8tre sans \u00eatre collante.<br \/>Test\u00e9 pour l\u2019irritation de la peau.<\/p>\n<h5>mode d\u2019emploi:<\/h5>\n<p>Pendant<br \/>l\u2019\u00e9tape du s\u00e9rum, pr\u00e9lever une quantit\u00e9 mod\u00e9r\u00e9e et appliquer uniform\u00e9ment sur la peau. Appuyez doucement pour faciliter l\u2019absorption.<\/p>\n<h5>ingr\u00e9dients:<\/h5>\n<p>Eau, gluconolactone, butyl\u00e8ne glycol, propanediol, niacinamide, alcool, hydroxyde de potassium, saccharose, silice, 1,2-hexanediol, acide lactique, acryloyldim\u00e9thyltaurate d\u2019ammonium\/copolym\u00e8re Vp, hydroxyac\u00e9toph\u00e9none, acide succinique, polyglyc\u00e9ryl-10 Laurate, acrylates de sodium, filtrat de ferment de Galactomyces, lysat de ferment de bifida, acide capryloyl salicylique, panth\u00e9nol, gomme xanthane, acide salicylique, lysat de ferment de lactobacille, l\u00e9cithine, allanto\u00efne, edta disodique, extrait de racine de ginseng de Panax, Pentyl\u00e8ne glycol, filtrat de ferment de riz (sak\u00e9), extrait de fruit de Carica Papaya (papaye), extrait de graine de Vigna Radiata, extrait de fruit de Pyrus Malus (pomme), extrait de fruit de Citrus Aurantium Dulcis (orange), extrait de fruit de Citrus Aurantifolia (citron vert), extrait de fruit de Citrus Limon (citron), extrait de graine de Sesamum indicum (s\u00e9same), extrait de graine de Glycine Max (soja), \u00e9thylhexylglyc\u00e9rine, extrait d\u2019Oryza sativa (riz), extrait de fruit de Vitis Vinifera (raisin), Extrait de noyau d\u2019Avena Sativa (avoine), parfum, limon\u00e8ne, linalol.<\/p>\n","protected":false},"excerpt":{"rendered":"<p>Description Cette ampoule \u00e0 l\u2019extrait de sucre noir et au PHA aide \u00e0 lisser la texture rugueuse de la peau pour une peau propre et lumineuse.Enrichi d\u2019un complexe alimentaire vert pour \u00e9claircir les peaux ternes.Avec une texture douce qui p\u00e9n\u00e8tre sans \u00eatre collante.Test\u00e9 pour l\u2019irritation de la peau. mode d\u2019emploi: Pendantl\u2019\u00e9tape du s\u00e9rum, pr\u00e9lever une [&hellip;]<\/p>\n","protected":false},"featured_media":5064,"comment_status":"open","ping_status":"closed","template":"","meta":{"content-type":"","_uag_custom_page_level_css":""},"pwb-brand":[],"product_brand":[],"product_cat":[328,334,338,441],"product_tag":[],"class_list":{"0":"post-5065","1":"product","2":"type-product","3":"status-publish","4":"has-post-thumbnail","6":"product_cat-nouveautes","7":"product_cat-produits-coreens","8":"product_cat-serum-ampoule","9":"product_cat-skinfood","11":"first","12":"instock","13":"sale","14":"shipping-taxable","15":"purchasable","16":"product-type-simple"},"aioseo_notices":[],"uagb_featured_image_src":{"full":["https:\/\/wavexia.com\/wp-content\/uploads\/2025\/10\/XXL_p0219355868.webp",640,640,false],"thumbnail":["https:\/\/wavexia.com\/wp-content\/uploads\/2025\/10\/XXL_p0219355868-150x150.webp",150,150,true],"medium":["https:\/\/wavexia.com\/wp-content\/uploads\/2025\/10\/XXL_p0219355868-300x300.webp",300,300,true],"medium_large":["https:\/\/wavexia.com\/wp-content\/uploads\/2025\/10\/XXL_p0219355868.webp",640,640,false],"large":["https:\/\/wavexia.com\/wp-content\/uploads\/2025\/10\/XXL_p0219355868.webp",640,640,false],"1536x1536":["https:\/\/wavexia.com\/wp-content\/uploads\/2025\/10\/XXL_p0219355868.webp",640,640,false],"2048x2048":["https:\/\/wavexia.com\/wp-content\/uploads\/2025\/10\/XXL_p0219355868.webp",640,640,false],"woocommerce_archive_thumbnail":["https:\/\/wavexia.com\/wp-content\/uploads\/2025\/10\/XXL_p0219355868-300x300.webp",300,300,true],"woocommerce_thumbnail":["https:\/\/wavexia.com\/wp-content\/uploads\/2025\/10\/XXL_p0219355868-300x300.webp",300,300,true],"woocommerce_single":["https:\/\/wavexia.com\/wp-content\/uploads\/2025\/10\/XXL_p0219355868-600x600.webp",600,600,true],"woocommerce_gallery_thumbnail":["https:\/\/wavexia.com\/wp-content\/uploads\/2025\/10\/XXL_p0219355868-100x100.webp",100,100,true]},"uagb_author_info":{"display_name":"zineddine.ayoub98@gmail.com","author_link":"https:\/\/wavexia.com\/?author=0"},"uagb_comment_info":0,"uagb_excerpt":"Description Cette ampoule \u00e0 l\u2019extrait de sucre noir et au PHA aide \u00e0 lisser la texture rugueuse de la peau pour une peau propre et lumineuse.Enrichi d\u2019un complexe alimentaire vert pour \u00e9claircir les peaux ternes.Avec une texture douce qui p\u00e9n\u00e8tre sans \u00eatre collante.Test\u00e9 pour l\u2019irritation de la peau. mode d\u2019emploi: Pendantl\u2019\u00e9tape du s\u00e9rum, pr\u00e9lever une&hellip;","brands":[],"_links":{"self":[{"href":"https:\/\/wavexia.com\/index.php?rest_route=\/wp\/v2\/product\/5065","targetHints":{"allow":["GET"]}}],"collection":[{"href":"https:\/\/wavexia.com\/index.php?rest_route=\/wp\/v2\/product"}],"about":[{"href":"https:\/\/wavexia.com\/index.php?rest_route=\/wp\/v2\/types\/product"}],"replies":[{"embeddable":true,"href":"https:\/\/wavexia.com\/index.php?rest_route=%2Fwp%2Fv2%2Fcomments&post=5065"}],"wp:featuredmedia":[{"embeddable":true,"href":"https:\/\/wavexia.com\/index.php?rest_route=\/wp\/v2\/media\/5064"}],"wp:attachment":[{"href":"https:\/\/wavexia.com\/index.php?rest_route=%2Fwp%2Fv2%2Fmedia&parent=5065"}],"wp:term":[{"taxonomy":"pwb-brand","embeddable":true,"href":"https:\/\/wavexia.com\/index.php?rest_route=%2Fwp%2Fv2%2Fpwb-brand&post=5065"},{"taxonomy":"product_brand","embeddable":true,"href":"https:\/\/wavexia.com\/index.php?rest_route=%2Fwp%2Fv2%2Fproduct_brand&post=5065"},{"taxonomy":"product_cat","embeddable":true,"href":"https:\/\/wavexia.com\/index.php?rest_route=%2Fwp%2Fv2%2Fproduct_cat&post=5065"},{"taxonomy":"product_tag","embeddable":true,"href":"https:\/\/wavexia.com\/index.php?rest_route=%2Fwp%2Fv2%2Fproduct_tag&post=5065"}],"curies":[{"name":"wp","href":"https:\/\/api.w.org\/{rel}","templated":true}]}}