{"id":5031,"date":"2025-10-19T09:15:05","date_gmt":"2025-10-19T09:15:05","guid":{"rendered":"https:\/\/wavexia.com\/product\/medicube-red-toner-plus-200ml\/"},"modified":"2026-03-10T07:31:07","modified_gmt":"2026-03-10T07:31:07","slug":"medicube-red-toner-plus-200ml","status":"publish","type":"product","link":"https:\/\/wavexia.com\/?product=medicube-red-toner-plus-200ml","title":{"rendered":"Medicube Red Toner Plus 200ml"},"content":{"rendered":"<h2>Description<\/h2>\n<p>Medicube Red Toner Plus 2.0 est une lotion tonique purifiante et apaisante, con\u00e7ue pour les peaux sensibles, mixtes \u00e0 grasses ou \u00e0 tendance acn\u00e9ique. Sa formule l\u00e9g\u00e8re hydrate, r\u00e9gule le s\u00e9bum, calme les irritations et pr\u00e9pare la peau \u00e0 recevoir les soins suivants, tout en aidant \u00e0 pr\u00e9venir les imperfections.<\/p>\n<h5><span class=\"heading text-base-xl font-medium leading-none flex items-center gap-2d5 md:gap-3\">B\u00c9N\u00c9FICES<\/span><\/h5>\n<div class=\"details__content text-base rte\">\n<div class=\"specification grid grid-cols-12 gap-6 md:gap-10\">\n<div class=\"col-span-full\">\n<ul>\n<li>Apaise les irritations et r\u00e9duit les rougeurs.<\/li>\n<li>Hydrate sans effet gras, contr\u00f4le le s\u00e9bum.<\/li>\n<li>Affine le grain de peau et resserre les pores.<\/li>\n<li>Pr\u00e9vient l\u2019apparition des boutons et imperfections.<\/li>\n<li>Pr\u00e9pare la peau \u00e0 recevoir les soins suivants.<\/li>\n<li>Convient \u00e0 tous les types de peaux, m\u00eame sensibles.<\/li>\n<\/ul>\n<\/div>\n<\/div>\n<h5><span class=\"heading text-base-xl font-medium leading-none flex items-center gap-2d5 md:gap-3\">COMMENT L\u2019UTILISER<\/span><\/h5>\n<div class=\"details__content text-base rte\">\n<div class=\"specification grid grid-cols-12 gap-6 md:gap-10\">\n<div class=\"col-span-full\">\n<ol>\n<li>Apr\u00e8s le nettoyage, applique une quantit\u00e9 suffisante de toner sur un coton ou directement dans les mains.<\/li>\n<li>Passe d\u00e9licatement sur l\u2019ensemble du visage, en \u00e9vitant le contour des yeux et de la bouche.<\/li>\n<li>Tapote doucement pour favoriser l\u2019absorption.<\/li>\n<li>Utilise matin et soir avant le s\u00e9rum ou la cr\u00e8me.<\/li>\n<\/ol>\n<\/div>\n<\/div>\n<\/div>\n<\/div>\n","protected":false},"excerpt":{"rendered":"<p>Description Medicube Red Toner Plus 2.0 est une lotion tonique purifiante et apaisante, con\u00e7ue pour les peaux sensibles, mixtes \u00e0 grasses ou \u00e0 tendance acn\u00e9ique. Sa formule l\u00e9g\u00e8re hydrate, r\u00e9gule le s\u00e9bum, calme les irritations et pr\u00e9pare la peau \u00e0 recevoir les soins suivants, tout en aidant \u00e0 pr\u00e9venir les imperfections. B\u00c9N\u00c9FICES Apaise les irritations [&hellip;]<\/p>\n","protected":false},"featured_media":5030,"comment_status":"open","ping_status":"closed","template":"","meta":{"content-type":"","_uag_custom_page_level_css":""},"pwb-brand":[],"product_brand":[],"product_cat":[327,349,328,334,345],"product_tag":[],"class_list":{"0":"post-5031","1":"product","2":"type-product","3":"status-publish","4":"has-post-thumbnail","6":"product_cat-hmizat","7":"product_cat-medicube","8":"product_cat-nouveautes","9":"product_cat-produits-coreens","10":"product_cat-toner-pads","12":"first","13":"instock","14":"sale","15":"shipping-taxable","16":"purchasable","17":"product-type-simple"},"aioseo_notices":[],"uagb_featured_image_src":{"full":["https:\/\/wavexia.com\/wp-content\/uploads\/2025\/10\/XXL_p0086002680.webp",640,640,false],"thumbnail":["https:\/\/wavexia.com\/wp-content\/uploads\/2025\/10\/XXL_p0086002680-150x150.webp",150,150,true],"medium":["https:\/\/wavexia.com\/wp-content\/uploads\/2025\/10\/XXL_p0086002680-300x300.webp",300,300,true],"medium_large":["https:\/\/wavexia.com\/wp-content\/uploads\/2025\/10\/XXL_p0086002680.webp",640,640,false],"large":["https:\/\/wavexia.com\/wp-content\/uploads\/2025\/10\/XXL_p0086002680.webp",640,640,false],"1536x1536":["https:\/\/wavexia.com\/wp-content\/uploads\/2025\/10\/XXL_p0086002680.webp",640,640,false],"2048x2048":["https:\/\/wavexia.com\/wp-content\/uploads\/2025\/10\/XXL_p0086002680.webp",640,640,false],"woocommerce_archive_thumbnail":["https:\/\/wavexia.com\/wp-content\/uploads\/2025\/10\/XXL_p0086002680-300x300.webp",300,300,true],"woocommerce_thumbnail":["https:\/\/wavexia.com\/wp-content\/uploads\/2025\/10\/XXL_p0086002680-300x300.webp",300,300,true],"woocommerce_single":["https:\/\/wavexia.com\/wp-content\/uploads\/2025\/10\/XXL_p0086002680-600x600.webp",600,600,true],"woocommerce_gallery_thumbnail":["https:\/\/wavexia.com\/wp-content\/uploads\/2025\/10\/XXL_p0086002680-100x100.webp",100,100,true]},"uagb_author_info":{"display_name":"zineddine.ayoub98@gmail.com","author_link":"https:\/\/wavexia.com\/?author=0"},"uagb_comment_info":0,"uagb_excerpt":"Description Medicube Red Toner Plus 2.0 est une lotion tonique purifiante et apaisante, con\u00e7ue pour les peaux sensibles, mixtes \u00e0 grasses ou \u00e0 tendance acn\u00e9ique. Sa formule l\u00e9g\u00e8re hydrate, r\u00e9gule le s\u00e9bum, calme les irritations et pr\u00e9pare la peau \u00e0 recevoir les soins suivants, tout en aidant \u00e0 pr\u00e9venir les imperfections. B\u00c9N\u00c9FICES Apaise les irritations&hellip;","brands":[],"_links":{"self":[{"href":"https:\/\/wavexia.com\/index.php?rest_route=\/wp\/v2\/product\/5031","targetHints":{"allow":["GET"]}}],"collection":[{"href":"https:\/\/wavexia.com\/index.php?rest_route=\/wp\/v2\/product"}],"about":[{"href":"https:\/\/wavexia.com\/index.php?rest_route=\/wp\/v2\/types\/product"}],"replies":[{"embeddable":true,"href":"https:\/\/wavexia.com\/index.php?rest_route=%2Fwp%2Fv2%2Fcomments&post=5031"}],"wp:featuredmedia":[{"embeddable":true,"href":"https:\/\/wavexia.com\/index.php?rest_route=\/wp\/v2\/media\/5030"}],"wp:attachment":[{"href":"https:\/\/wavexia.com\/index.php?rest_route=%2Fwp%2Fv2%2Fmedia&parent=5031"}],"wp:term":[{"taxonomy":"pwb-brand","embeddable":true,"href":"https:\/\/wavexia.com\/index.php?rest_route=%2Fwp%2Fv2%2Fpwb-brand&post=5031"},{"taxonomy":"product_brand","embeddable":true,"href":"https:\/\/wavexia.com\/index.php?rest_route=%2Fwp%2Fv2%2Fproduct_brand&post=5031"},{"taxonomy":"product_cat","embeddable":true,"href":"https:\/\/wavexia.com\/index.php?rest_route=%2Fwp%2Fv2%2Fproduct_cat&post=5031"},{"taxonomy":"product_tag","embeddable":true,"href":"https:\/\/wavexia.com\/index.php?rest_route=%2Fwp%2Fv2%2Fproduct_tag&post=5031"}],"curies":[{"name":"wp","href":"https:\/\/api.w.org\/{rel}","templated":true}]}}