{"id":5027,"date":"2025-10-19T09:15:03","date_gmt":"2025-10-19T09:15:03","guid":{"rendered":"https:\/\/wavexia.com\/product\/paulas-choice-calm-serum-reparateur-30ml\/"},"modified":"2026-03-10T07:31:07","modified_gmt":"2026-03-10T07:31:07","slug":"paulas-choice-calm-serum-reparateur-30ml","status":"publish","type":"product","link":"https:\/\/wavexia.com\/?product=paulas-choice-calm-serum-reparateur-30ml","title":{"rendered":"Paula\u00b4s Choice Calm S\u00e9rum R\u00e9parateur 30ML"},"content":{"rendered":"<h2>Description<\/h2>\n<p class=\"aa ab ac ae af\">Calm Repairing Serum est un s\u00e9rum riche en antioxydants qui contient des agents apaisants \u00e9prouv\u00e9s par la recherche pour soulager imm\u00e9diatement les rougeurs, les irritations et la r\u00e9activit\u00e9. L\u2019extrait de fouet marin est particuli\u00e8rement adapt\u00e9 aux peaux sensibles ou sujettes aux rougeurs, les c\u00e9ramides sont essentiels pour leurs capacit\u00e9s de r\u00e9tention d\u2019eau et de restauration et le b\u00eataglucane est un excellent ingr\u00e9dient pour am\u00e9liorer l\u2019apparence des rougeurs et autres signes des peaux sensibles.<\/p>\n<ul>\n<li>S\u00e9rum qui soulage imm\u00e9diatement les rougeurs.<\/li>\n<li>Aide \u00e0 lisser les rides visibles.<\/li>\n<li>Nourrit et aide \u00e0 r\u00e9duire la sensibilit\u00e9 future.<\/li>\n<\/ul>\n","protected":false},"excerpt":{"rendered":"<p>Description Calm Repairing Serum est un s\u00e9rum riche en antioxydants qui contient des agents apaisants \u00e9prouv\u00e9s par la recherche pour soulager imm\u00e9diatement les rougeurs, les irritations et la r\u00e9activit\u00e9. L\u2019extrait de fouet marin est particuli\u00e8rement adapt\u00e9 aux peaux sensibles ou sujettes aux rougeurs, les c\u00e9ramides sont essentiels pour leurs capacit\u00e9s de r\u00e9tention d\u2019eau et de [&hellip;]<\/p>\n","protected":false},"featured_media":5026,"comment_status":"open","ping_status":"closed","template":"","meta":{"content-type":"","_uag_custom_page_level_css":""},"pwb-brand":[],"product_brand":[],"product_cat":[358,338],"product_tag":[],"class_list":{"0":"post-5027","1":"product","2":"type-product","3":"status-publish","4":"has-post-thumbnail","6":"product_cat-paulas-choice","7":"product_cat-serum-ampoule","9":"first","10":"instock","11":"sale","12":"shipping-taxable","13":"purchasable","14":"product-type-simple"},"aioseo_notices":[],"uagb_featured_image_src":{"full":["https:\/\/wavexia.com\/wp-content\/uploads\/2025\/10\/Paula-choice-calm-repairing-serum.jpg",800,800,false],"thumbnail":["https:\/\/wavexia.com\/wp-content\/uploads\/2025\/10\/Paula-choice-calm-repairing-serum-150x150.jpg",150,150,true],"medium":["https:\/\/wavexia.com\/wp-content\/uploads\/2025\/10\/Paula-choice-calm-repairing-serum-300x300.jpg",300,300,true],"medium_large":["https:\/\/wavexia.com\/wp-content\/uploads\/2025\/10\/Paula-choice-calm-repairing-serum-768x768.jpg",768,768,true],"large":["https:\/\/wavexia.com\/wp-content\/uploads\/2025\/10\/Paula-choice-calm-repairing-serum.jpg",800,800,false],"1536x1536":["https:\/\/wavexia.com\/wp-content\/uploads\/2025\/10\/Paula-choice-calm-repairing-serum.jpg",800,800,false],"2048x2048":["https:\/\/wavexia.com\/wp-content\/uploads\/2025\/10\/Paula-choice-calm-repairing-serum.jpg",800,800,false],"woocommerce_archive_thumbnail":["https:\/\/wavexia.com\/wp-content\/uploads\/2025\/10\/Paula-choice-calm-repairing-serum-300x300.jpg",300,300,true],"woocommerce_thumbnail":["https:\/\/wavexia.com\/wp-content\/uploads\/2025\/10\/Paula-choice-calm-repairing-serum-300x300.jpg",300,300,true],"woocommerce_single":["https:\/\/wavexia.com\/wp-content\/uploads\/2025\/10\/Paula-choice-calm-repairing-serum-600x600.jpg",600,600,true],"woocommerce_gallery_thumbnail":["https:\/\/wavexia.com\/wp-content\/uploads\/2025\/10\/Paula-choice-calm-repairing-serum-100x100.jpg",100,100,true]},"uagb_author_info":{"display_name":"zineddine.ayoub98@gmail.com","author_link":"https:\/\/wavexia.com\/?author=0"},"uagb_comment_info":0,"uagb_excerpt":"Description Calm Repairing Serum est un s\u00e9rum riche en antioxydants qui contient des agents apaisants \u00e9prouv\u00e9s par la recherche pour soulager imm\u00e9diatement les rougeurs, les irritations et la r\u00e9activit\u00e9. L\u2019extrait de fouet marin est particuli\u00e8rement adapt\u00e9 aux peaux sensibles ou sujettes aux rougeurs, les c\u00e9ramides sont essentiels pour leurs capacit\u00e9s de r\u00e9tention d\u2019eau et de&hellip;","brands":[],"_links":{"self":[{"href":"https:\/\/wavexia.com\/index.php?rest_route=\/wp\/v2\/product\/5027","targetHints":{"allow":["GET"]}}],"collection":[{"href":"https:\/\/wavexia.com\/index.php?rest_route=\/wp\/v2\/product"}],"about":[{"href":"https:\/\/wavexia.com\/index.php?rest_route=\/wp\/v2\/types\/product"}],"replies":[{"embeddable":true,"href":"https:\/\/wavexia.com\/index.php?rest_route=%2Fwp%2Fv2%2Fcomments&post=5027"}],"wp:featuredmedia":[{"embeddable":true,"href":"https:\/\/wavexia.com\/index.php?rest_route=\/wp\/v2\/media\/5026"}],"wp:attachment":[{"href":"https:\/\/wavexia.com\/index.php?rest_route=%2Fwp%2Fv2%2Fmedia&parent=5027"}],"wp:term":[{"taxonomy":"pwb-brand","embeddable":true,"href":"https:\/\/wavexia.com\/index.php?rest_route=%2Fwp%2Fv2%2Fpwb-brand&post=5027"},{"taxonomy":"product_brand","embeddable":true,"href":"https:\/\/wavexia.com\/index.php?rest_route=%2Fwp%2Fv2%2Fproduct_brand&post=5027"},{"taxonomy":"product_cat","embeddable":true,"href":"https:\/\/wavexia.com\/index.php?rest_route=%2Fwp%2Fv2%2Fproduct_cat&post=5027"},{"taxonomy":"product_tag","embeddable":true,"href":"https:\/\/wavexia.com\/index.php?rest_route=%2Fwp%2Fv2%2Fproduct_tag&post=5027"}],"curies":[{"name":"wp","href":"https:\/\/api.w.org\/{rel}","templated":true}]}}