{"id":5024,"date":"2025-10-19T09:15:00","date_gmt":"2025-10-19T09:15:00","guid":{"rendered":"https:\/\/wavexia.com\/product\/shiseido-fino-premium-touch-penetrating-essence-hair-mask-230g\/"},"modified":"2026-03-10T07:31:06","modified_gmt":"2026-03-10T07:31:06","slug":"shiseido-fino-premium-touch-penetrating-essence-hair-mask-230g","status":"publish","type":"product","link":"https:\/\/wavexia.com\/?product=shiseido-fino-premium-touch-penetrating-essence-hair-mask-230g","title":{"rendered":"Shiseido fino \u2013 Premium Touch Penetrating Essence Hair Mask 230g"},"content":{"rendered":"<h2>Description<\/h2>\n<p>Offrez \u00e0 vos cheveux le m\u00eame soin de haute qualit\u00e9 qu\u2019\u00e0 votre peau avec le Fino Premium Touch Intensive Essence Hair Mask. Ce luxueux traitement capillaire est con\u00e7u pour offrir une texture lisse et uniforme de la racine \u00e0 la pointe, gr\u00e2ce \u00e0 son m\u00e9lange de six ingr\u00e9dients de s\u00e9rum de beaut\u00e9. Il se fond parfaitement dans chaque m\u00e8che, la remplissant de composants nourrissants et r\u00e9parant les moindres dommages. Le r\u00e9sultat est une chevelure uniform\u00e9ment lisse, agr\u00e9ment\u00e9e du parfum sophistiqu\u00e9 et r\u00e9confortant de Grace Floral. Sp\u00e9cialement formul\u00e9 pour les cheveux tr\u00e8s ab\u00eem\u00e9s, ce masque capillaire \u00e0 rincer est un favori de longue date qui laisse vos cheveux irr\u00e9sistiblement lisses au toucher.<\/p>\n<h5>Sp\u00e9cification du produit<\/h5>\n<p>\u2013 Type : Traitement capillaire<br \/>\u2013 Poids : 230g<br \/>\u2013 Parfum : Grace Floral<br \/>\u2013 Convient \u00e0 : Cheveux particuli\u00e8rement ab\u00eem\u00e9s<br \/>\u2013 Forme du produit : Type de rin\u00e7age<\/p>\n<h5>Ingr\u00e9dients cl\u00e9s<\/h5>\n<p>\u2013 Hydratation intense : Royal Jelly EX (Extrait de Gel\u00e9e Royale, Sorbitol) \u2013 Tenue en main durable : Trehalose + Sorbitol \u2013 Resserrement des cuticules : PCA + agent l\u00e9g\u00e8rement acide \u2013 R\u00e9paration interne : Phytosteryl\/Octyldodecyl Lauroyl Glutamate \u2013 Effet de brillance : Squalane, prot\u00e9ine de perle (Conchioline hydrolys\u00e9e) \u2013 R\u00e9tention de la couleur : Acide glutamique<\/p>\n<h5>Instructions d\u2019utilisation<\/h5>\n<ol class=\"tight\" data-pm-slice=\"3 3 [&quot;orderedList&quot;,{&quot;id&quot;:&quot;6dcb61ff-75e3-4aa5-af91-e2f7d8870ec9&quot;,&quot;tight&quot;:true,&quot;start&quot;:1},&quot;listItem&quot;,{}]\" data-tight=\"true\" data-id=\"c1c4c146-bd25-4e58-8b61-f3c36234f92e\">\n<li class=\"\">\n<p data-id=\"e40b1012-a4c1-483f-b51c-a3a9a4dd138d\">Apr\u00e8s le shampooing, s\u00e9chez l\u00e9g\u00e8rement vos cheveux, appliquez une quantit\u00e9 appropri\u00e9e sur les zones endommag\u00e9es (environ 1 \u00e0 2 cuill\u00e8res \u00e0 soupe pour les cheveux mi-longs) pour les traiter compl\u00e8tement. Rincez abondamment.<\/p>\n<\/li>\n<li class=\"\">\n<p data-id=\"ec5f5055-c0db-4511-b911-9bb186e704b4\">Le rin\u00e7age imm\u00e9diatement apr\u00e8s l\u2019application est \u00e9galement efficace.<\/p>\n<\/li>\n<li class=\"\">\n<p data-id=\"7df162c2-c3e5-48ad-91fa-cf98e4607f02\">Vous pouvez l\u2019utiliser comme soin r\u00e9gulier ou comme traitement sp\u00e9cial en fonction de votre type de cheveux.<\/p>\n<\/li>\n<li class=\"\">\n<p data-id=\"b258c0ea-ad84-479d-ab9b-d91099ee219f\">Pour obtenir l\u2019effet d\u00e9sir\u00e9, il est recommand\u00e9 de l\u2019utiliser avec une huile capillaire \u00e0 base d\u2019essences intensives.<\/p>\n<\/li>\n<\/ol>\n<h5>Conseils d\u2019utilisation suppl\u00e9mentaires pour des effets am\u00e9lior\u00e9s<\/h5>\n<p>01. Soins quotidiens : Utiliser en remplacement de l\u2019apr\u00e8s-shampoing et rincer imm\u00e9diatement.<br \/>02. Sans rin\u00e7age : Appliquer et laisser agir quelques minutes avant de rincer.<br \/>03. Peigner : Appliquer et peigner \u00e0 l\u2019aide d\u2019un peigne \u00e0 dents larges.<br \/>04. Bonnet de douche : Apr\u00e8s le peignage, recouvrir d\u2019un bonnet de douche, \u00e9tuver pendant quelques minutes, puis rincer.<br \/>05. Double masque pour les pointes : appliquer le masque sur les pointes, puis r\u00e9appliquer en se concentrant sur les cheveux ab\u00eem\u00e9s des mi-longueurs aux pointes avant de rincer.<\/p>\n<h5>Ingr\u00e9dients<\/h5>\n<p>Eau, sorbitol, dim\u00e9thicone, alcool de colza hydrog\u00e9n\u00e9, isopentyldiol, chlorure de b\u00e9hentrimonium, aminopropyl dim\u00e9thicone, Alkyl (C12-14) Oxyhydroxypropyl Arginine HCl, Stearyl Dihydroxypropyldimonium Oligosaccharides, acide glutamique, chlorure de st\u00e9artrimonium, Tr\u00e9halose, Squalane, PEG-90M, PCA, Lauroyl Glutamate Di (phytosteryl\/octyldodecyl), Polyquaternium-64, Extrait de Gel\u00e9e Royale, Isopropanol, Cetanol, Octyldodecanol, Ethanol, PG, BG, Silice, BHT, Tocopherol, Phenoxyethanol, Sodium Benzoate, Fragrance, Yellow 5. Veuillez consulter l\u2019emballage du produit pour obtenir la liste des ingr\u00e9dients la plus pr\u00e9cise et la plus r\u00e9cente.<\/p>\n<h2><\/h2>\n<h5>Pays d\u2019origine<\/h5>\n<p>Japon<\/p>\n","protected":false},"excerpt":{"rendered":"<p>Description Offrez \u00e0 vos cheveux le m\u00eame soin de haute qualit\u00e9 qu\u2019\u00e0 votre peau avec le Fino Premium Touch Intensive Essence Hair Mask. Ce luxueux traitement capillaire est con\u00e7u pour offrir une texture lisse et uniforme de la racine \u00e0 la pointe, gr\u00e2ce \u00e0 son m\u00e9lange de six ingr\u00e9dients de s\u00e9rum de beaut\u00e9. Il se [&hellip;]<\/p>\n","protected":false},"featured_media":5023,"comment_status":"open","ping_status":"closed","template":"","meta":{"content-type":"","_uag_custom_page_level_css":""},"pwb-brand":[],"product_brand":[],"product_cat":[377,327,339,334,399],"product_tag":[],"class_list":{"0":"post-5024","1":"product","2":"type-product","3":"status-publish","4":"has-post-thumbnail","6":"product_cat-cheveux","7":"product_cat-hmizat","8":"product_cat-meilleures-ventes","9":"product_cat-produits-coreens","10":"product_cat-shiseido","12":"first","13":"instock","14":"sale","15":"shipping-taxable","16":"purchasable","17":"product-type-simple"},"aioseo_notices":[],"uagb_featured_image_src":{"full":["https:\/\/wavexia.com\/wp-content\/uploads\/2025\/10\/Sanstitre_1000x1000px_841x1189mm_2000x2500px_83.webp",713,713,false],"thumbnail":["https:\/\/wavexia.com\/wp-content\/uploads\/2025\/10\/Sanstitre_1000x1000px_841x1189mm_2000x2500px_83-150x150.webp",150,150,true],"medium":["https:\/\/wavexia.com\/wp-content\/uploads\/2025\/10\/Sanstitre_1000x1000px_841x1189mm_2000x2500px_83-300x300.webp",300,300,true],"medium_large":["https:\/\/wavexia.com\/wp-content\/uploads\/2025\/10\/Sanstitre_1000x1000px_841x1189mm_2000x2500px_83.webp",713,713,false],"large":["https:\/\/wavexia.com\/wp-content\/uploads\/2025\/10\/Sanstitre_1000x1000px_841x1189mm_2000x2500px_83.webp",713,713,false],"1536x1536":["https:\/\/wavexia.com\/wp-content\/uploads\/2025\/10\/Sanstitre_1000x1000px_841x1189mm_2000x2500px_83.webp",713,713,false],"2048x2048":["https:\/\/wavexia.com\/wp-content\/uploads\/2025\/10\/Sanstitre_1000x1000px_841x1189mm_2000x2500px_83.webp",713,713,false],"woocommerce_archive_thumbnail":["https:\/\/wavexia.com\/wp-content\/uploads\/2025\/10\/Sanstitre_1000x1000px_841x1189mm_2000x2500px_83-300x300.webp",300,300,true],"woocommerce_thumbnail":["https:\/\/wavexia.com\/wp-content\/uploads\/2025\/10\/Sanstitre_1000x1000px_841x1189mm_2000x2500px_83-300x300.webp",300,300,true],"woocommerce_single":["https:\/\/wavexia.com\/wp-content\/uploads\/2025\/10\/Sanstitre_1000x1000px_841x1189mm_2000x2500px_83-600x600.webp",600,600,true],"woocommerce_gallery_thumbnail":["https:\/\/wavexia.com\/wp-content\/uploads\/2025\/10\/Sanstitre_1000x1000px_841x1189mm_2000x2500px_83-100x100.webp",100,100,true]},"uagb_author_info":{"display_name":"zineddine.ayoub98@gmail.com","author_link":"https:\/\/wavexia.com\/?author=0"},"uagb_comment_info":0,"uagb_excerpt":"Description Offrez \u00e0 vos cheveux le m\u00eame soin de haute qualit\u00e9 qu\u2019\u00e0 votre peau avec le Fino Premium Touch Intensive Essence Hair Mask. Ce luxueux traitement capillaire est con\u00e7u pour offrir une texture lisse et uniforme de la racine \u00e0 la pointe, gr\u00e2ce \u00e0 son m\u00e9lange de six ingr\u00e9dients de s\u00e9rum de beaut\u00e9. Il se&hellip;","brands":[],"_links":{"self":[{"href":"https:\/\/wavexia.com\/index.php?rest_route=\/wp\/v2\/product\/5024","targetHints":{"allow":["GET"]}}],"collection":[{"href":"https:\/\/wavexia.com\/index.php?rest_route=\/wp\/v2\/product"}],"about":[{"href":"https:\/\/wavexia.com\/index.php?rest_route=\/wp\/v2\/types\/product"}],"replies":[{"embeddable":true,"href":"https:\/\/wavexia.com\/index.php?rest_route=%2Fwp%2Fv2%2Fcomments&post=5024"}],"wp:featuredmedia":[{"embeddable":true,"href":"https:\/\/wavexia.com\/index.php?rest_route=\/wp\/v2\/media\/5023"}],"wp:attachment":[{"href":"https:\/\/wavexia.com\/index.php?rest_route=%2Fwp%2Fv2%2Fmedia&parent=5024"}],"wp:term":[{"taxonomy":"pwb-brand","embeddable":true,"href":"https:\/\/wavexia.com\/index.php?rest_route=%2Fwp%2Fv2%2Fpwb-brand&post=5024"},{"taxonomy":"product_brand","embeddable":true,"href":"https:\/\/wavexia.com\/index.php?rest_route=%2Fwp%2Fv2%2Fproduct_brand&post=5024"},{"taxonomy":"product_cat","embeddable":true,"href":"https:\/\/wavexia.com\/index.php?rest_route=%2Fwp%2Fv2%2Fproduct_cat&post=5024"},{"taxonomy":"product_tag","embeddable":true,"href":"https:\/\/wavexia.com\/index.php?rest_route=%2Fwp%2Fv2%2Fproduct_tag&post=5024"}],"curies":[{"name":"wp","href":"https:\/\/api.w.org\/{rel}","templated":true}]}}