{"id":4979,"date":"2025-10-19T09:14:19","date_gmt":"2025-10-19T09:14:19","guid":{"rendered":"https:\/\/wavexia.com\/product\/marvis-classic-strong-mint-85ml\/"},"modified":"2026-03-10T07:31:06","modified_gmt":"2026-03-10T07:31:06","slug":"marvis-classic-strong-mint-85ml","status":"publish","type":"product","link":"https:\/\/wavexia.com\/?product=marvis-classic-strong-mint-85ml","title":{"rendered":"MARVIS CLASSIC STRONG MINT 85ml"},"content":{"rendered":"<h2>Description<\/h2>\n<p>Marvis Classic Strong Mint est la premi\u00e8re version \u00e0 se faire un nom pour Marvis. La s\u00e9duisante saveur de menthe \u00ab pierita \u00bb vous transporte dans une dimension fra\u00eeche. Venant d\u2019Italie avec un design \u00e9l\u00e9gant et luxueux, Marvis Classic Strong Mint est pour ceux qui aiment une exp\u00e9rience classique mais non moins sophistiqu\u00e9e.<\/p>\n<p><strong>Mode d\u2019emploi :<\/strong><\/p>\n<p>Utilisez-le pour vous brosser les dents tous les matins et tous les soirs.<\/p>\n<p><strong>Ingr\u00e9dients:<\/strong><\/p>\n<p>Glyc\u00e9rine, hydroxyde d\u2019aluminium, Aqua, silice, ar\u00f4me, gomme de cellulose, dioxyde de titane, xylitol, laurylsulfate de sodium, saccharine de sodium, fluorure de sodium, acide citrique, citrate de sodium, limon\u00e8ne.<\/p>\n<p>&nbsp;<\/p>\n","protected":false},"excerpt":{"rendered":"<p>Description Marvis Classic Strong Mint est la premi\u00e8re version \u00e0 se faire un nom pour Marvis. La s\u00e9duisante saveur de menthe \u00ab pierita \u00bb vous transporte dans une dimension fra\u00eeche. Venant d\u2019Italie avec un design \u00e9l\u00e9gant et luxueux, Marvis Classic Strong Mint est pour ceux qui aiment une exp\u00e9rience classique mais non moins sophistiqu\u00e9e. Mode [&hellip;]<\/p>\n","protected":false},"featured_media":4978,"comment_status":"open","ping_status":"closed","template":"","meta":{"content-type":"","_uag_custom_page_level_css":""},"pwb-brand":[],"product_brand":[],"product_cat":[440,374],"product_tag":[],"class_list":{"0":"post-4979","1":"product","2":"type-product","3":"status-publish","4":"has-post-thumbnail","6":"product_cat-marvis","7":"product_cat-soins-dentaires","9":"first","10":"instock","11":"sale","12":"shipping-taxable","13":"purchasable","14":"product-type-simple"},"aioseo_notices":[],"uagb_featured_image_src":{"full":["https:\/\/wavexia.com\/wp-content\/uploads\/2025\/10\/marvis-dentifrice-menthe-forte-classique-85ml.jpg",800,800,false],"thumbnail":["https:\/\/wavexia.com\/wp-content\/uploads\/2025\/10\/marvis-dentifrice-menthe-forte-classique-85ml-150x150.jpg",150,150,true],"medium":["https:\/\/wavexia.com\/wp-content\/uploads\/2025\/10\/marvis-dentifrice-menthe-forte-classique-85ml-300x300.jpg",300,300,true],"medium_large":["https:\/\/wavexia.com\/wp-content\/uploads\/2025\/10\/marvis-dentifrice-menthe-forte-classique-85ml-768x768.jpg",768,768,true],"large":["https:\/\/wavexia.com\/wp-content\/uploads\/2025\/10\/marvis-dentifrice-menthe-forte-classique-85ml.jpg",800,800,false],"1536x1536":["https:\/\/wavexia.com\/wp-content\/uploads\/2025\/10\/marvis-dentifrice-menthe-forte-classique-85ml.jpg",800,800,false],"2048x2048":["https:\/\/wavexia.com\/wp-content\/uploads\/2025\/10\/marvis-dentifrice-menthe-forte-classique-85ml.jpg",800,800,false],"woocommerce_archive_thumbnail":["https:\/\/wavexia.com\/wp-content\/uploads\/2025\/10\/marvis-dentifrice-menthe-forte-classique-85ml-300x300.jpg",300,300,true],"woocommerce_thumbnail":["https:\/\/wavexia.com\/wp-content\/uploads\/2025\/10\/marvis-dentifrice-menthe-forte-classique-85ml-300x300.jpg",300,300,true],"woocommerce_single":["https:\/\/wavexia.com\/wp-content\/uploads\/2025\/10\/marvis-dentifrice-menthe-forte-classique-85ml-600x600.jpg",600,600,true],"woocommerce_gallery_thumbnail":["https:\/\/wavexia.com\/wp-content\/uploads\/2025\/10\/marvis-dentifrice-menthe-forte-classique-85ml-100x100.jpg",100,100,true]},"uagb_author_info":{"display_name":"zineddine.ayoub98@gmail.com","author_link":"https:\/\/wavexia.com\/?author=0"},"uagb_comment_info":0,"uagb_excerpt":"Description Marvis Classic Strong Mint est la premi\u00e8re version \u00e0 se faire un nom pour Marvis. La s\u00e9duisante saveur de menthe \u00ab pierita \u00bb vous transporte dans une dimension fra\u00eeche. Venant d\u2019Italie avec un design \u00e9l\u00e9gant et luxueux, Marvis Classic Strong Mint est pour ceux qui aiment une exp\u00e9rience classique mais non moins sophistiqu\u00e9e. Mode&hellip;","brands":[],"_links":{"self":[{"href":"https:\/\/wavexia.com\/index.php?rest_route=\/wp\/v2\/product\/4979","targetHints":{"allow":["GET"]}}],"collection":[{"href":"https:\/\/wavexia.com\/index.php?rest_route=\/wp\/v2\/product"}],"about":[{"href":"https:\/\/wavexia.com\/index.php?rest_route=\/wp\/v2\/types\/product"}],"replies":[{"embeddable":true,"href":"https:\/\/wavexia.com\/index.php?rest_route=%2Fwp%2Fv2%2Fcomments&post=4979"}],"wp:featuredmedia":[{"embeddable":true,"href":"https:\/\/wavexia.com\/index.php?rest_route=\/wp\/v2\/media\/4978"}],"wp:attachment":[{"href":"https:\/\/wavexia.com\/index.php?rest_route=%2Fwp%2Fv2%2Fmedia&parent=4979"}],"wp:term":[{"taxonomy":"pwb-brand","embeddable":true,"href":"https:\/\/wavexia.com\/index.php?rest_route=%2Fwp%2Fv2%2Fpwb-brand&post=4979"},{"taxonomy":"product_brand","embeddable":true,"href":"https:\/\/wavexia.com\/index.php?rest_route=%2Fwp%2Fv2%2Fproduct_brand&post=4979"},{"taxonomy":"product_cat","embeddable":true,"href":"https:\/\/wavexia.com\/index.php?rest_route=%2Fwp%2Fv2%2Fproduct_cat&post=4979"},{"taxonomy":"product_tag","embeddable":true,"href":"https:\/\/wavexia.com\/index.php?rest_route=%2Fwp%2Fv2%2Fproduct_tag&post=4979"}],"curies":[{"name":"wp","href":"https:\/\/api.w.org\/{rel}","templated":true}]}}