{"id":4904,"date":"2025-10-19T09:13:16","date_gmt":"2025-10-19T09:13:16","guid":{"rendered":"https:\/\/wavexia.com\/product\/tirtir-lifting-eye-cream-15ml\/"},"modified":"2026-03-10T07:31:05","modified_gmt":"2026-03-10T07:31:05","slug":"tirtir-lifting-eye-cream-15ml","status":"publish","type":"product","link":"https:\/\/wavexia.com\/?product=tirtir-lifting-eye-cream-15ml","title":{"rendered":"TirTir Lifting Eye Cream 15ml"},"content":{"rendered":"<h2>Description<\/h2>\n<p><strong>TIRTIR Collagen Lifting Eye Cream est un produit innovant<\/strong>&nbsp;qui offre de multiples avantages pour la zone d\u00e9licate du contour des yeux. Elle contient un m\u00e9lange d\u2019ingr\u00e9dients puissants tels que le niacinamide, le collag\u00e8ne v\u00e9g\u00e9talien, les peptides et la vitamine C, qui aident \u00e0 renforcer et \u00e0 nourrir la peau du contour des yeux.<\/p>\n<p><strong>B\u00e9n\u00e9fices :<\/strong><\/p>\n<ul>\n<li><strong>Ingr\u00e9dients riches en nutriments :<\/strong>&nbsp;La cr\u00e8me contient des ingr\u00e9dients tels que le niacinamide et le collag\u00e8ne v\u00e9g\u00e9talien, qui contribuent \u00e0 la sant\u00e9 et \u00e0 la vitalit\u00e9 de l\u2019organisme.&nbsp;am\u00e9liorer la fermet\u00e9 et l\u2019\u00e9lasticit\u00e9 de la peau.<\/li>\n<li><strong>R\u00e9duit les cernes :<\/strong>&nbsp;La vitamine C contenue dans la formule haide \u00e0 r\u00e9duire les cernes sous les yeux et \u00e0 unifier le teint.<\/li>\n<li><strong>Am\u00e9liore l\u2019\u00e9lasticit\u00e9 de la peau :<\/strong>&nbsp;Contient un m\u00e9lange avanc\u00e9 de peptides qui favorisent l\u2019\u00e9lasticit\u00e9 de la peau et r\u00e9duisent les signes du vieillissement.<\/li>\n<li><strong>Applicateur facile \u00e0 utiliser :<\/strong>&nbsp;Le produit est dot\u00e9 d\u2019un applicateur \u00e0 bille pour une application facile et en douceur.<\/li>\n<li><strong>Texture rafra\u00eechissante :<\/strong>&nbsp;La cr\u00e8me a une texture semblable \u00e0 celle de l\u2019eau qui donne une sensation de fra\u00eecheur sur la peau.<\/li>\n<li><strong>Exempte de substances nocives :<\/strong>&nbsp;Formul\u00e9e sans parab\u00e8nes, sans sulfates, sans colorants artificiels, sans huile min\u00e9rale et sans silicone.<\/li>\n<\/ul>\n<p><strong>Utilisation:<\/strong><\/p>\n<ol>\n<li><strong>Appliquer le produit :<\/strong>&nbsp;Utilisez l\u2019applicateur roller pour appliquer d\u00e9licatement le produit en effectuant un mouvement de balayage vers le haut autour des yeux. Cela permet de r\u00e9duire le gonflement et de favoriser l\u2019absorption de la cr\u00e8me.<\/li>\n<li><strong>Faites p\u00e9n\u00e9trer la cr\u00e8me en massant :<\/strong>&nbsp;Apr\u00e8s avoir appliqu\u00e9 le produit \u00e0 l\u2019aide de l\u2019applicateur, utilisez le bout de vos doigts pour faire p\u00e9n\u00e9trer d\u00e9licatement la cr\u00e8me dans la peau pour une absorption maximale.<\/li>\n<li><strong>Nettoyer l\u2019applicateur :<\/strong>&nbsp;Apr\u00e8s utilisation, il est important de nettoyer l\u2019applicateur pour maintenir l\u2019hygi\u00e8ne et pr\u00e9venir la formation de bact\u00e9ries.<\/li>\n<\/ol>\n","protected":false},"excerpt":{"rendered":"<p>Description TIRTIR Collagen Lifting Eye Cream est un produit innovant&nbsp;qui offre de multiples avantages pour la zone d\u00e9licate du contour des yeux. Elle contient un m\u00e9lange d\u2019ingr\u00e9dients puissants tels que le niacinamide, le collag\u00e8ne v\u00e9g\u00e9talien, les peptides et la vitamine C, qui aident \u00e0 renforcer et \u00e0 nourrir la peau du contour des yeux. B\u00e9n\u00e9fices [&hellip;]<\/p>\n","protected":false},"featured_media":4903,"comment_status":"open","ping_status":"closed","template":"","meta":{"content-type":"","_uag_custom_page_level_css":""},"pwb-brand":[],"product_brand":[],"product_cat":[352,327,334,370],"product_tag":[],"class_list":{"0":"post-4904","1":"product","2":"type-product","3":"status-publish","4":"has-post-thumbnail","6":"product_cat-contour-des-yeux","7":"product_cat-hmizat","8":"product_cat-produits-coreens","9":"product_cat-tirtir","11":"first","12":"instock","13":"sale","14":"shipping-taxable","15":"purchasable","16":"product-type-simple"},"aioseo_notices":[],"uagb_featured_image_src":{"full":["https:\/\/wavexia.com\/wp-content\/uploads\/2025\/10\/a077eb43-2994-4298-91a6-4ca600d615edd9f2331d992c17a2518c7d15.jpeg",606,752,false],"thumbnail":["https:\/\/wavexia.com\/wp-content\/uploads\/2025\/10\/a077eb43-2994-4298-91a6-4ca600d615edd9f2331d992c17a2518c7d15-150x150.jpeg",150,150,true],"medium":["https:\/\/wavexia.com\/wp-content\/uploads\/2025\/10\/a077eb43-2994-4298-91a6-4ca600d615edd9f2331d992c17a2518c7d15-242x300.jpeg",242,300,true],"medium_large":["https:\/\/wavexia.com\/wp-content\/uploads\/2025\/10\/a077eb43-2994-4298-91a6-4ca600d615edd9f2331d992c17a2518c7d15.jpeg",606,752,false],"large":["https:\/\/wavexia.com\/wp-content\/uploads\/2025\/10\/a077eb43-2994-4298-91a6-4ca600d615edd9f2331d992c17a2518c7d15.jpeg",606,752,false],"1536x1536":["https:\/\/wavexia.com\/wp-content\/uploads\/2025\/10\/a077eb43-2994-4298-91a6-4ca600d615edd9f2331d992c17a2518c7d15.jpeg",606,752,false],"2048x2048":["https:\/\/wavexia.com\/wp-content\/uploads\/2025\/10\/a077eb43-2994-4298-91a6-4ca600d615edd9f2331d992c17a2518c7d15.jpeg",606,752,false],"woocommerce_archive_thumbnail":["https:\/\/wavexia.com\/wp-content\/uploads\/2025\/10\/a077eb43-2994-4298-91a6-4ca600d615edd9f2331d992c17a2518c7d15-300x372.jpeg",300,372,true],"woocommerce_thumbnail":["https:\/\/wavexia.com\/wp-content\/uploads\/2025\/10\/a077eb43-2994-4298-91a6-4ca600d615edd9f2331d992c17a2518c7d15-300x300.jpeg",300,300,true],"woocommerce_single":["https:\/\/wavexia.com\/wp-content\/uploads\/2025\/10\/a077eb43-2994-4298-91a6-4ca600d615edd9f2331d992c17a2518c7d15-600x745.jpeg",600,745,true],"woocommerce_gallery_thumbnail":["https:\/\/wavexia.com\/wp-content\/uploads\/2025\/10\/a077eb43-2994-4298-91a6-4ca600d615edd9f2331d992c17a2518c7d15-100x100.jpeg",100,100,true]},"uagb_author_info":{"display_name":"zineddine.ayoub98@gmail.com","author_link":"https:\/\/wavexia.com\/?author=0"},"uagb_comment_info":0,"uagb_excerpt":"Description TIRTIR Collagen Lifting Eye Cream est un produit innovant&nbsp;qui offre de multiples avantages pour la zone d\u00e9licate du contour des yeux. Elle contient un m\u00e9lange d\u2019ingr\u00e9dients puissants tels que le niacinamide, le collag\u00e8ne v\u00e9g\u00e9talien, les peptides et la vitamine C, qui aident \u00e0 renforcer et \u00e0 nourrir la peau du contour des yeux. B\u00e9n\u00e9fices&hellip;","brands":[],"_links":{"self":[{"href":"https:\/\/wavexia.com\/index.php?rest_route=\/wp\/v2\/product\/4904","targetHints":{"allow":["GET"]}}],"collection":[{"href":"https:\/\/wavexia.com\/index.php?rest_route=\/wp\/v2\/product"}],"about":[{"href":"https:\/\/wavexia.com\/index.php?rest_route=\/wp\/v2\/types\/product"}],"replies":[{"embeddable":true,"href":"https:\/\/wavexia.com\/index.php?rest_route=%2Fwp%2Fv2%2Fcomments&post=4904"}],"wp:featuredmedia":[{"embeddable":true,"href":"https:\/\/wavexia.com\/index.php?rest_route=\/wp\/v2\/media\/4903"}],"wp:attachment":[{"href":"https:\/\/wavexia.com\/index.php?rest_route=%2Fwp%2Fv2%2Fmedia&parent=4904"}],"wp:term":[{"taxonomy":"pwb-brand","embeddable":true,"href":"https:\/\/wavexia.com\/index.php?rest_route=%2Fwp%2Fv2%2Fpwb-brand&post=4904"},{"taxonomy":"product_brand","embeddable":true,"href":"https:\/\/wavexia.com\/index.php?rest_route=%2Fwp%2Fv2%2Fproduct_brand&post=4904"},{"taxonomy":"product_cat","embeddable":true,"href":"https:\/\/wavexia.com\/index.php?rest_route=%2Fwp%2Fv2%2Fproduct_cat&post=4904"},{"taxonomy":"product_tag","embeddable":true,"href":"https:\/\/wavexia.com\/index.php?rest_route=%2Fwp%2Fv2%2Fproduct_tag&post=4904"}],"curies":[{"name":"wp","href":"https:\/\/api.w.org\/{rel}","templated":true}]}}