{"id":4883,"date":"2025-10-19T09:13:04","date_gmt":"2025-10-19T09:13:04","guid":{"rendered":"https:\/\/wavexia.com\/product\/medicube-age-r-booster-pro-head-case-black\/"},"modified":"2026-03-10T07:31:05","modified_gmt":"2026-03-10T07:31:05","slug":"medicube-age-r-booster-pro-head-case-black","status":"publish","type":"product","link":"https:\/\/wavexia.com\/?product=medicube-age-r-booster-pro-head-case-black","title":{"rendered":"Medicube AGE-R Booster Pro Head Case Black"},"content":{"rendered":"<h2>Description<\/h2>\n<p>Couvrez et prot\u00e9gez votre AGE-R Booster Pro avec cet \u00e9tui con\u00e7u pour s\u2019adapter parfaitement \u00e0 la t\u00eate de l\u2019appareil.<\/p>\n<p>Ce bo\u00eetier de t\u00eate est exclusif \u00e0 AGE-R Booster Pro. Cela peut aider \u00e0 prot\u00e9ger l\u2019appareil des impuret\u00e9s et \u00e0 pr\u00e9venir les dommages \u00e0 l\u2019appareil.<\/p>\n<h5>principaux avantages:<\/h5>\n<ul>\n<li><strong>Ajustement parfait :<\/strong>&nbsp;d\u00e9velopp\u00e9 sp\u00e9cifiquement pour le Medicube AGE-R Booster Pro.<\/li>\n<li><strong>L\u00e9ger et compact :<\/strong>&nbsp;ne p\u00e8se que 10 g, parfait pour les voyages.<\/li>\n<li><strong>Fonction de protection :<\/strong>&nbsp;Prot\u00e8ge l\u2019appareil des influences ext\u00e9rieures.<\/li>\n<li><strong>Design simple :<\/strong>&nbsp;couleur rose pour une \u00e9l\u00e9gance subtile.<\/li>\n<\/ul>\n","protected":false},"excerpt":{"rendered":"<p>Description Couvrez et prot\u00e9gez votre AGE-R Booster Pro avec cet \u00e9tui con\u00e7u pour s\u2019adapter parfaitement \u00e0 la t\u00eate de l\u2019appareil. Ce bo\u00eetier de t\u00eate est exclusif \u00e0 AGE-R Booster Pro. Cela peut aider \u00e0 prot\u00e9ger l\u2019appareil des impuret\u00e9s et \u00e0 pr\u00e9venir les dommages \u00e0 l\u2019appareil. principaux avantages: Ajustement parfait :&nbsp;d\u00e9velopp\u00e9 sp\u00e9cifiquement pour le Medicube AGE-R [&hellip;]<\/p>\n","protected":false},"featured_media":4882,"comment_status":"open","ping_status":"closed","template":"","meta":{"content-type":"","_uag_custom_page_level_css":""},"pwb-brand":[],"product_brand":[],"product_cat":[349,328,334],"product_tag":[],"class_list":{"0":"post-4883","1":"product","2":"type-product","3":"status-publish","4":"has-post-thumbnail","6":"product_cat-medicube","7":"product_cat-nouveautes","8":"product_cat-produits-coreens","10":"first","11":"instock","12":"sale","13":"shipping-taxable","14":"purchasable","15":"product-type-simple"},"aioseo_notices":[],"uagb_featured_image_src":{"full":["https:\/\/wavexia.com\/wp-content\/uploads\/2025\/10\/400.jpeg",400,400,false],"thumbnail":["https:\/\/wavexia.com\/wp-content\/uploads\/2025\/10\/400-150x150.jpeg",150,150,true],"medium":["https:\/\/wavexia.com\/wp-content\/uploads\/2025\/10\/400-300x300.jpeg",300,300,true],"medium_large":["https:\/\/wavexia.com\/wp-content\/uploads\/2025\/10\/400.jpeg",400,400,false],"large":["https:\/\/wavexia.com\/wp-content\/uploads\/2025\/10\/400.jpeg",400,400,false],"1536x1536":["https:\/\/wavexia.com\/wp-content\/uploads\/2025\/10\/400.jpeg",400,400,false],"2048x2048":["https:\/\/wavexia.com\/wp-content\/uploads\/2025\/10\/400.jpeg",400,400,false],"woocommerce_archive_thumbnail":["https:\/\/wavexia.com\/wp-content\/uploads\/2025\/10\/400-300x300.jpeg",300,300,true],"woocommerce_thumbnail":["https:\/\/wavexia.com\/wp-content\/uploads\/2025\/10\/400-300x300.jpeg",300,300,true],"woocommerce_single":["https:\/\/wavexia.com\/wp-content\/uploads\/2025\/10\/400.jpeg",400,400,false],"woocommerce_gallery_thumbnail":["https:\/\/wavexia.com\/wp-content\/uploads\/2025\/10\/400-100x100.jpeg",100,100,true]},"uagb_author_info":{"display_name":"zineddine.ayoub98@gmail.com","author_link":"https:\/\/wavexia.com\/?author=0"},"uagb_comment_info":0,"uagb_excerpt":"Description Couvrez et prot\u00e9gez votre AGE-R Booster Pro avec cet \u00e9tui con\u00e7u pour s\u2019adapter parfaitement \u00e0 la t\u00eate de l\u2019appareil. Ce bo\u00eetier de t\u00eate est exclusif \u00e0 AGE-R Booster Pro. Cela peut aider \u00e0 prot\u00e9ger l\u2019appareil des impuret\u00e9s et \u00e0 pr\u00e9venir les dommages \u00e0 l\u2019appareil. principaux avantages: Ajustement parfait :&nbsp;d\u00e9velopp\u00e9 sp\u00e9cifiquement pour le Medicube AGE-R&hellip;","brands":[],"_links":{"self":[{"href":"https:\/\/wavexia.com\/index.php?rest_route=\/wp\/v2\/product\/4883","targetHints":{"allow":["GET"]}}],"collection":[{"href":"https:\/\/wavexia.com\/index.php?rest_route=\/wp\/v2\/product"}],"about":[{"href":"https:\/\/wavexia.com\/index.php?rest_route=\/wp\/v2\/types\/product"}],"replies":[{"embeddable":true,"href":"https:\/\/wavexia.com\/index.php?rest_route=%2Fwp%2Fv2%2Fcomments&post=4883"}],"wp:featuredmedia":[{"embeddable":true,"href":"https:\/\/wavexia.com\/index.php?rest_route=\/wp\/v2\/media\/4882"}],"wp:attachment":[{"href":"https:\/\/wavexia.com\/index.php?rest_route=%2Fwp%2Fv2%2Fmedia&parent=4883"}],"wp:term":[{"taxonomy":"pwb-brand","embeddable":true,"href":"https:\/\/wavexia.com\/index.php?rest_route=%2Fwp%2Fv2%2Fpwb-brand&post=4883"},{"taxonomy":"product_brand","embeddable":true,"href":"https:\/\/wavexia.com\/index.php?rest_route=%2Fwp%2Fv2%2Fproduct_brand&post=4883"},{"taxonomy":"product_cat","embeddable":true,"href":"https:\/\/wavexia.com\/index.php?rest_route=%2Fwp%2Fv2%2Fproduct_cat&post=4883"},{"taxonomy":"product_tag","embeddable":true,"href":"https:\/\/wavexia.com\/index.php?rest_route=%2Fwp%2Fv2%2Fproduct_tag&post=4883"}],"curies":[{"name":"wp","href":"https:\/\/api.w.org\/{rel}","templated":true}]}}