{"id":4832,"date":"2025-10-19T09:12:24","date_gmt":"2025-10-19T09:12:24","guid":{"rendered":"https:\/\/wavexia.com\/product\/round-lab-1025-dokdo-hydrating-water-gel-mask\/"},"modified":"2026-03-10T07:31:05","modified_gmt":"2026-03-10T07:31:05","slug":"round-lab-1025-dokdo-hydrating-water-gel-mask","status":"publish","type":"product","link":"https:\/\/wavexia.com\/?product=round-lab-1025-dokdo-hydrating-water-gel-mask","title":{"rendered":"Round Lab 1025 Dokdo Hydrating Water Gel Mask"},"content":{"rendered":"<h2>Description<\/h2>\n<p>Le masque gel \u00e0 l\u2019eau hydratant Round Lab 1025 Dokdo est un concentr\u00e9 d\u2019hydratation, formul\u00e9 pour nourrir et apaiser votre peau en profondeur. Compos\u00e9 d\u2019eau de mer profonde de l\u2019\u00eele d\u2019Ulleungdo \u2122, connue pour sa riche teneur en min\u00e9raux, ce masque reconstitue les niveaux d\u2019hydratation et revitalise la peau. Enrichi de 8 types d\u2019acide hyaluronique, il offre une hydratation multicouche, garantissant que votre peau reste rebondie et hydrat\u00e9e. Les acides amin\u00e9s ont des effets apaisants, calmant les irritations et les rougeurs, tandis que la formule l\u00e9g\u00e8re du gel assure une absorption rapide sans r\u00e9sidu collant. Parfait pour tous les types de peau, ce masque am\u00e9liore la texture et l\u2019\u00e9lasticit\u00e9 de la peau, laissant votre teint rafra\u00eechi et souple.<\/p>\n<h5>mode d\u2019emploi:<\/h5>\n<p>Appliquez le masque en tissu sur une peau propre et laissez agir pendant 10 \u00e0 15 minutes. Apr\u00e8s avoir retir\u00e9, tapotez doucement l\u2019essence restante<\/p>\n<h5>les avantages:<\/h5>\n<p class=\"bdetails\">\u2022&nbsp;<b>Hydratation en profondeur :<\/b>&nbsp;Enrichi de 8 types d\u2019acide hyaluronique pour fournir une hydratation durable et am\u00e9liorer la texture de la peau.<\/p>\n<p class=\"bdetails\">\u2022&nbsp;<b>Effets apaisants :<\/b>&nbsp;Les acides amin\u00e9s aident \u00e0 calmer et \u00e0 apaiser la peau, r\u00e9duisant les irritations et les rougeurs.<\/p>\n<p class=\"bdetails\">\u2022&nbsp;<b>Revitalise la peau :<\/b>&nbsp;L\u2019eau de mer profonde de l\u2019\u00eele d\u2019Ulleungdo revitalise et rafra\u00eechit les peaux fatigu\u00e9es et ternes.<\/p>\n<p class=\"bdetails\">\u2022&nbsp;<b>Absorption rapide :<\/b>&nbsp;La formule gel l\u00e9g\u00e8re assure une absorption rapide sans laisser de r\u00e9sidu collant.<\/p>\n<p class=\"bsubtitle\">Informations sur le produit<\/p>\n<h5>ingr\u00e9dients:<\/h5>\n<p>Eau, glyc\u00e9rine, dipropyl\u00e8ne glycol, butyl\u00e8ne glycol, 1,2-hexanediol, eau de mer, hyaluronate d\u2019hydroxypropyltrimonium, hyaluronate ac\u00e9tyl\u00e9 de sodium, acide hyaluronique hydrolys\u00e9, acide hyaluronique, polym\u00e8re crois\u00e9 d\u2019hyaluronate de sodium, hyaluronate de sodium hydrolys\u00e9, hyaluronate de potassium, hyaluronate de sodium, prot\u00e9ase, leucine hydratante, lysine, ph\u00e9nylalanine, tryptophane, valine, thr\u00e9onine, isoleucine, m\u00e9thionine, allanto\u00efne, b\u00e9ta\u00efne, panth\u00e9nol, glycyrrhizate dipotassique, glucose, xylitylglucoside, Anhydroxylitol, xylitol, \u00e9thylhexylglyc\u00e9rine, phytate de sodium, carbom\u00e8re, arginine<\/p>\n","protected":false},"excerpt":{"rendered":"<p>Description Le masque gel \u00e0 l\u2019eau hydratant Round Lab 1025 Dokdo est un concentr\u00e9 d\u2019hydratation, formul\u00e9 pour nourrir et apaiser votre peau en profondeur. Compos\u00e9 d\u2019eau de mer profonde de l\u2019\u00eele d\u2019Ulleungdo \u2122, connue pour sa riche teneur en min\u00e9raux, ce masque reconstitue les niveaux d\u2019hydratation et revitalise la peau. Enrichi de 8 types d\u2019acide [&hellip;]<\/p>\n","protected":false},"featured_media":4831,"comment_status":"open","ping_status":"closed","template":"","meta":{"content-type":"","_uag_custom_page_level_css":""},"pwb-brand":[],"product_brand":[],"product_cat":[343,328,334,341],"product_tag":[],"class_list":{"0":"post-4832","1":"product","2":"type-product","3":"status-publish","4":"has-post-thumbnail","6":"product_cat-masque","7":"product_cat-nouveautes","8":"product_cat-produits-coreens","9":"product_cat-round-lab","11":"first","12":"instock","13":"sale","14":"shipping-taxable","15":"purchasable","16":"product-type-simple"},"aioseo_notices":[],"uagb_featured_image_src":{"full":["https:\/\/wavexia.com\/wp-content\/uploads\/2025\/10\/Round-Lab-1025-Dokdo-Water-Gel-Mask-30ml_1PC.webp",800,800,false],"thumbnail":["https:\/\/wavexia.com\/wp-content\/uploads\/2025\/10\/Round-Lab-1025-Dokdo-Water-Gel-Mask-30ml_1PC-150x150.webp",150,150,true],"medium":["https:\/\/wavexia.com\/wp-content\/uploads\/2025\/10\/Round-Lab-1025-Dokdo-Water-Gel-Mask-30ml_1PC-300x300.webp",300,300,true],"medium_large":["https:\/\/wavexia.com\/wp-content\/uploads\/2025\/10\/Round-Lab-1025-Dokdo-Water-Gel-Mask-30ml_1PC-768x768.webp",768,768,true],"large":["https:\/\/wavexia.com\/wp-content\/uploads\/2025\/10\/Round-Lab-1025-Dokdo-Water-Gel-Mask-30ml_1PC.webp",800,800,false],"1536x1536":["https:\/\/wavexia.com\/wp-content\/uploads\/2025\/10\/Round-Lab-1025-Dokdo-Water-Gel-Mask-30ml_1PC.webp",800,800,false],"2048x2048":["https:\/\/wavexia.com\/wp-content\/uploads\/2025\/10\/Round-Lab-1025-Dokdo-Water-Gel-Mask-30ml_1PC.webp",800,800,false],"woocommerce_archive_thumbnail":["https:\/\/wavexia.com\/wp-content\/uploads\/2025\/10\/Round-Lab-1025-Dokdo-Water-Gel-Mask-30ml_1PC-300x300.webp",300,300,true],"woocommerce_thumbnail":["https:\/\/wavexia.com\/wp-content\/uploads\/2025\/10\/Round-Lab-1025-Dokdo-Water-Gel-Mask-30ml_1PC-300x300.webp",300,300,true],"woocommerce_single":["https:\/\/wavexia.com\/wp-content\/uploads\/2025\/10\/Round-Lab-1025-Dokdo-Water-Gel-Mask-30ml_1PC-600x600.webp",600,600,true],"woocommerce_gallery_thumbnail":["https:\/\/wavexia.com\/wp-content\/uploads\/2025\/10\/Round-Lab-1025-Dokdo-Water-Gel-Mask-30ml_1PC-100x100.webp",100,100,true]},"uagb_author_info":{"display_name":"zineddine.ayoub98@gmail.com","author_link":"https:\/\/wavexia.com\/?author=0"},"uagb_comment_info":0,"uagb_excerpt":"Description Le masque gel \u00e0 l\u2019eau hydratant Round Lab 1025 Dokdo est un concentr\u00e9 d\u2019hydratation, formul\u00e9 pour nourrir et apaiser votre peau en profondeur. Compos\u00e9 d\u2019eau de mer profonde de l\u2019\u00eele d\u2019Ulleungdo \u2122, connue pour sa riche teneur en min\u00e9raux, ce masque reconstitue les niveaux d\u2019hydratation et revitalise la peau. Enrichi de 8 types d\u2019acide&hellip;","brands":[],"_links":{"self":[{"href":"https:\/\/wavexia.com\/index.php?rest_route=\/wp\/v2\/product\/4832","targetHints":{"allow":["GET"]}}],"collection":[{"href":"https:\/\/wavexia.com\/index.php?rest_route=\/wp\/v2\/product"}],"about":[{"href":"https:\/\/wavexia.com\/index.php?rest_route=\/wp\/v2\/types\/product"}],"replies":[{"embeddable":true,"href":"https:\/\/wavexia.com\/index.php?rest_route=%2Fwp%2Fv2%2Fcomments&post=4832"}],"wp:featuredmedia":[{"embeddable":true,"href":"https:\/\/wavexia.com\/index.php?rest_route=\/wp\/v2\/media\/4831"}],"wp:attachment":[{"href":"https:\/\/wavexia.com\/index.php?rest_route=%2Fwp%2Fv2%2Fmedia&parent=4832"}],"wp:term":[{"taxonomy":"pwb-brand","embeddable":true,"href":"https:\/\/wavexia.com\/index.php?rest_route=%2Fwp%2Fv2%2Fpwb-brand&post=4832"},{"taxonomy":"product_brand","embeddable":true,"href":"https:\/\/wavexia.com\/index.php?rest_route=%2Fwp%2Fv2%2Fproduct_brand&post=4832"},{"taxonomy":"product_cat","embeddable":true,"href":"https:\/\/wavexia.com\/index.php?rest_route=%2Fwp%2Fv2%2Fproduct_cat&post=4832"},{"taxonomy":"product_tag","embeddable":true,"href":"https:\/\/wavexia.com\/index.php?rest_route=%2Fwp%2Fv2%2Fproduct_tag&post=4832"}],"curies":[{"name":"wp","href":"https:\/\/api.w.org\/{rel}","templated":true}]}}