{"id":4814,"date":"2025-10-19T09:12:10","date_gmt":"2025-10-19T09:12:10","guid":{"rendered":"https:\/\/wavexia.com\/product\/rituals-the-ritual-of-jing-coffret-m\/"},"modified":"2026-03-10T07:31:05","modified_gmt":"2026-03-10T07:31:05","slug":"rituals-the-ritual-of-jing-coffret-m","status":"publish","type":"product","link":"https:\/\/wavexia.com\/?product=rituals-the-ritual-of-jing-coffret-m","title":{"rendered":"RITUALS The Ritual Of JING coffret M"},"content":{"rendered":"<h2>Description<\/h2>\n<div class=\"w_YFjRL5\">\n<header class=\"IN439edl\">\n<div class=\"vo9SojNR\"><\/header>\n<\/div>\n<div id=\"details-list\" class=\"x84oDDf8\" data-testid=\"paragraphs\">\n<div id=\"paragraph-0\" class=\"XZvmkKc6\" role=\"region\" aria-labelledby=\"paragraph-0\">\n<h4 class=\"XTrD8gFe a82g06OF _2JXIz9vO\"><span style=\"font-family: 'Open Sans', sans-serif; font-size: 16px; font-weight: normal;\">Ce tr\u00e8s beau coffret cadeau est parfait pour offrir \u00e0 un ami, \u00e0 un membre de la famille ou pour se faire plaisir ! D\u00e9tendez-vous d\u00e8s le commencement de votre journ\u00e9e ou au moment d\u2019aller vous coucher gr\u00e2ce \u00e0 ces essentiels bien-\u00eatre formul\u00e9s \u00e0 partir de jujube et de lotus blanc. Il contient une mousse de douche, une cr\u00e8me pour le corps, un gommage pour le corps et une bougie parfum\u00e9e. Donnez une seconde vie \u00e0 votre coffret cadeau offert r\u00e9utilisable en y rangeant des photos, des lettres ou d\u2019autres objets.<\/span><\/h4>\n<\/div>\n<div id=\"paragraph-1\" class=\"XZvmkKc6\" role=\"region\" aria-labelledby=\"paragraph-1\">\n<h4 class=\"XTrD8gFe a82g06OF _2JXIz9vO\">Contenu<\/h4>\n<div id=\"paragraph-body-1\" class=\"Oizh8ToE\" role=\"region\" data-testid=\"paragraph-body-1\" aria-labelledby=\"paragraph-body-1\">\n<div class=\"G2PlksWy\">\n<div class=\"UhVZOxZ5\">\n<ul class=\"css-15w43vz\">\n<li>1 X The Ritual of Jing Body Cream 100ml<\/li>\n<li>1 X The Ritual of Jing Scented Candle 140g for GS<\/li>\n<li>1 X The Ritual of Jing Body Scrub 125g for Gift Set<\/li>\n<li>1 X The Ritual of Jing Foaming Shower Gel for Gift Set<\/li>\n<\/ul>\n<\/div>\n<\/div>\n<\/div>\n<\/div>\n<div id=\"paragraph-2\" class=\"XZvmkKc6\" role=\"region\" aria-labelledby=\"paragraph-2\">\n<h4 class=\"XTrD8gFe a82g06OF _2JXIz9vO\">Ingr\u00e9dients<\/h4>\n<div id=\"paragraph-body-2\" class=\"Oizh8ToE\" role=\"region\" data-testid=\"paragraph-body-2\" aria-labelledby=\"paragraph-body-2\">\n<div class=\"G2PlksWy\">\n<div class=\"UhVZOxZ5\">\n<p>Aqua\/Water, Sodium Coco-Sulfate, Sorbitol, Coco-Glucoside, Isopentane, Caprylyl\/Capryl Glucoside, Cocamidopropyl Betaine, Parfum\/Fragrance, Isopropyl Palmitate, PEG-120 Methyl Glucose Dioleate, Isobutane, Ziziphus Jujuba (Jujube) Fruit Extract, Nelumbo Nucifera (Lotus) Flower Extract, Citric Acid, Sodium Benzoate, Sodium Chloride, Glycerin, Guar Hydroxypropyltrimonium Chloride, Butylene Glycol, Tocopherol, Potassium Sorbate, Benzyl Salicylate, Hexyl Cinnamal, Linalool, Alpha-isomethyl Ionone.<\/p>\n<\/div>\n<\/div>\n<\/div>\n<\/div>\n<\/div>\n<\/div>\n","protected":false},"excerpt":{"rendered":"<p>Description Ce tr\u00e8s beau coffret cadeau est parfait pour offrir \u00e0 un ami, \u00e0 un membre de la famille ou pour se faire plaisir ! D\u00e9tendez-vous d\u00e8s le commencement de votre journ\u00e9e ou au moment d\u2019aller vous coucher gr\u00e2ce \u00e0 ces essentiels bien-\u00eatre formul\u00e9s \u00e0 partir de jujube et de lotus blanc. Il contient une [&hellip;]<\/p>\n","protected":false},"featured_media":4813,"comment_status":"open","ping_status":"closed","template":"","meta":{"content-type":"","_uag_custom_page_level_css":""},"pwb-brand":[],"product_brand":[],"product_cat":[322,331,332],"product_tag":[],"class_list":{"0":"post-4814","1":"product","2":"type-product","3":"status-publish","4":"has-post-thumbnail","6":"product_cat-corps-bain","7":"product_cat-idees-cadeaux","8":"product_cat-rituals","10":"first","11":"instock","12":"shipping-taxable","13":"purchasable","14":"product-type-simple"},"aioseo_notices":[],"uagb_featured_image_src":{"full":["https:\/\/wavexia.com\/wp-content\/uploads\/2025\/10\/rituals-the-ritual-of-jing-3-pcs.jpg",691,482,false],"thumbnail":["https:\/\/wavexia.com\/wp-content\/uploads\/2025\/10\/rituals-the-ritual-of-jing-3-pcs-150x150.jpg",150,150,true],"medium":["https:\/\/wavexia.com\/wp-content\/uploads\/2025\/10\/rituals-the-ritual-of-jing-3-pcs-300x209.jpg",300,209,true],"medium_large":["https:\/\/wavexia.com\/wp-content\/uploads\/2025\/10\/rituals-the-ritual-of-jing-3-pcs.jpg",691,482,false],"large":["https:\/\/wavexia.com\/wp-content\/uploads\/2025\/10\/rituals-the-ritual-of-jing-3-pcs.jpg",691,482,false],"1536x1536":["https:\/\/wavexia.com\/wp-content\/uploads\/2025\/10\/rituals-the-ritual-of-jing-3-pcs.jpg",691,482,false],"2048x2048":["https:\/\/wavexia.com\/wp-content\/uploads\/2025\/10\/rituals-the-ritual-of-jing-3-pcs.jpg",691,482,false],"woocommerce_archive_thumbnail":["https:\/\/wavexia.com\/wp-content\/uploads\/2025\/10\/rituals-the-ritual-of-jing-3-pcs-300x209.jpg",300,209,true],"woocommerce_thumbnail":["https:\/\/wavexia.com\/wp-content\/uploads\/2025\/10\/rituals-the-ritual-of-jing-3-pcs-300x300.jpg",300,300,true],"woocommerce_single":["https:\/\/wavexia.com\/wp-content\/uploads\/2025\/10\/rituals-the-ritual-of-jing-3-pcs-600x419.jpg",600,419,true],"woocommerce_gallery_thumbnail":["https:\/\/wavexia.com\/wp-content\/uploads\/2025\/10\/rituals-the-ritual-of-jing-3-pcs-100x100.jpg",100,100,true]},"uagb_author_info":{"display_name":"zineddine.ayoub98@gmail.com","author_link":"https:\/\/wavexia.com\/?author=0"},"uagb_comment_info":0,"uagb_excerpt":"Description Ce tr\u00e8s beau coffret cadeau est parfait pour offrir \u00e0 un ami, \u00e0 un membre de la famille ou pour se faire plaisir ! D\u00e9tendez-vous d\u00e8s le commencement de votre journ\u00e9e ou au moment d\u2019aller vous coucher gr\u00e2ce \u00e0 ces essentiels bien-\u00eatre formul\u00e9s \u00e0 partir de jujube et de lotus blanc. Il contient une&hellip;","brands":[],"_links":{"self":[{"href":"https:\/\/wavexia.com\/index.php?rest_route=\/wp\/v2\/product\/4814","targetHints":{"allow":["GET"]}}],"collection":[{"href":"https:\/\/wavexia.com\/index.php?rest_route=\/wp\/v2\/product"}],"about":[{"href":"https:\/\/wavexia.com\/index.php?rest_route=\/wp\/v2\/types\/product"}],"replies":[{"embeddable":true,"href":"https:\/\/wavexia.com\/index.php?rest_route=%2Fwp%2Fv2%2Fcomments&post=4814"}],"wp:featuredmedia":[{"embeddable":true,"href":"https:\/\/wavexia.com\/index.php?rest_route=\/wp\/v2\/media\/4813"}],"wp:attachment":[{"href":"https:\/\/wavexia.com\/index.php?rest_route=%2Fwp%2Fv2%2Fmedia&parent=4814"}],"wp:term":[{"taxonomy":"pwb-brand","embeddable":true,"href":"https:\/\/wavexia.com\/index.php?rest_route=%2Fwp%2Fv2%2Fpwb-brand&post=4814"},{"taxonomy":"product_brand","embeddable":true,"href":"https:\/\/wavexia.com\/index.php?rest_route=%2Fwp%2Fv2%2Fproduct_brand&post=4814"},{"taxonomy":"product_cat","embeddable":true,"href":"https:\/\/wavexia.com\/index.php?rest_route=%2Fwp%2Fv2%2Fproduct_cat&post=4814"},{"taxonomy":"product_tag","embeddable":true,"href":"https:\/\/wavexia.com\/index.php?rest_route=%2Fwp%2Fv2%2Fproduct_tag&post=4814"}],"curies":[{"name":"wp","href":"https:\/\/api.w.org\/{rel}","templated":true}]}}