{"id":4790,"date":"2025-10-19T09:11:47","date_gmt":"2025-10-19T09:11:47","guid":{"rendered":"https:\/\/wavexia.com\/product\/dr-althea-pore-refresh-grinding-cleansing-balm-50ml\/"},"modified":"2026-03-10T07:31:05","modified_gmt":"2026-03-10T07:31:05","slug":"dr-althea-pore-refresh-grinding-cleansing-balm-50ml","status":"publish","type":"product","link":"https:\/\/wavexia.com\/?product=dr-althea-pore-refresh-grinding-cleansing-balm-50ml","title":{"rendered":"Dr.Althea Pore Refresh Grinding Cleansing Balm 50ml"},"content":{"rendered":"<h2>Description<\/h2>\n<p>Le baume nettoyant Pore Refresh Grincing, formul\u00e9 avec des ingr\u00e9dients essentiels, offre une exp\u00e9rience de nettoyage des pores \u00e0 la fois profonde et douce pour tous les types de peau.<\/p>\n<p>Son m\u00e9canisme de broyage hygi\u00e9nique assure un contr\u00f4le pratique et pr\u00e9cis des portions tout en pr\u00e9servant la fra\u00eecheur du produit.<\/p>\n<p><strong>Avantages&nbsp;:<\/strong><br \/>\u2013 Nettoyage en profondeur des pores<br \/>\u2013 D\u00e9maquillant<br \/>doux mais efficace- Fini hydratant<\/p>\n<h5><strong>Effets:<\/strong><\/h5>\n<p>Il excelle dans le d\u00e9maquillage efficace et le nettoyage en profondeur des pores, offrant une exp\u00e9rience luxueuse mais l\u00e9g\u00e8re.<\/p>\n<h5>mode d\u2019emploi:<\/h5>\n<div id=\"acdnCtt-collapsible_item_xUVNxc\" class=\"accordion__content o-hidden rte js-accordion-content accordion-content ac-collapsible_item_xUVNxc false open\" tabindex=\"-1\" role=\"region\" aria-describedby=\"acdnTgr-collapsible_item_xUVNxc\">\n<p><span class=\"metafield-multi_line_text_field\">1. Tournez le produit dans le sens des aiguilles d\u2019une montre pour distribuer la quantit\u00e9 souhait\u00e9e.<br \/>2. Massez doucement en roulant sur la peau pour dissoudre le maquillage, puis ajoutez progressivement un peu d\u2019eau pour \u00e9mulsionner.<br \/>3. Rincez abondamment \u00e0 l\u2019eau ti\u00e8de.<\/span><\/p>\n<h5 class=\"accordion__header wb-break-word\"><span class=\"m-zero flex-1 ta-left fw-700\">ingr\u00e9dients:<\/span><\/h5>\n<div id=\"acdnCtt-collapsible_item_tghNmM\" class=\"accordion__content o-hidden rte js-accordion-content accordion-content ac-collapsible_item_tghNmM false open\" tabindex=\"-1\" role=\"region\" aria-describedby=\"acdnTgr-collapsible_item_tghNmM\">\n<p><span class=\"metafield-multi_line_text_field\">\u00c9thylhexanoate de c\u00e9tyle, triglyc\u00e9ride caprylique\/caprique, cire synth\u00e9tique, triisost\u00e9arate de glyc\u00e9ryle PEG-20, isost\u00e9arate de PEG-10, ol\u00e9ate de polyglyc\u00e9ryle-2, citrate d\u2019ol\u00e9ate de glyc\u00e9ryle, tocoph\u00e9rol, huile de son d\u2019Oryza sativa (riz), sesquiol\u00e9ate de sorbitan, caprylyl glycol, extrait de feuille de Melia Azadirachta, extrait de fleur de Melia Azadirachta, extrait de fruit de Coccinia Indica, extrait de fruit de Solanum melongena (aubergine), extrait de fleur d\u2019Aloe Barbadensis, huile de graines de Simmondsia Chinensis (jojoba), extrait de feuille d\u2019Ocimum Sanctum, Extrait de racine de Curcuma Longa (curcuma), extrait de Corallina Officinalis, extrait de feuille de Camellia Sinensis, eau, glyc\u00e9rine, 1,2-hexanediol, \u00e9thylhexylglyc\u00e9rine, eau, butyl\u00e8ne glycol, 1,2-hexanediol, huile de glycine soja (soja), sulfonate de guaiazul\u00e8ne de sodium<\/span><\/p>\n<\/div>\n<\/div>\n","protected":false},"excerpt":{"rendered":"<p>Description Le baume nettoyant Pore Refresh Grincing, formul\u00e9 avec des ingr\u00e9dients essentiels, offre une exp\u00e9rience de nettoyage des pores \u00e0 la fois profonde et douce pour tous les types de peau. Son m\u00e9canisme de broyage hygi\u00e9nique assure un contr\u00f4le pratique et pr\u00e9cis des portions tout en pr\u00e9servant la fra\u00eecheur du produit. Avantages&nbsp;:\u2013 Nettoyage en profondeur [&hellip;]<\/p>\n","protected":false},"featured_media":4789,"comment_status":"open","ping_status":"closed","template":"","meta":{"content-type":"","_uag_custom_page_level_css":""},"pwb-brand":[],"product_brand":[],"product_cat":[366,367,328,334],"product_tag":[],"class_list":{"0":"post-4790","1":"product","2":"type-product","3":"status-publish","4":"has-post-thumbnail","6":"product_cat-dr-althea","7":"product_cat-huile-baume-nettoyante","8":"product_cat-nouveautes","9":"product_cat-produits-coreens","11":"first","12":"instock","13":"sale","14":"shipping-taxable","15":"purchasable","16":"product-type-simple"},"aioseo_notices":[],"uagb_featured_image_src":{"full":["https:\/\/wavexia.com\/wp-content\/uploads\/2025\/10\/1_1_fde5be77-2249-4adc-88ec-8e7b64de18e2_1024x.webp",1024,1024,false],"thumbnail":["https:\/\/wavexia.com\/wp-content\/uploads\/2025\/10\/1_1_fde5be77-2249-4adc-88ec-8e7b64de18e2_1024x-150x150.webp",150,150,true],"medium":["https:\/\/wavexia.com\/wp-content\/uploads\/2025\/10\/1_1_fde5be77-2249-4adc-88ec-8e7b64de18e2_1024x-300x300.webp",300,300,true],"medium_large":["https:\/\/wavexia.com\/wp-content\/uploads\/2025\/10\/1_1_fde5be77-2249-4adc-88ec-8e7b64de18e2_1024x-768x768.webp",768,768,true],"large":["https:\/\/wavexia.com\/wp-content\/uploads\/2025\/10\/1_1_fde5be77-2249-4adc-88ec-8e7b64de18e2_1024x.webp",1024,1024,false],"1536x1536":["https:\/\/wavexia.com\/wp-content\/uploads\/2025\/10\/1_1_fde5be77-2249-4adc-88ec-8e7b64de18e2_1024x.webp",1024,1024,false],"2048x2048":["https:\/\/wavexia.com\/wp-content\/uploads\/2025\/10\/1_1_fde5be77-2249-4adc-88ec-8e7b64de18e2_1024x.webp",1024,1024,false],"woocommerce_archive_thumbnail":["https:\/\/wavexia.com\/wp-content\/uploads\/2025\/10\/1_1_fde5be77-2249-4adc-88ec-8e7b64de18e2_1024x-300x300.webp",300,300,true],"woocommerce_thumbnail":["https:\/\/wavexia.com\/wp-content\/uploads\/2025\/10\/1_1_fde5be77-2249-4adc-88ec-8e7b64de18e2_1024x-300x300.webp",300,300,true],"woocommerce_single":["https:\/\/wavexia.com\/wp-content\/uploads\/2025\/10\/1_1_fde5be77-2249-4adc-88ec-8e7b64de18e2_1024x-600x600.webp",600,600,true],"woocommerce_gallery_thumbnail":["https:\/\/wavexia.com\/wp-content\/uploads\/2025\/10\/1_1_fde5be77-2249-4adc-88ec-8e7b64de18e2_1024x-100x100.webp",100,100,true]},"uagb_author_info":{"display_name":"zineddine.ayoub98@gmail.com","author_link":"https:\/\/wavexia.com\/?author=0"},"uagb_comment_info":0,"uagb_excerpt":"Description Le baume nettoyant Pore Refresh Grincing, formul\u00e9 avec des ingr\u00e9dients essentiels, offre une exp\u00e9rience de nettoyage des pores \u00e0 la fois profonde et douce pour tous les types de peau. Son m\u00e9canisme de broyage hygi\u00e9nique assure un contr\u00f4le pratique et pr\u00e9cis des portions tout en pr\u00e9servant la fra\u00eecheur du produit. Avantages&nbsp;:\u2013 Nettoyage en profondeur&hellip;","brands":[],"_links":{"self":[{"href":"https:\/\/wavexia.com\/index.php?rest_route=\/wp\/v2\/product\/4790","targetHints":{"allow":["GET"]}}],"collection":[{"href":"https:\/\/wavexia.com\/index.php?rest_route=\/wp\/v2\/product"}],"about":[{"href":"https:\/\/wavexia.com\/index.php?rest_route=\/wp\/v2\/types\/product"}],"replies":[{"embeddable":true,"href":"https:\/\/wavexia.com\/index.php?rest_route=%2Fwp%2Fv2%2Fcomments&post=4790"}],"wp:featuredmedia":[{"embeddable":true,"href":"https:\/\/wavexia.com\/index.php?rest_route=\/wp\/v2\/media\/4789"}],"wp:attachment":[{"href":"https:\/\/wavexia.com\/index.php?rest_route=%2Fwp%2Fv2%2Fmedia&parent=4790"}],"wp:term":[{"taxonomy":"pwb-brand","embeddable":true,"href":"https:\/\/wavexia.com\/index.php?rest_route=%2Fwp%2Fv2%2Fpwb-brand&post=4790"},{"taxonomy":"product_brand","embeddable":true,"href":"https:\/\/wavexia.com\/index.php?rest_route=%2Fwp%2Fv2%2Fproduct_brand&post=4790"},{"taxonomy":"product_cat","embeddable":true,"href":"https:\/\/wavexia.com\/index.php?rest_route=%2Fwp%2Fv2%2Fproduct_cat&post=4790"},{"taxonomy":"product_tag","embeddable":true,"href":"https:\/\/wavexia.com\/index.php?rest_route=%2Fwp%2Fv2%2Fproduct_tag&post=4790"}],"curies":[{"name":"wp","href":"https:\/\/api.w.org\/{rel}","templated":true}]}}