{"id":4765,"date":"2025-10-19T09:11:27","date_gmt":"2025-10-19T09:11:27","guid":{"rendered":"https:\/\/wavexia.com\/product\/mixsoon-heartleaf-toner-150ml\/"},"modified":"2026-03-10T07:31:04","modified_gmt":"2026-03-10T07:31:04","slug":"mixsoon-heartleaf-toner-150ml","status":"publish","type":"product","link":"https:\/\/wavexia.com\/?product=mixsoon-heartleaf-toner-150ml","title":{"rendered":"Mixsoon Heartleaf Toner 150ml"},"content":{"rendered":"<h2>Description<\/h2>\n<p>Le Mixsoon Heartleaf Toner est un tonique apaisant et hydratant \u00e0 l\u2019extrait de feuille de c\u0153ur qui apaise la peau irrit\u00e9e, r\u00e9duit les rougeurs et favorise un teint uniforme et clair. Ce tonique est sp\u00e9cialement con\u00e7u pour apaiser la peau, les propri\u00e9t\u00e9s apaisantes de l\u2019extrait de feuille de c\u0153ur jouant un r\u00f4le cl\u00e9. L\u2019extrait de feuille de c\u0153ur a un effet antibact\u00e9rien et anti-inflammatoire, r\u00e9duisant efficacement les gonflements, les rougeurs et les impuret\u00e9s. Gr\u00e2ce \u00e0 ses propri\u00e9t\u00e9s calmantes, le tonique aide \u00e0 d\u00e9tendre la peau et \u00e0 lui donner un teint sain. Il pr\u00e9vient \u00e9galement activement l\u2019inflammation et l\u2019acn\u00e9, favorise un teint clair et neutralise la formation de taches pigmentaires. La texture l\u00e9g\u00e8re et aqueuse du tonique p\u00e9n\u00e8tre sans effort dans la peau sans laisser de r\u00e9sidu collant. Cela garantit une sensation agr\u00e9able sur la peau et permet une int\u00e9gration transparente dans toute routine de soins de la peau. Le Toner Heartleaf est particuli\u00e8rement adapt\u00e9 aux peaux stress\u00e9es, irrit\u00e9es et sensibles. Gr\u00e2ce \u00e0 ses propri\u00e9t\u00e9s apaisantes, anti-inflammatoires et hydratantes, c\u2019est le choix id\u00e9al pour redonner \u00e0 la peau un teint uniforme et clair durablement. Principes actifs Extrait de Houttuynia Cordata (feuille de c\u0153ur) : a un effet antibact\u00e9rien et apaise la peau, r\u00e9duit les rougeurs, les irritations et les impuret\u00e9s, pr\u00e9vient les taches pigmentaires, hydrate<\/p>\n","protected":false},"excerpt":{"rendered":"<p>Description Le Mixsoon Heartleaf Toner est un tonique apaisant et hydratant \u00e0 l\u2019extrait de feuille de c\u0153ur qui apaise la peau irrit\u00e9e, r\u00e9duit les rougeurs et favorise un teint uniforme et clair. Ce tonique est sp\u00e9cialement con\u00e7u pour apaiser la peau, les propri\u00e9t\u00e9s apaisantes de l\u2019extrait de feuille de c\u0153ur jouant un r\u00f4le cl\u00e9. L\u2019extrait [&hellip;]<\/p>\n","protected":false},"featured_media":4764,"comment_status":"open","ping_status":"closed","template":"","meta":{"content-type":"","_uag_custom_page_level_css":""},"pwb-brand":[],"product_brand":[],"product_cat":[335,334,345],"product_tag":[],"class_list":{"0":"post-4765","1":"product","2":"type-product","3":"status-publish","4":"has-post-thumbnail","6":"product_cat-mixsoon","7":"product_cat-produits-coreens","8":"product_cat-toner-pads","10":"first","11":"instock","12":"sale","13":"shipping-taxable","14":"purchasable","15":"product-type-simple"},"aioseo_notices":[],"uagb_featured_image_src":{"full":["https:\/\/wavexia.com\/wp-content\/uploads\/2025\/10\/MIXSOON-Heartleaf-Toner-150ml.jpg",540,540,false],"thumbnail":["https:\/\/wavexia.com\/wp-content\/uploads\/2025\/10\/MIXSOON-Heartleaf-Toner-150ml-150x150.jpg",150,150,true],"medium":["https:\/\/wavexia.com\/wp-content\/uploads\/2025\/10\/MIXSOON-Heartleaf-Toner-150ml-300x300.jpg",300,300,true],"medium_large":["https:\/\/wavexia.com\/wp-content\/uploads\/2025\/10\/MIXSOON-Heartleaf-Toner-150ml.jpg",540,540,false],"large":["https:\/\/wavexia.com\/wp-content\/uploads\/2025\/10\/MIXSOON-Heartleaf-Toner-150ml.jpg",540,540,false],"1536x1536":["https:\/\/wavexia.com\/wp-content\/uploads\/2025\/10\/MIXSOON-Heartleaf-Toner-150ml.jpg",540,540,false],"2048x2048":["https:\/\/wavexia.com\/wp-content\/uploads\/2025\/10\/MIXSOON-Heartleaf-Toner-150ml.jpg",540,540,false],"woocommerce_archive_thumbnail":["https:\/\/wavexia.com\/wp-content\/uploads\/2025\/10\/MIXSOON-Heartleaf-Toner-150ml-300x300.jpg",300,300,true],"woocommerce_thumbnail":["https:\/\/wavexia.com\/wp-content\/uploads\/2025\/10\/MIXSOON-Heartleaf-Toner-150ml-300x300.jpg",300,300,true],"woocommerce_single":["https:\/\/wavexia.com\/wp-content\/uploads\/2025\/10\/MIXSOON-Heartleaf-Toner-150ml.jpg",540,540,false],"woocommerce_gallery_thumbnail":["https:\/\/wavexia.com\/wp-content\/uploads\/2025\/10\/MIXSOON-Heartleaf-Toner-150ml-100x100.jpg",100,100,true]},"uagb_author_info":{"display_name":"zineddine.ayoub98@gmail.com","author_link":"https:\/\/wavexia.com\/?author=0"},"uagb_comment_info":0,"uagb_excerpt":"Description Le Mixsoon Heartleaf Toner est un tonique apaisant et hydratant \u00e0 l\u2019extrait de feuille de c\u0153ur qui apaise la peau irrit\u00e9e, r\u00e9duit les rougeurs et favorise un teint uniforme et clair. Ce tonique est sp\u00e9cialement con\u00e7u pour apaiser la peau, les propri\u00e9t\u00e9s apaisantes de l\u2019extrait de feuille de c\u0153ur jouant un r\u00f4le cl\u00e9. L\u2019extrait&hellip;","brands":[],"_links":{"self":[{"href":"https:\/\/wavexia.com\/index.php?rest_route=\/wp\/v2\/product\/4765","targetHints":{"allow":["GET"]}}],"collection":[{"href":"https:\/\/wavexia.com\/index.php?rest_route=\/wp\/v2\/product"}],"about":[{"href":"https:\/\/wavexia.com\/index.php?rest_route=\/wp\/v2\/types\/product"}],"replies":[{"embeddable":true,"href":"https:\/\/wavexia.com\/index.php?rest_route=%2Fwp%2Fv2%2Fcomments&post=4765"}],"wp:featuredmedia":[{"embeddable":true,"href":"https:\/\/wavexia.com\/index.php?rest_route=\/wp\/v2\/media\/4764"}],"wp:attachment":[{"href":"https:\/\/wavexia.com\/index.php?rest_route=%2Fwp%2Fv2%2Fmedia&parent=4765"}],"wp:term":[{"taxonomy":"pwb-brand","embeddable":true,"href":"https:\/\/wavexia.com\/index.php?rest_route=%2Fwp%2Fv2%2Fpwb-brand&post=4765"},{"taxonomy":"product_brand","embeddable":true,"href":"https:\/\/wavexia.com\/index.php?rest_route=%2Fwp%2Fv2%2Fproduct_brand&post=4765"},{"taxonomy":"product_cat","embeddable":true,"href":"https:\/\/wavexia.com\/index.php?rest_route=%2Fwp%2Fv2%2Fproduct_cat&post=4765"},{"taxonomy":"product_tag","embeddable":true,"href":"https:\/\/wavexia.com\/index.php?rest_route=%2Fwp%2Fv2%2Fproduct_tag&post=4765"}],"curies":[{"name":"wp","href":"https:\/\/api.w.org\/{rel}","templated":true}]}}