{"id":4754,"date":"2025-10-19T09:11:15","date_gmt":"2025-10-19T09:11:15","guid":{"rendered":"https:\/\/wavexia.com\/product\/whitening-serum-l-glutathione-aa-almoes-30-ml\/"},"modified":"2026-03-10T07:31:04","modified_gmt":"2026-03-10T07:31:04","slug":"whitening-serum-l-glutathione-aa-almoes-30-ml","status":"publish","type":"product","link":"https:\/\/wavexia.com\/?product=whitening-serum-l-glutathione-aa-almoes-30-ml","title":{"rendered":"Whitening Serum ++L-Glutathione AA ALMOES, 30 ML"},"content":{"rendered":"<h2>Description<\/h2>\n<p>Sp\u00e9cifications du s\u00e9rum au glutathion pour \u00e9claircir la peau, \u00e9quilibrer la couleur et am\u00e9liorer son \u00e9lasticit\u00e9 avec de l\u2019acide hyaluronique et de l\u2019acide salicylique kojic de banane, 30 ml, pour tous les types, unisexe, millilitre, de AA Mousse<\/p>\n<ul>\n<li><strong>ALMOES S\u00e9rum Blanchissant ++L-Glutathion est un s\u00e9rum pour la peau con\u00e7u pour :<\/strong><\/li>\n<li><strong>R\u00e9duire l\u2019apparence des taches brunes et des taches de vieillesse.<\/strong><\/li>\n<li><strong>Am\u00e9liorer le teint de la peau.<\/strong><\/li>\n<li><strong>Am\u00e9liorer la fermet\u00e9 et l\u2019\u00e9lasticit\u00e9 de la peau.<\/strong><\/li>\n<li><strong>Prot\u00e9gez la peau des dommages caus\u00e9s par les radicaux libres.<\/strong><\/li>\n<\/ul>\n","protected":false},"excerpt":{"rendered":"<p>Description Sp\u00e9cifications du s\u00e9rum au glutathion pour \u00e9claircir la peau, \u00e9quilibrer la couleur et am\u00e9liorer son \u00e9lasticit\u00e9 avec de l\u2019acide hyaluronique et de l\u2019acide salicylique kojic de banane, 30 ml, pour tous les types, unisexe, millilitre, de AA Mousse ALMOES S\u00e9rum Blanchissant ++L-Glutathion est un s\u00e9rum pour la peau con\u00e7u pour : R\u00e9duire l\u2019apparence des [&hellip;]<\/p>\n","protected":false},"featured_media":4753,"comment_status":"open","ping_status":"closed","template":"","meta":{"content-type":"","_uag_custom_page_level_css":""},"pwb-brand":[],"product_brand":[],"product_cat":[430,338],"product_tag":[],"class_list":{"0":"post-4754","1":"product","2":"type-product","3":"status-publish","4":"has-post-thumbnail","6":"product_cat-aa-almoes","7":"product_cat-serum-ampoule","9":"first","10":"instock","11":"sale","12":"shipping-taxable","13":"purchasable","14":"product-type-simple"},"aioseo_notices":[],"uagb_featured_image_src":{"full":["https:\/\/wavexia.com\/wp-content\/uploads\/2025\/10\/41PrJyb-ZUL._SL500_._AC_SL500_.jpg",500,500,false],"thumbnail":["https:\/\/wavexia.com\/wp-content\/uploads\/2025\/10\/41PrJyb-ZUL._SL500_._AC_SL500_-150x150.jpg",150,150,true],"medium":["https:\/\/wavexia.com\/wp-content\/uploads\/2025\/10\/41PrJyb-ZUL._SL500_._AC_SL500_-300x300.jpg",300,300,true],"medium_large":["https:\/\/wavexia.com\/wp-content\/uploads\/2025\/10\/41PrJyb-ZUL._SL500_._AC_SL500_.jpg",500,500,false],"large":["https:\/\/wavexia.com\/wp-content\/uploads\/2025\/10\/41PrJyb-ZUL._SL500_._AC_SL500_.jpg",500,500,false],"1536x1536":["https:\/\/wavexia.com\/wp-content\/uploads\/2025\/10\/41PrJyb-ZUL._SL500_._AC_SL500_.jpg",500,500,false],"2048x2048":["https:\/\/wavexia.com\/wp-content\/uploads\/2025\/10\/41PrJyb-ZUL._SL500_._AC_SL500_.jpg",500,500,false],"woocommerce_archive_thumbnail":["https:\/\/wavexia.com\/wp-content\/uploads\/2025\/10\/41PrJyb-ZUL._SL500_._AC_SL500_-300x300.jpg",300,300,true],"woocommerce_thumbnail":["https:\/\/wavexia.com\/wp-content\/uploads\/2025\/10\/41PrJyb-ZUL._SL500_._AC_SL500_-300x300.jpg",300,300,true],"woocommerce_single":["https:\/\/wavexia.com\/wp-content\/uploads\/2025\/10\/41PrJyb-ZUL._SL500_._AC_SL500_.jpg",500,500,false],"woocommerce_gallery_thumbnail":["https:\/\/wavexia.com\/wp-content\/uploads\/2025\/10\/41PrJyb-ZUL._SL500_._AC_SL500_-100x100.jpg",100,100,true]},"uagb_author_info":{"display_name":"zineddine.ayoub98@gmail.com","author_link":"https:\/\/wavexia.com\/?author=0"},"uagb_comment_info":0,"uagb_excerpt":"Description Sp\u00e9cifications du s\u00e9rum au glutathion pour \u00e9claircir la peau, \u00e9quilibrer la couleur et am\u00e9liorer son \u00e9lasticit\u00e9 avec de l\u2019acide hyaluronique et de l\u2019acide salicylique kojic de banane, 30 ml, pour tous les types, unisexe, millilitre, de AA Mousse ALMOES S\u00e9rum Blanchissant ++L-Glutathion est un s\u00e9rum pour la peau con\u00e7u pour : R\u00e9duire l\u2019apparence des&hellip;","brands":[],"_links":{"self":[{"href":"https:\/\/wavexia.com\/index.php?rest_route=\/wp\/v2\/product\/4754","targetHints":{"allow":["GET"]}}],"collection":[{"href":"https:\/\/wavexia.com\/index.php?rest_route=\/wp\/v2\/product"}],"about":[{"href":"https:\/\/wavexia.com\/index.php?rest_route=\/wp\/v2\/types\/product"}],"replies":[{"embeddable":true,"href":"https:\/\/wavexia.com\/index.php?rest_route=%2Fwp%2Fv2%2Fcomments&post=4754"}],"wp:featuredmedia":[{"embeddable":true,"href":"https:\/\/wavexia.com\/index.php?rest_route=\/wp\/v2\/media\/4753"}],"wp:attachment":[{"href":"https:\/\/wavexia.com\/index.php?rest_route=%2Fwp%2Fv2%2Fmedia&parent=4754"}],"wp:term":[{"taxonomy":"pwb-brand","embeddable":true,"href":"https:\/\/wavexia.com\/index.php?rest_route=%2Fwp%2Fv2%2Fpwb-brand&post=4754"},{"taxonomy":"product_brand","embeddable":true,"href":"https:\/\/wavexia.com\/index.php?rest_route=%2Fwp%2Fv2%2Fproduct_brand&post=4754"},{"taxonomy":"product_cat","embeddable":true,"href":"https:\/\/wavexia.com\/index.php?rest_route=%2Fwp%2Fv2%2Fproduct_cat&post=4754"},{"taxonomy":"product_tag","embeddable":true,"href":"https:\/\/wavexia.com\/index.php?rest_route=%2Fwp%2Fv2%2Fproduct_tag&post=4754"}],"curies":[{"name":"wp","href":"https:\/\/api.w.org\/{rel}","templated":true}]}}