{"id":4751,"date":"2025-10-19T09:11:14","date_gmt":"2025-10-19T09:11:14","guid":{"rendered":"https:\/\/wavexia.com\/product\/huda-beauty-nude-obsessions-medium\/"},"modified":"2026-03-10T07:31:04","modified_gmt":"2026-03-10T07:31:04","slug":"huda-beauty-nude-obsessions-medium","status":"publish","type":"product","link":"https:\/\/wavexia.com\/?product=huda-beauty-nude-obsessions-medium","title":{"rendered":"HUDA BEAUTY Nude Obsessions \u2013 Medium"},"content":{"rendered":"<h2>Description<\/h2>\n<p>\u2013 NUDE Medium : la palette pr\u00e9f\u00e9r\u00e9e d\u2019Huda Beauty. Polyvalente, elle offre un riche m\u00e9lange de tons \u00e9pic\u00e9s alliant des tons ch\u00e2taigne et des bruns intenses. Elle comporte des reflets m\u00e9talliques dans des tons chauds de jaune et d\u2019or rose, de cuivre rustique, de rose poudr\u00e9, de corail et des nuances uniques de terre cuite.<\/p>\n<p>\u2013 Appliquez les teintes fonc\u00e9es dans le creux de l\u2019\u0153il et les nuances plus claires le long de l\u2019arcade sourcili\u00e8re et dans le coin interne de l\u2019\u0153il.<br \/>\u2013 \u00c0 l\u2019aide d\u2019un pinceau fin, cr\u00e9er des looks eye-liner en appliquant les couleurs sur votre paupi\u00e8re ou le long duras de cil inf\u00e9rieur.<br \/>\u2013 Avec votre doigt ou en vaporisant un spray fixateur sur votre pinceau, appliquez les teintes m\u00e9talliques et nacr\u00e9es au centre de vos paupi\u00e8res pour un fini m\u00e9tallique<\/p>\n","protected":false},"excerpt":{"rendered":"<p>Description \u2013 NUDE Medium : la palette pr\u00e9f\u00e9r\u00e9e d\u2019Huda Beauty. Polyvalente, elle offre un riche m\u00e9lange de tons \u00e9pic\u00e9s alliant des tons ch\u00e2taigne et des bruns intenses. Elle comporte des reflets m\u00e9talliques dans des tons chauds de jaune et d\u2019or rose, de cuivre rustique, de rose poudr\u00e9, de corail et des nuances uniques de terre [&hellip;]<\/p>\n","protected":false},"featured_media":4750,"comment_status":"open","ping_status":"closed","template":"","meta":{"content-type":"","_uag_custom_page_level_css":""},"pwb-brand":[],"product_brand":[],"product_cat":[359,331,360],"product_tag":[],"class_list":{"0":"post-4751","1":"product","2":"type-product","3":"status-publish","4":"has-post-thumbnail","6":"product_cat-huda-beauty","7":"product_cat-idees-cadeaux","8":"product_cat-maquillage","10":"first","11":"instock","12":"sale","13":"shipping-taxable","14":"purchasable","15":"product-type-simple"},"aioseo_notices":[],"uagb_featured_image_src":{"full":["https:\/\/wavexia.com\/wp-content\/uploads\/2025\/10\/telecharger-6.jpeg",225,225,false],"thumbnail":["https:\/\/wavexia.com\/wp-content\/uploads\/2025\/10\/telecharger-6-150x150.jpeg",150,150,true],"medium":["https:\/\/wavexia.com\/wp-content\/uploads\/2025\/10\/telecharger-6.jpeg",225,225,false],"medium_large":["https:\/\/wavexia.com\/wp-content\/uploads\/2025\/10\/telecharger-6.jpeg",225,225,false],"large":["https:\/\/wavexia.com\/wp-content\/uploads\/2025\/10\/telecharger-6.jpeg",225,225,false],"1536x1536":["https:\/\/wavexia.com\/wp-content\/uploads\/2025\/10\/telecharger-6.jpeg",225,225,false],"2048x2048":["https:\/\/wavexia.com\/wp-content\/uploads\/2025\/10\/telecharger-6.jpeg",225,225,false],"woocommerce_archive_thumbnail":["https:\/\/wavexia.com\/wp-content\/uploads\/2025\/10\/telecharger-6.jpeg",225,225,false],"woocommerce_thumbnail":["https:\/\/wavexia.com\/wp-content\/uploads\/2025\/10\/telecharger-6.jpeg",225,225,false],"woocommerce_single":["https:\/\/wavexia.com\/wp-content\/uploads\/2025\/10\/telecharger-6.jpeg",225,225,false],"woocommerce_gallery_thumbnail":["https:\/\/wavexia.com\/wp-content\/uploads\/2025\/10\/telecharger-6-100x100.jpeg",100,100,true]},"uagb_author_info":{"display_name":"zineddine.ayoub98@gmail.com","author_link":"https:\/\/wavexia.com\/?author=0"},"uagb_comment_info":0,"uagb_excerpt":"Description \u2013 NUDE Medium : la palette pr\u00e9f\u00e9r\u00e9e d\u2019Huda Beauty. Polyvalente, elle offre un riche m\u00e9lange de tons \u00e9pic\u00e9s alliant des tons ch\u00e2taigne et des bruns intenses. Elle comporte des reflets m\u00e9talliques dans des tons chauds de jaune et d\u2019or rose, de cuivre rustique, de rose poudr\u00e9, de corail et des nuances uniques de terre&hellip;","brands":[],"_links":{"self":[{"href":"https:\/\/wavexia.com\/index.php?rest_route=\/wp\/v2\/product\/4751","targetHints":{"allow":["GET"]}}],"collection":[{"href":"https:\/\/wavexia.com\/index.php?rest_route=\/wp\/v2\/product"}],"about":[{"href":"https:\/\/wavexia.com\/index.php?rest_route=\/wp\/v2\/types\/product"}],"replies":[{"embeddable":true,"href":"https:\/\/wavexia.com\/index.php?rest_route=%2Fwp%2Fv2%2Fcomments&post=4751"}],"wp:featuredmedia":[{"embeddable":true,"href":"https:\/\/wavexia.com\/index.php?rest_route=\/wp\/v2\/media\/4750"}],"wp:attachment":[{"href":"https:\/\/wavexia.com\/index.php?rest_route=%2Fwp%2Fv2%2Fmedia&parent=4751"}],"wp:term":[{"taxonomy":"pwb-brand","embeddable":true,"href":"https:\/\/wavexia.com\/index.php?rest_route=%2Fwp%2Fv2%2Fpwb-brand&post=4751"},{"taxonomy":"product_brand","embeddable":true,"href":"https:\/\/wavexia.com\/index.php?rest_route=%2Fwp%2Fv2%2Fproduct_brand&post=4751"},{"taxonomy":"product_cat","embeddable":true,"href":"https:\/\/wavexia.com\/index.php?rest_route=%2Fwp%2Fv2%2Fproduct_cat&post=4751"},{"taxonomy":"product_tag","embeddable":true,"href":"https:\/\/wavexia.com\/index.php?rest_route=%2Fwp%2Fv2%2Fproduct_tag&post=4751"}],"curies":[{"name":"wp","href":"https:\/\/api.w.org\/{rel}","templated":true}]}}