{"id":4741,"date":"2025-10-19T09:11:00","date_gmt":"2025-10-19T09:11:00","guid":{"rendered":"https:\/\/wavexia.com\/product\/now-foods-vitamin-c-1000-complex-buffered-100-tablets\/"},"modified":"2026-03-10T07:31:04","modified_gmt":"2026-03-10T07:31:04","slug":"now-foods-vitamin-c-1000-complex-buffered-100-tablets","status":"publish","type":"product","link":"https:\/\/wavexia.com\/?product=now-foods-vitamin-c-1000-complex-buffered-100-tablets","title":{"rendered":"NOW FOODS Vitamin C-1000 Complex Buffered 100 Tablets"},"content":{"rendered":"<h2>Description<\/h2>\n<p>La vitamine C est un nutriment hydrosoluble bien connu pour son r\u00f4le vital dans le syst\u00e8me immunitaire. Elle est \u00e9galement essentielle \u00e0 la production de collag\u00e8ne, prot\u00e9ine structurelle du tissu conjonctif, favorisant la sant\u00e9 de la peau, des os et des articulations.<\/p>\n<p>N\u00e9cessaire au m\u00e9tabolisme des acides amin\u00e9s, \u00e0 la synth\u00e8se des neurotransmetteurs et \u00e0 l\u2019utilisation de nutriments tels que l\u2019acide folique et le fer, la vitamine C agit comme un puissant antioxydant. Elle prot\u00e8ge les cellules contre les dommages caus\u00e9s par les radicaux libres, gr\u00e2ce \u00e0 sa forme biodisponible d\u2019ascorbate de calcium et \u00e0 ses riches bioflavono\u00efdes.<\/p>\n<p>Ce compl\u00e9ment alimentaire, v\u00e9g\u00e9tarien\/v\u00e9g\u00e9talien, offre une protection antioxydante exceptionnelle. Chaque comprim\u00e9 du Complexe de vitamine C, 1000 tampons, 180 ml, contient 250 mg de bioflavono\u00efdes. Utilisation sugg\u00e9r\u00e9e : un comprim\u00e9 par jour.<\/p>\n<p><strong>Conseils d\u2019utilisation:<\/strong><\/p>\n<p>Prenez 1&nbsp;comprim\u00e9 par jour.<\/p>\n<h5><strong>Avertissements<\/strong><\/h5>\n<p>R\u00e9serv\u00e9 aux adultes. Consultez un m\u00e9decin si vous \u00eates enceinte, allaitez, prenez des m\u00e9dicaments ou pr\u00e9sentez une affection m\u00e9dicale. Tenir hors de port\u00e9e des enfants.<\/p>\n<p>Une variation naturelle de couleur peut se produire. Conserver dans un endroit frais et sec apr\u00e8s ouverture.<\/p>\n","protected":false},"excerpt":{"rendered":"<p>Description La vitamine C est un nutriment hydrosoluble bien connu pour son r\u00f4le vital dans le syst\u00e8me immunitaire. Elle est \u00e9galement essentielle \u00e0 la production de collag\u00e8ne, prot\u00e9ine structurelle du tissu conjonctif, favorisant la sant\u00e9 de la peau, des os et des articulations. N\u00e9cessaire au m\u00e9tabolisme des acides amin\u00e9s, \u00e0 la synth\u00e8se des neurotransmetteurs et [&hellip;]<\/p>\n","protected":false},"featured_media":4740,"comment_status":"open","ping_status":"closed","template":"","meta":{"content-type":"","_uag_custom_page_level_css":""},"pwb-brand":[],"product_brand":[],"product_cat":[330],"product_tag":[],"class_list":{"0":"post-4741","1":"product","2":"type-product","3":"status-publish","4":"has-post-thumbnail","6":"product_cat-complements-alimentaires","8":"first","9":"instock","10":"sale","11":"shipping-taxable","12":"purchasable","13":"product-type-simple"},"aioseo_notices":[],"uagb_featured_image_src":{"full":["https:\/\/wavexia.com\/wp-content\/uploads\/2025\/10\/0685_mainimage.png",495,880,false],"thumbnail":["https:\/\/wavexia.com\/wp-content\/uploads\/2025\/10\/0685_mainimage-150x150.png",150,150,true],"medium":["https:\/\/wavexia.com\/wp-content\/uploads\/2025\/10\/0685_mainimage-169x300.png",169,300,true],"medium_large":["https:\/\/wavexia.com\/wp-content\/uploads\/2025\/10\/0685_mainimage.png",495,880,false],"large":["https:\/\/wavexia.com\/wp-content\/uploads\/2025\/10\/0685_mainimage.png",495,880,false],"1536x1536":["https:\/\/wavexia.com\/wp-content\/uploads\/2025\/10\/0685_mainimage.png",495,880,false],"2048x2048":["https:\/\/wavexia.com\/wp-content\/uploads\/2025\/10\/0685_mainimage.png",495,880,false],"woocommerce_archive_thumbnail":["https:\/\/wavexia.com\/wp-content\/uploads\/2025\/10\/0685_mainimage-300x533.png",300,533,true],"woocommerce_thumbnail":["https:\/\/wavexia.com\/wp-content\/uploads\/2025\/10\/0685_mainimage-300x300.png",300,300,true],"woocommerce_single":["https:\/\/wavexia.com\/wp-content\/uploads\/2025\/10\/0685_mainimage.png",495,880,false],"woocommerce_gallery_thumbnail":["https:\/\/wavexia.com\/wp-content\/uploads\/2025\/10\/0685_mainimage-100x100.png",100,100,true]},"uagb_author_info":{"display_name":"zineddine.ayoub98@gmail.com","author_link":"https:\/\/wavexia.com\/?author=0"},"uagb_comment_info":0,"uagb_excerpt":"Description La vitamine C est un nutriment hydrosoluble bien connu pour son r\u00f4le vital dans le syst\u00e8me immunitaire. Elle est \u00e9galement essentielle \u00e0 la production de collag\u00e8ne, prot\u00e9ine structurelle du tissu conjonctif, favorisant la sant\u00e9 de la peau, des os et des articulations. N\u00e9cessaire au m\u00e9tabolisme des acides amin\u00e9s, \u00e0 la synth\u00e8se des neurotransmetteurs et&hellip;","brands":[],"_links":{"self":[{"href":"https:\/\/wavexia.com\/index.php?rest_route=\/wp\/v2\/product\/4741","targetHints":{"allow":["GET"]}}],"collection":[{"href":"https:\/\/wavexia.com\/index.php?rest_route=\/wp\/v2\/product"}],"about":[{"href":"https:\/\/wavexia.com\/index.php?rest_route=\/wp\/v2\/types\/product"}],"replies":[{"embeddable":true,"href":"https:\/\/wavexia.com\/index.php?rest_route=%2Fwp%2Fv2%2Fcomments&post=4741"}],"wp:featuredmedia":[{"embeddable":true,"href":"https:\/\/wavexia.com\/index.php?rest_route=\/wp\/v2\/media\/4740"}],"wp:attachment":[{"href":"https:\/\/wavexia.com\/index.php?rest_route=%2Fwp%2Fv2%2Fmedia&parent=4741"}],"wp:term":[{"taxonomy":"pwb-brand","embeddable":true,"href":"https:\/\/wavexia.com\/index.php?rest_route=%2Fwp%2Fv2%2Fpwb-brand&post=4741"},{"taxonomy":"product_brand","embeddable":true,"href":"https:\/\/wavexia.com\/index.php?rest_route=%2Fwp%2Fv2%2Fproduct_brand&post=4741"},{"taxonomy":"product_cat","embeddable":true,"href":"https:\/\/wavexia.com\/index.php?rest_route=%2Fwp%2Fv2%2Fproduct_cat&post=4741"},{"taxonomy":"product_tag","embeddable":true,"href":"https:\/\/wavexia.com\/index.php?rest_route=%2Fwp%2Fv2%2Fproduct_tag&post=4741"}],"curies":[{"name":"wp","href":"https:\/\/api.w.org\/{rel}","templated":true}]}}