{"id":4686,"date":"2025-10-19T09:10:09","date_gmt":"2025-10-19T09:10:09","guid":{"rendered":"https:\/\/wavexia.com\/product\/incredibly-clear-charcoal-lemonade-facial-scrub-118ml-acure\/"},"modified":"2026-03-10T07:31:04","modified_gmt":"2026-03-10T07:31:04","slug":"incredibly-clear-charcoal-lemonade-facial-scrub-118ml-acure","status":"publish","type":"product","link":"https:\/\/wavexia.com\/?product=incredibly-clear-charcoal-lemonade-facial-scrub-118ml-acure","title":{"rendered":"Incredibly Clear Charcoal Lemonade Facial Scrub 118ml \u2013 ACURE"},"content":{"rendered":"<h2>Description<\/h2>\n<p>Acure Exfoliant pour le visage \u00e0 la limonade au charbon incroyablement clair \u2013 Non parfum\u00e9 \u2013<\/p>\n<p>\u00c9limine en douceur les cellules mortes de la peau et clarifie.&nbsp;Le charbon \u00e9limine les impuret\u00e9s et d\u00e9toxifie, le citron illumine<\/p>\n<p>Sans parab\u00e8nes, sulfates, p\u00e9trole, huile min\u00e9rale et silicones.&nbsp;V\u00e9g\u00e9talien et certifi\u00e9 sans cruaut\u00e9<\/p>\n<p>Le gommage facial \u00e0 la limonade au charbon incroyablement clair est un gommage au charbon de bois nettoyant en profondeur qui ravive la peau terne et \u00e9limine les impuret\u00e9s avec du charbon de bois, du zeste de citron, de la myrtille et des cristaux exfoliants doux de cellulose v\u00e9g\u00e9tale. Sans parab\u00e8nes, sulfates, p\u00e9trole, huile min\u00e9rale et silicones. V\u00e9g\u00e9talien et certifi\u00e9 sans cruaut\u00e9.<\/p>\n","protected":false},"excerpt":{"rendered":"<p>Description Acure Exfoliant pour le visage \u00e0 la limonade au charbon incroyablement clair \u2013 Non parfum\u00e9 \u2013 \u00c9limine en douceur les cellules mortes de la peau et clarifie.&nbsp;Le charbon \u00e9limine les impuret\u00e9s et d\u00e9toxifie, le citron illumine Sans parab\u00e8nes, sulfates, p\u00e9trole, huile min\u00e9rale et silicones.&nbsp;V\u00e9g\u00e9talien et certifi\u00e9 sans cruaut\u00e9 Le gommage facial \u00e0 la limonade [&hellip;]<\/p>\n","protected":false},"featured_media":4685,"comment_status":"open","ping_status":"closed","template":"","meta":{"content-type":"","_uag_custom_page_level_css":""},"pwb-brand":[],"product_brand":[],"product_cat":[413,375,329],"product_tag":[],"class_list":{"0":"post-4686","1":"product","2":"type-product","3":"status-publish","4":"has-post-thumbnail","6":"product_cat-acure","7":"product_cat-gommage-peeling","8":"product_cat-produits-americains","10":"first","11":"instock","12":"shipping-taxable","13":"purchasable","14":"product-type-simple"},"aioseo_notices":[],"uagb_featured_image_src":{"full":["https:\/\/wavexia.com\/wp-content\/uploads\/2025\/10\/AcureLemonadeCharocalFaceScrub-1000x1000-1.webp",1000,1000,false],"thumbnail":["https:\/\/wavexia.com\/wp-content\/uploads\/2025\/10\/AcureLemonadeCharocalFaceScrub-1000x1000-1-150x150.webp",150,150,true],"medium":["https:\/\/wavexia.com\/wp-content\/uploads\/2025\/10\/AcureLemonadeCharocalFaceScrub-1000x1000-1-300x300.webp",300,300,true],"medium_large":["https:\/\/wavexia.com\/wp-content\/uploads\/2025\/10\/AcureLemonadeCharocalFaceScrub-1000x1000-1-768x768.webp",768,768,true],"large":["https:\/\/wavexia.com\/wp-content\/uploads\/2025\/10\/AcureLemonadeCharocalFaceScrub-1000x1000-1.webp",1000,1000,false],"1536x1536":["https:\/\/wavexia.com\/wp-content\/uploads\/2025\/10\/AcureLemonadeCharocalFaceScrub-1000x1000-1.webp",1000,1000,false],"2048x2048":["https:\/\/wavexia.com\/wp-content\/uploads\/2025\/10\/AcureLemonadeCharocalFaceScrub-1000x1000-1.webp",1000,1000,false],"woocommerce_archive_thumbnail":["https:\/\/wavexia.com\/wp-content\/uploads\/2025\/10\/AcureLemonadeCharocalFaceScrub-1000x1000-1-300x300.webp",300,300,true],"woocommerce_thumbnail":["https:\/\/wavexia.com\/wp-content\/uploads\/2025\/10\/AcureLemonadeCharocalFaceScrub-1000x1000-1-300x300.webp",300,300,true],"woocommerce_single":["https:\/\/wavexia.com\/wp-content\/uploads\/2025\/10\/AcureLemonadeCharocalFaceScrub-1000x1000-1-600x600.webp",600,600,true],"woocommerce_gallery_thumbnail":["https:\/\/wavexia.com\/wp-content\/uploads\/2025\/10\/AcureLemonadeCharocalFaceScrub-1000x1000-1-100x100.webp",100,100,true]},"uagb_author_info":{"display_name":"zineddine.ayoub98@gmail.com","author_link":"https:\/\/wavexia.com\/?author=0"},"uagb_comment_info":0,"uagb_excerpt":"Description Acure Exfoliant pour le visage \u00e0 la limonade au charbon incroyablement clair \u2013 Non parfum\u00e9 \u2013 \u00c9limine en douceur les cellules mortes de la peau et clarifie.&nbsp;Le charbon \u00e9limine les impuret\u00e9s et d\u00e9toxifie, le citron illumine Sans parab\u00e8nes, sulfates, p\u00e9trole, huile min\u00e9rale et silicones.&nbsp;V\u00e9g\u00e9talien et certifi\u00e9 sans cruaut\u00e9 Le gommage facial \u00e0 la limonade&hellip;","brands":[],"_links":{"self":[{"href":"https:\/\/wavexia.com\/index.php?rest_route=\/wp\/v2\/product\/4686","targetHints":{"allow":["GET"]}}],"collection":[{"href":"https:\/\/wavexia.com\/index.php?rest_route=\/wp\/v2\/product"}],"about":[{"href":"https:\/\/wavexia.com\/index.php?rest_route=\/wp\/v2\/types\/product"}],"replies":[{"embeddable":true,"href":"https:\/\/wavexia.com\/index.php?rest_route=%2Fwp%2Fv2%2Fcomments&post=4686"}],"wp:featuredmedia":[{"embeddable":true,"href":"https:\/\/wavexia.com\/index.php?rest_route=\/wp\/v2\/media\/4685"}],"wp:attachment":[{"href":"https:\/\/wavexia.com\/index.php?rest_route=%2Fwp%2Fv2%2Fmedia&parent=4686"}],"wp:term":[{"taxonomy":"pwb-brand","embeddable":true,"href":"https:\/\/wavexia.com\/index.php?rest_route=%2Fwp%2Fv2%2Fpwb-brand&post=4686"},{"taxonomy":"product_brand","embeddable":true,"href":"https:\/\/wavexia.com\/index.php?rest_route=%2Fwp%2Fv2%2Fproduct_brand&post=4686"},{"taxonomy":"product_cat","embeddable":true,"href":"https:\/\/wavexia.com\/index.php?rest_route=%2Fwp%2Fv2%2Fproduct_cat&post=4686"},{"taxonomy":"product_tag","embeddable":true,"href":"https:\/\/wavexia.com\/index.php?rest_route=%2Fwp%2Fv2%2Fproduct_tag&post=4686"}],"curies":[{"name":"wp","href":"https:\/\/api.w.org\/{rel}","templated":true}]}}