{"id":4593,"date":"2025-10-19T09:08:43","date_gmt":"2025-10-19T09:08:43","guid":{"rendered":"https:\/\/wavexia.com\/product\/axis-y-dark-spot-correcting-glow-serum-50ml\/"},"modified":"2026-03-10T07:31:03","modified_gmt":"2026-03-10T07:31:03","slug":"axis-y-dark-spot-correcting-glow-serum-50ml","status":"publish","type":"product","link":"https:\/\/wavexia.com\/?product=axis-y-dark-spot-correcting-glow-serum-50ml","title":{"rendered":"AXIS-Y \u2013 Dark Spot Correcting Glow Serum 50ml"},"content":{"rendered":"<h2>Description<\/h2>\n<div class=\"block-content_MQDxpg \" data-index=\"6\">\n<div class=\"tabs-inner\">\n<div>\n<p>Avec le AXIS-Y Dark Spot Correcting Glow Serum, dites adieu aux taches brunes ! Ce traitement est puissant mais doux pour la peau et r\u00e9parera en douceur les effets de l\u2019inflammation cutan\u00e9e, des cicatrices, des \u00e9pisodes hormonaux et de l\u2019exposition au soleil.<\/p>\n<p>La formule contient de la niacinamide. Cet ingr\u00e9dient va d\u00e9gager les pores obstru\u00e9s, absorber l\u2019exc\u00e8s de s\u00e9bum et pr\u00e9venir l\u2019apparition de nouvelles impuret\u00e9s. L\u2019effet anti-inflammatoire r\u00e9duit les rougeurs et l\u2019hyperpigmentation.<\/p>\n<p>Le s\u00e9rum veillera \u00e0 ce que la peau s\u00e8che retienne mieux l\u2019humidit\u00e9, ce qui donne une peau radieuse et claire&nbsp;!<\/p>\n<p><strong>Ce s\u00e9rum :<\/strong><\/p>\n<ul>\n<li>sp\u00e9cialement d\u00e9velopp\u00e9 pour les taches pigmentaires<\/li>\n<li>apaise et adoucit votre peau<\/li>\n<li>purifie la peau<\/li>\n<li>r\u00e9duit l\u2019exc\u00e8s de s\u00e9bum et de s\u00e9bum<\/li>\n<li>contient de la niacinamide et<\/li>\n<li>assure une meilleure absorption de l\u2019humidit\u00e9 de la peau<\/li>\n<li>n\u2019irrite pas la peau<\/li>\n<li>sans parfum<\/li>\n<li>sans cruaut\u00e9<\/li>\n<li>v\u00e9g\u00e9talien<\/li>\n<\/ul>\n<\/div>\n<\/div>\n<div class=\"block-content_dExAQg tab-closed hidden\" data-index=\"5\">\n<div class=\"tabs-inner\">\n<p><strong>Ingr\u00e9dients:<br \/><\/strong>Water, Glycerin, Niacinamide, Sodium Hyaluronate, Propanediol, Erythritol, Butylene Glycol, Squalane, Oryza Sativa (Rice) Bran Extract, Calendula Officinalis Flower Extract, Carica Papaya (Papaya) Fruit Extract, Hippophae Rhamnoides Fruit Extract, Malpighia Emarginata(Acerola) Fruit Extract, Polyglyceryl-10 Laurate, Chlorphenesin, Arginine, Ethylhexylglycerin, Carbomer, Glutathione, 1,2-Hexanediol, Hydroxypropyl Cyclodextrin, Disodium EDTA, Hydroxyethylcellulose, Allantoin, Rosmarinus Officinalis (Rosemary) Leaf Oil<\/p>\n<p><strong>Contenu :<\/strong>&nbsp;50 ml.<\/p>\n<\/div>\n<\/div>\n<div class=\"block-content_XgHTde tab-closed hidden\" data-index=\"4\">\n<p>&nbsp;<\/p>\n<div class=\"tabs-inner\">\n<div>\n<p><strong>Comment utiliser:<\/strong><\/p>\n<ul>\n<li>Sur une peau propre, appliquer une petite couche sur les imperfections.<\/li>\n<li>Laisser s\u00e9cher et agir toute la nuit.<\/li>\n<li>Suivez le matin avec un SPF.<\/li>\n<\/ul>\n<p><strong>Astuce&nbsp;!&nbsp;:<\/strong>&nbsp;\u00c9vitez tout contact avec vos yeux.<\/p>\n<\/div>\n<\/div>\n<\/div>\n<\/div>\n","protected":false},"excerpt":{"rendered":"<p>Description Avec le AXIS-Y Dark Spot Correcting Glow Serum, dites adieu aux taches brunes ! Ce traitement est puissant mais doux pour la peau et r\u00e9parera en douceur les effets de l\u2019inflammation cutan\u00e9e, des cicatrices, des \u00e9pisodes hormonaux et de l\u2019exposition au soleil. La formule contient de la niacinamide. Cet ingr\u00e9dient va d\u00e9gager les pores [&hellip;]<\/p>\n","protected":false},"featured_media":4592,"comment_status":"open","ping_status":"closed","template":"","meta":{"content-type":"","_uag_custom_page_level_css":""},"pwb-brand":[],"product_brand":[],"product_cat":[363,327,334,338],"product_tag":[],"class_list":{"0":"post-4593","1":"product","2":"type-product","3":"status-publish","4":"has-post-thumbnail","6":"product_cat-axis-y","7":"product_cat-hmizat","8":"product_cat-produits-coreens","9":"product_cat-serum-ampoule","11":"first","12":"instock","13":"sale","14":"shipping-taxable","15":"purchasable","16":"product-type-simple"},"aioseo_notices":[],"uagb_featured_image_src":{"full":["https:\/\/wavexia.com\/wp-content\/uploads\/2025\/10\/axis-y_dark_spot_correcting_glow_serum_k-beautyskin_india_1e463acc-7daf-4317-9668-344522b211e4.webp",800,800,false],"thumbnail":["https:\/\/wavexia.com\/wp-content\/uploads\/2025\/10\/axis-y_dark_spot_correcting_glow_serum_k-beautyskin_india_1e463acc-7daf-4317-9668-344522b211e4-150x150.webp",150,150,true],"medium":["https:\/\/wavexia.com\/wp-content\/uploads\/2025\/10\/axis-y_dark_spot_correcting_glow_serum_k-beautyskin_india_1e463acc-7daf-4317-9668-344522b211e4-300x300.webp",300,300,true],"medium_large":["https:\/\/wavexia.com\/wp-content\/uploads\/2025\/10\/axis-y_dark_spot_correcting_glow_serum_k-beautyskin_india_1e463acc-7daf-4317-9668-344522b211e4-768x768.webp",768,768,true],"large":["https:\/\/wavexia.com\/wp-content\/uploads\/2025\/10\/axis-y_dark_spot_correcting_glow_serum_k-beautyskin_india_1e463acc-7daf-4317-9668-344522b211e4.webp",800,800,false],"1536x1536":["https:\/\/wavexia.com\/wp-content\/uploads\/2025\/10\/axis-y_dark_spot_correcting_glow_serum_k-beautyskin_india_1e463acc-7daf-4317-9668-344522b211e4.webp",800,800,false],"2048x2048":["https:\/\/wavexia.com\/wp-content\/uploads\/2025\/10\/axis-y_dark_spot_correcting_glow_serum_k-beautyskin_india_1e463acc-7daf-4317-9668-344522b211e4.webp",800,800,false],"woocommerce_archive_thumbnail":["https:\/\/wavexia.com\/wp-content\/uploads\/2025\/10\/axis-y_dark_spot_correcting_glow_serum_k-beautyskin_india_1e463acc-7daf-4317-9668-344522b211e4-300x300.webp",300,300,true],"woocommerce_thumbnail":["https:\/\/wavexia.com\/wp-content\/uploads\/2025\/10\/axis-y_dark_spot_correcting_glow_serum_k-beautyskin_india_1e463acc-7daf-4317-9668-344522b211e4-300x300.webp",300,300,true],"woocommerce_single":["https:\/\/wavexia.com\/wp-content\/uploads\/2025\/10\/axis-y_dark_spot_correcting_glow_serum_k-beautyskin_india_1e463acc-7daf-4317-9668-344522b211e4-600x600.webp",600,600,true],"woocommerce_gallery_thumbnail":["https:\/\/wavexia.com\/wp-content\/uploads\/2025\/10\/axis-y_dark_spot_correcting_glow_serum_k-beautyskin_india_1e463acc-7daf-4317-9668-344522b211e4-100x100.webp",100,100,true]},"uagb_author_info":{"display_name":"zineddine.ayoub98@gmail.com","author_link":"https:\/\/wavexia.com\/?author=0"},"uagb_comment_info":0,"uagb_excerpt":"Description Avec le AXIS-Y Dark Spot Correcting Glow Serum, dites adieu aux taches brunes ! Ce traitement est puissant mais doux pour la peau et r\u00e9parera en douceur les effets de l\u2019inflammation cutan\u00e9e, des cicatrices, des \u00e9pisodes hormonaux et de l\u2019exposition au soleil. La formule contient de la niacinamide. Cet ingr\u00e9dient va d\u00e9gager les pores&hellip;","brands":[],"_links":{"self":[{"href":"https:\/\/wavexia.com\/index.php?rest_route=\/wp\/v2\/product\/4593","targetHints":{"allow":["GET"]}}],"collection":[{"href":"https:\/\/wavexia.com\/index.php?rest_route=\/wp\/v2\/product"}],"about":[{"href":"https:\/\/wavexia.com\/index.php?rest_route=\/wp\/v2\/types\/product"}],"replies":[{"embeddable":true,"href":"https:\/\/wavexia.com\/index.php?rest_route=%2Fwp%2Fv2%2Fcomments&post=4593"}],"wp:featuredmedia":[{"embeddable":true,"href":"https:\/\/wavexia.com\/index.php?rest_route=\/wp\/v2\/media\/4592"}],"wp:attachment":[{"href":"https:\/\/wavexia.com\/index.php?rest_route=%2Fwp%2Fv2%2Fmedia&parent=4593"}],"wp:term":[{"taxonomy":"pwb-brand","embeddable":true,"href":"https:\/\/wavexia.com\/index.php?rest_route=%2Fwp%2Fv2%2Fpwb-brand&post=4593"},{"taxonomy":"product_brand","embeddable":true,"href":"https:\/\/wavexia.com\/index.php?rest_route=%2Fwp%2Fv2%2Fproduct_brand&post=4593"},{"taxonomy":"product_cat","embeddable":true,"href":"https:\/\/wavexia.com\/index.php?rest_route=%2Fwp%2Fv2%2Fproduct_cat&post=4593"},{"taxonomy":"product_tag","embeddable":true,"href":"https:\/\/wavexia.com\/index.php?rest_route=%2Fwp%2Fv2%2Fproduct_tag&post=4593"}],"curies":[{"name":"wp","href":"https:\/\/api.w.org\/{rel}","templated":true}]}}