{"id":4552,"date":"2025-10-19T09:08:04","date_gmt":"2025-10-19T09:08:04","guid":{"rendered":"https:\/\/wavexia.com\/product\/make-up-forever-hd-skin-sculpting-palette-palette-visage-sculptante\/"},"modified":"2026-03-10T07:31:03","modified_gmt":"2026-03-10T07:31:03","slug":"make-up-forever-hd-skin-sculpting-palette-palette-visage-sculptante","status":"publish","type":"product","link":"https:\/\/wavexia.com\/?product=make-up-forever-hd-skin-sculpting-palette-palette-visage-sculptante","title":{"rendered":"MAKE UP FOREVER HD SKIN SCULPTING PALETTE Palette Visage Sculptante"},"content":{"rendered":"<h2>Description<\/h2>\n<p class=\"longdescription-subtitle\" role=\"heading\" aria-level=\"3\">12 TEINTES FACILES \u00c0 APPLIQUER<\/p>\n<p class=\"longdescription-subdescription\">Si vous \u00eates fan de palettes, vous allez adorer notre nouvelle HD SKIN SCULPTING PALETTE.<br \/>Nous avons cr\u00e9\u00e9 12 teintes avec une formule qui s\u2019\u00e9tale facilement offrant une texture l\u00e9g\u00e8re et un fini naturel.<br \/>Vous pouvez m\u00e9langer les teintes pour obtenir votre teinte parfaite, et vous pouvez faire de m\u00eame avec les teintes pour le contouring et les highlighters.<br \/>R\u00e9veillez votre \u00e2me d\u2019artiste et personnalisez le rendu de votre makeup gr\u00e2ce \u00e0 cette palette.<\/p>\n<p class=\"longdescription-subtitle\" role=\"heading\" aria-level=\"3\">UNE FORMULE LONGUE DUR\u00c9E<\/p>\n<p class=\"longdescription-subdescription\">Dans cette palette, vous trouverez 12 teintes cr\u00e8me qui dureront toute la journ\u00e9e&nbsp;: 6 teintes pour unifier le teint (teintes 1 \u00e0 6), 2 teintes pour sculpter votre visage (teintes 7 et 8), et 4 highlighters (nuances 8 \u00e0 12).<br \/>Vous pouvez \u00e9galement utiliser le fond de teint HD SKIN comme base car toutes les teintes fonctionnent parfaitement ensemble.<\/p>\n<p class=\"longdescription-subtitle\" role=\"heading\" aria-level=\"3\">UN FINI NATUREL<\/p>\n<p class=\"longdescription-subdescription\">Avec cette palette tout-en-un, vous pouvez unifier, sculpter et mettre en valeur votre teint pour obtenir un look ultra d\u00e9fini sans d\u00e9faut.<\/p>\n<p class=\"longdescription-subdescription\">Et vous pouvez \u00e9galement combiner toutes les teintes cr\u00e8me gr\u00e2ce \u00e0 leur formule.<\/p>\n","protected":false},"excerpt":{"rendered":"<p>Description 12 TEINTES FACILES \u00c0 APPLIQUER Si vous \u00eates fan de palettes, vous allez adorer notre nouvelle HD SKIN SCULPTING PALETTE.Nous avons cr\u00e9\u00e9 12 teintes avec une formule qui s\u2019\u00e9tale facilement offrant une texture l\u00e9g\u00e8re et un fini naturel.Vous pouvez m\u00e9langer les teintes pour obtenir votre teinte parfaite, et vous pouvez faire de m\u00eame avec [&hellip;]<\/p>\n","protected":false},"featured_media":4551,"comment_status":"open","ping_status":"closed","template":"","meta":{"content-type":"","_uag_custom_page_level_css":""},"pwb-brand":[],"product_brand":[],"product_cat":[435,360],"product_tag":[],"class_list":{"0":"post-4552","1":"product","2":"type-product","3":"status-publish","4":"has-post-thumbnail","6":"product_cat-make-up-forever","7":"product_cat-maquillage","9":"first","10":"instock","11":"sale","12":"shipping-taxable","13":"purchasable","14":"product-type-simple"},"aioseo_notices":[],"uagb_featured_image_src":{"full":["https:\/\/wavexia.com\/wp-content\/uploads\/2025\/10\/PACKSHOT-HDSKINSCULPTINGPALETTE2023-OPEN_RGB.png",800,800,false],"thumbnail":["https:\/\/wavexia.com\/wp-content\/uploads\/2025\/10\/PACKSHOT-HDSKINSCULPTINGPALETTE2023-OPEN_RGB-150x150.png",150,150,true],"medium":["https:\/\/wavexia.com\/wp-content\/uploads\/2025\/10\/PACKSHOT-HDSKINSCULPTINGPALETTE2023-OPEN_RGB-300x300.png",300,300,true],"medium_large":["https:\/\/wavexia.com\/wp-content\/uploads\/2025\/10\/PACKSHOT-HDSKINSCULPTINGPALETTE2023-OPEN_RGB-768x768.png",768,768,true],"large":["https:\/\/wavexia.com\/wp-content\/uploads\/2025\/10\/PACKSHOT-HDSKINSCULPTINGPALETTE2023-OPEN_RGB.png",800,800,false],"1536x1536":["https:\/\/wavexia.com\/wp-content\/uploads\/2025\/10\/PACKSHOT-HDSKINSCULPTINGPALETTE2023-OPEN_RGB.png",800,800,false],"2048x2048":["https:\/\/wavexia.com\/wp-content\/uploads\/2025\/10\/PACKSHOT-HDSKINSCULPTINGPALETTE2023-OPEN_RGB.png",800,800,false],"woocommerce_archive_thumbnail":["https:\/\/wavexia.com\/wp-content\/uploads\/2025\/10\/PACKSHOT-HDSKINSCULPTINGPALETTE2023-OPEN_RGB-300x300.png",300,300,true],"woocommerce_thumbnail":["https:\/\/wavexia.com\/wp-content\/uploads\/2025\/10\/PACKSHOT-HDSKINSCULPTINGPALETTE2023-OPEN_RGB-300x300.png",300,300,true],"woocommerce_single":["https:\/\/wavexia.com\/wp-content\/uploads\/2025\/10\/PACKSHOT-HDSKINSCULPTINGPALETTE2023-OPEN_RGB-600x600.png",600,600,true],"woocommerce_gallery_thumbnail":["https:\/\/wavexia.com\/wp-content\/uploads\/2025\/10\/PACKSHOT-HDSKINSCULPTINGPALETTE2023-OPEN_RGB-100x100.png",100,100,true]},"uagb_author_info":{"display_name":"zineddine.ayoub98@gmail.com","author_link":"https:\/\/wavexia.com\/?author=0"},"uagb_comment_info":0,"uagb_excerpt":"Description 12 TEINTES FACILES \u00c0 APPLIQUER Si vous \u00eates fan de palettes, vous allez adorer notre nouvelle HD SKIN SCULPTING PALETTE.Nous avons cr\u00e9\u00e9 12 teintes avec une formule qui s\u2019\u00e9tale facilement offrant une texture l\u00e9g\u00e8re et un fini naturel.Vous pouvez m\u00e9langer les teintes pour obtenir votre teinte parfaite, et vous pouvez faire de m\u00eame avec&hellip;","brands":[],"_links":{"self":[{"href":"https:\/\/wavexia.com\/index.php?rest_route=\/wp\/v2\/product\/4552","targetHints":{"allow":["GET"]}}],"collection":[{"href":"https:\/\/wavexia.com\/index.php?rest_route=\/wp\/v2\/product"}],"about":[{"href":"https:\/\/wavexia.com\/index.php?rest_route=\/wp\/v2\/types\/product"}],"replies":[{"embeddable":true,"href":"https:\/\/wavexia.com\/index.php?rest_route=%2Fwp%2Fv2%2Fcomments&post=4552"}],"wp:featuredmedia":[{"embeddable":true,"href":"https:\/\/wavexia.com\/index.php?rest_route=\/wp\/v2\/media\/4551"}],"wp:attachment":[{"href":"https:\/\/wavexia.com\/index.php?rest_route=%2Fwp%2Fv2%2Fmedia&parent=4552"}],"wp:term":[{"taxonomy":"pwb-brand","embeddable":true,"href":"https:\/\/wavexia.com\/index.php?rest_route=%2Fwp%2Fv2%2Fpwb-brand&post=4552"},{"taxonomy":"product_brand","embeddable":true,"href":"https:\/\/wavexia.com\/index.php?rest_route=%2Fwp%2Fv2%2Fproduct_brand&post=4552"},{"taxonomy":"product_cat","embeddable":true,"href":"https:\/\/wavexia.com\/index.php?rest_route=%2Fwp%2Fv2%2Fproduct_cat&post=4552"},{"taxonomy":"product_tag","embeddable":true,"href":"https:\/\/wavexia.com\/index.php?rest_route=%2Fwp%2Fv2%2Fproduct_tag&post=4552"}],"curies":[{"name":"wp","href":"https:\/\/api.w.org\/{rel}","templated":true}]}}