{"id":4536,"date":"2025-10-19T09:07:45","date_gmt":"2025-10-19T09:07:45","guid":{"rendered":"https:\/\/wavexia.com\/product\/axis-y-vegan-collagen-eye-serum-10ml-10ml\/"},"modified":"2026-03-10T07:31:03","modified_gmt":"2026-03-10T07:31:03","slug":"axis-y-vegan-collagen-eye-serum-10ml-10ml","status":"publish","type":"product","link":"https:\/\/wavexia.com\/?product=axis-y-vegan-collagen-eye-serum-10ml-10ml","title":{"rendered":"AXIS-Y VEGAN COLLAGEN EYE SERUM 10ML 10ml"},"content":{"rendered":"<h2>Description<\/h2>\n<div class=\"block-content_MQDxpg \" data-index=\"6\">\n<div class=\"tabs-inner\">\n<div>\n<p>LeAxis-Y Vegan Collagen Eye Serum offre une solution compl\u00e8te pour le soin de la peau d\u00e9licate du contour des yeux. Ce s\u00e9rum a \u00e9t\u00e9 sp\u00e9cialement d\u00e9velopp\u00e9 pour r\u00e9duire l\u2019apparence des ridules, des poches sous les yeux, des cernes et des gonflements. Gr\u00e2ce \u00e0 une puissante combinaison de collag\u00e8ne v\u00e9g\u00e9talien et d\u2019un complexe de 5 peptides, il contribue \u00e0 am\u00e9liorer l\u2019\u00e9lasticit\u00e9 de la peau et donne au contour des yeux une apparence plus jeune.<\/p>\n<p>Le s\u00e9rum contient \u00e9galement de l\u2019acide triple hyaluronique, de l\u2019huile de tournesol et de l\u2019huile de graines de jojoba pour hydrater intens\u00e9ment la peau et lutter efficacement contre les zones s\u00e8ches. De plus, trois extraits de fruits riches en vitamine C (pomme verte, prune verte et raisin vert) ont \u00e9t\u00e9 ajout\u00e9s pour uniformiser le teint in\u00e9gal du contour des yeux et \u00e9claircir la peau. La formule l\u00e9g\u00e8re et hydratante p\u00e9n\u00e8tre rapidement sans laisser de couche grasse, ce qui procure une sensation de fra\u00eecheur et de confort.<\/p>\n<p><strong>Ce s\u00e9rum contour des yeux:<\/strong><\/p>\n<ul>\n<li>am\u00e9liore l\u2019\u00e9lasticit\u00e9 de la peau<\/li>\n<li>hydrate et nourrit la peau<\/li>\n<li>unifie la peau autour des yeux<\/li>\n<li>absorbe rapidement<\/li>\n<li>convient \u00e0 tous les types de peau<\/li>\n<li>v\u00e9g\u00e9talien<\/li>\n<li>sans parfum<\/li>\n<li>sans cruaut\u00e9<\/li>\n<\/ul>\n<p><strong style=\"font-family: var(--global-body-font-family);\">Ingr\u00e9dients:<\/strong><\/p>\n<\/div>\n<\/div>\n<div class=\"block-content_dExAQg tab-closed hidden\" data-index=\"5\">\n<div class=\"tabs-inner\">\n<div>\n<p>Water, Methylpropaandiol, Glycerine, 1,2-hexaandiol, Niacinamide, Butyleenglycol, Hydroxyethylacrylaat\/natriumacryloyldimethyltauraatcopolymeer, C13-14-alkaan, Natriumacrylzuur\/ma-copolymeer, C15-23-alkaan, Ethylhexylglycerine, Collageen, Adenosine, Decylglucoside , Prunus Mume Fruitextract, Limnanthes Alba (Weideschuim) Zaadolie, Pyrus Malus (Appel) Fruitextract, Carica Papaya (Papaya) Fruitextract, Vitis Vinifera (Druif) Fruitextract, Leuconostoc\/radijswortelfermentfiltraat, Gehydrogeneerde Lecithine, Helianthus Annuus (Zonnebloem)zaadolie, Simmondsia Chinensis (Jojoba) Zaadolie, Ulmus Davidiana Wortelextract, Amaranthus Caudatus Zaadextract, Ficus Carica (Vijg) Fruitextract, Caprylylglycol, Centella Asiatica Extract, Polyglyceryl-10 Stearaat, Ceramide Np, Natriumhyaluronaat, Tocoferol, Tripeptide-1, Palmitoyl Pentapeptide-4, Gehydrolyseerd Hyaluronzuur, Hexapeptide-9, Kopertripeptide-1, Acetylhexapeptide-8, Natriumgeacetyleerd Hyaluronaat<\/p>\n<p><strong>Contenu:<\/strong>&nbsp;10 ml.<\/p>\n<\/div>\n<\/div>\n<\/div>\n<div class=\"block-content_XgHTde tab-closed hidden\" data-index=\"4\">\n<p>&nbsp;<\/p>\n<p><strong style=\"font-family: var(--global-body-font-family);\">Comment utiliser:<\/strong><\/p>\n<div class=\"tabs-inner\">\n<ul>\n<li>Appliquer une petite quantit\u00e9 sur la peau du contour des yeux.<\/li>\n<li>Tapotez doucement du bout des doigts jusqu\u2019\u00e0 absorption compl\u00e8te.<\/li>\n<li>Utiliser matin et soir.<\/li>\n<li>Pour des r\u00e9sultats optimaux, appliquez quotidiennement.<\/li>\n<\/ul>\n<\/div>\n<\/div>\n<\/div>\n","protected":false},"excerpt":{"rendered":"<p>Description LeAxis-Y Vegan Collagen Eye Serum offre une solution compl\u00e8te pour le soin de la peau d\u00e9licate du contour des yeux. Ce s\u00e9rum a \u00e9t\u00e9 sp\u00e9cialement d\u00e9velopp\u00e9 pour r\u00e9duire l\u2019apparence des ridules, des poches sous les yeux, des cernes et des gonflements. Gr\u00e2ce \u00e0 une puissante combinaison de collag\u00e8ne v\u00e9g\u00e9talien et d\u2019un complexe de 5 [&hellip;]<\/p>\n","protected":false},"featured_media":4535,"comment_status":"open","ping_status":"closed","template":"","meta":{"content-type":"","_uag_custom_page_level_css":""},"pwb-brand":[],"product_brand":[],"product_cat":[363,352,327,339,334],"product_tag":[],"class_list":{"0":"post-4536","1":"product","2":"type-product","3":"status-publish","4":"has-post-thumbnail","6":"product_cat-axis-y","7":"product_cat-contour-des-yeux","8":"product_cat-hmizat","9":"product_cat-meilleures-ventes","10":"product_cat-produits-coreens","12":"first","13":"instock","14":"sale","15":"shipping-taxable","16":"purchasable","17":"product-type-simple"},"aioseo_notices":[],"uagb_featured_image_src":{"full":["https:\/\/wavexia.com\/wp-content\/uploads\/2025\/10\/Product-page-sizes_fe5e1e2d-d6a1-4d82-8329-2502566fb003.webp",800,800,false],"thumbnail":["https:\/\/wavexia.com\/wp-content\/uploads\/2025\/10\/Product-page-sizes_fe5e1e2d-d6a1-4d82-8329-2502566fb003-150x150.webp",150,150,true],"medium":["https:\/\/wavexia.com\/wp-content\/uploads\/2025\/10\/Product-page-sizes_fe5e1e2d-d6a1-4d82-8329-2502566fb003-300x300.webp",300,300,true],"medium_large":["https:\/\/wavexia.com\/wp-content\/uploads\/2025\/10\/Product-page-sizes_fe5e1e2d-d6a1-4d82-8329-2502566fb003-768x768.webp",768,768,true],"large":["https:\/\/wavexia.com\/wp-content\/uploads\/2025\/10\/Product-page-sizes_fe5e1e2d-d6a1-4d82-8329-2502566fb003.webp",800,800,false],"1536x1536":["https:\/\/wavexia.com\/wp-content\/uploads\/2025\/10\/Product-page-sizes_fe5e1e2d-d6a1-4d82-8329-2502566fb003.webp",800,800,false],"2048x2048":["https:\/\/wavexia.com\/wp-content\/uploads\/2025\/10\/Product-page-sizes_fe5e1e2d-d6a1-4d82-8329-2502566fb003.webp",800,800,false],"woocommerce_archive_thumbnail":["https:\/\/wavexia.com\/wp-content\/uploads\/2025\/10\/Product-page-sizes_fe5e1e2d-d6a1-4d82-8329-2502566fb003-300x300.webp",300,300,true],"woocommerce_thumbnail":["https:\/\/wavexia.com\/wp-content\/uploads\/2025\/10\/Product-page-sizes_fe5e1e2d-d6a1-4d82-8329-2502566fb003-300x300.webp",300,300,true],"woocommerce_single":["https:\/\/wavexia.com\/wp-content\/uploads\/2025\/10\/Product-page-sizes_fe5e1e2d-d6a1-4d82-8329-2502566fb003-600x600.webp",600,600,true],"woocommerce_gallery_thumbnail":["https:\/\/wavexia.com\/wp-content\/uploads\/2025\/10\/Product-page-sizes_fe5e1e2d-d6a1-4d82-8329-2502566fb003-100x100.webp",100,100,true]},"uagb_author_info":{"display_name":"zineddine.ayoub98@gmail.com","author_link":"https:\/\/wavexia.com\/?author=0"},"uagb_comment_info":0,"uagb_excerpt":"Description LeAxis-Y Vegan Collagen Eye Serum offre une solution compl\u00e8te pour le soin de la peau d\u00e9licate du contour des yeux. Ce s\u00e9rum a \u00e9t\u00e9 sp\u00e9cialement d\u00e9velopp\u00e9 pour r\u00e9duire l\u2019apparence des ridules, des poches sous les yeux, des cernes et des gonflements. Gr\u00e2ce \u00e0 une puissante combinaison de collag\u00e8ne v\u00e9g\u00e9talien et d\u2019un complexe de 5&hellip;","brands":[],"_links":{"self":[{"href":"https:\/\/wavexia.com\/index.php?rest_route=\/wp\/v2\/product\/4536","targetHints":{"allow":["GET"]}}],"collection":[{"href":"https:\/\/wavexia.com\/index.php?rest_route=\/wp\/v2\/product"}],"about":[{"href":"https:\/\/wavexia.com\/index.php?rest_route=\/wp\/v2\/types\/product"}],"replies":[{"embeddable":true,"href":"https:\/\/wavexia.com\/index.php?rest_route=%2Fwp%2Fv2%2Fcomments&post=4536"}],"wp:featuredmedia":[{"embeddable":true,"href":"https:\/\/wavexia.com\/index.php?rest_route=\/wp\/v2\/media\/4535"}],"wp:attachment":[{"href":"https:\/\/wavexia.com\/index.php?rest_route=%2Fwp%2Fv2%2Fmedia&parent=4536"}],"wp:term":[{"taxonomy":"pwb-brand","embeddable":true,"href":"https:\/\/wavexia.com\/index.php?rest_route=%2Fwp%2Fv2%2Fpwb-brand&post=4536"},{"taxonomy":"product_brand","embeddable":true,"href":"https:\/\/wavexia.com\/index.php?rest_route=%2Fwp%2Fv2%2Fproduct_brand&post=4536"},{"taxonomy":"product_cat","embeddable":true,"href":"https:\/\/wavexia.com\/index.php?rest_route=%2Fwp%2Fv2%2Fproduct_cat&post=4536"},{"taxonomy":"product_tag","embeddable":true,"href":"https:\/\/wavexia.com\/index.php?rest_route=%2Fwp%2Fv2%2Fproduct_tag&post=4536"}],"curies":[{"name":"wp","href":"https:\/\/api.w.org\/{rel}","templated":true}]}}