{"id":4490,"date":"2025-10-19T09:07:08","date_gmt":"2025-10-19T09:07:08","guid":{"rendered":"https:\/\/wavexia.com\/product\/eqqualberry-collagen-pore-tight-up-gel-toner-pads-140ml\/"},"modified":"2026-03-10T07:31:02","modified_gmt":"2026-03-10T07:31:02","slug":"eqqualberry-collagen-pore-tight-up-gel-toner-pads-140ml","status":"publish","type":"product","link":"https:\/\/wavexia.com\/?product=eqqualberry-collagen-pore-tight-up-gel-toner-pads-140ml","title":{"rendered":"Eqqualberry Collagen Pore Tight Up Gel Toner Pads 140ml"},"content":{"rendered":"<h2>Description<\/h2>\n<p><span>Tampons toniques quotidiens enrichis en collag\u00e8ne et en PDRN pour resserrer les pores et am\u00e9liorer la clart\u00e9 de la peau.<br \/>L\u2019essence de collag\u00e8ne \u00e0 faible teneur en mol\u00e9cules p\u00e9n\u00e8tre dans la couche interne de la peau pour am\u00e9liorer l\u2019\u00e9lasticit\u00e9 de la peau tout en renfor\u00e7ant la barri\u00e8re cutan\u00e9e.<br \/>Le PDRN extrait du Lotus purifie et affine les pores.<br \/>Boostez l\u2019\u00e9clat de la peau avec les truffes blanches.<br \/>Il s\u2019agit d\u2019un produit non irritant, mais il convient \u00e0 tous les types de peau.<\/span><\/p>\n<h5><span>mode d\u2019emploi:<\/span><\/h5>\n<p><span>1. Apr\u00e8s avoir nettoy\u00e9 le visage, appliquez les coussinets sur la peau \u00e0 l\u2019aide de la pince \u00e0 \u00e9piler.<\/span><\/p>\n<p>2. Retirez les coussinets lorsqu\u2019ils deviennent blancs et essuyez doucement le long de la texture de la peau pour la finition. <\/p>\n<h5><span>avantages:<\/span><\/h5>\n<ul>\n<li><span>Tampons toniques quotidiens enrichis en collag\u00e8ne et en PDRN pour resserrer les pores et am\u00e9liorer la clart\u00e9 de la peau.<\/span><br \/>&nbsp;<\/li>\n<li><span>L\u2019essence de collag\u00e8ne \u00e0 faible teneur en mol\u00e9cules p\u00e9n\u00e8tre dans la couche interne de la peau pour am\u00e9liorer l\u2019\u00e9lasticit\u00e9 de la peau tout en renfor\u00e7ant la barri\u00e8re cutan\u00e9e.<\/span><br \/>&nbsp;<\/li>\n<li><span>Le PDRN extrait du Lotus purifie et affine les pores.<\/span><br \/>&nbsp;<\/li>\n<li><span>Boostez l\u2019\u00e9clat de la peau avec les truffes blanches.<\/span><br \/>&nbsp;<\/li>\n<li><span>Il s\u2019agit d\u2019un produit non irritant, mais il convient \u00e0 tous les types de peau.<\/span><\/li>\n<\/ul>\n<h5 class=\"cropWrapper ng-scope cropDesription\">ingr\u00e9dients:<\/h5>\n<div class=\"cropWrapper ng-scope cropDesription\"><span>Eau de collag\u00e8ne, Aqua\/Water\/Eau, Butyl\u00e8ne Glycol, Glyc\u00e9rine, Glyc\u00e9reth-26, Niacinamide, 1,2-Hexanediol, Collag\u00e8ne hydrolys\u00e9, ADN sodique, Eau d\u2019Hamamelis Virginiana (hamam\u00e9lis), Extrait de fleur de Nelumbium Speciosum, Extrait de Centella Asiatica, Hydroxyac\u00e9toph\u00e9none, Allanto\u00efne, Glyc\u00e9ryl Glucoside, Copolym\u00e8re d\u2019acryloyldim\u00e9thyltaurate\/VP d\u2019ammonium, Ethylhexylglyc\u00e9rine, Ad\u00e9nosine, Polyacrylate de sodium, Gomme de xanthane, Extrait de feuille de Salvia Officinalis (Sauge), Extrait de feuille de Melissa Officinalis, Eucalyptus Globulus Extrait de feuille, eau de Chamaecyparis obtusa, extrait de racine d\u2019Arctium Majus, extrait de fleur\/feuille\/tige d\u2019Hypericum Perforatum, hyaluronate de sodium, EDTA disodique, extrait de feuille de Saponaria Officinalis, extrait de Tuber Magnatum, cyanocobalamine<\/span><\/p>\n<div class=\"moreWrapper\" aria-hidden=\"false\"><\/div>\n<div class=\"remark\"><\/div>\n<\/div>\n","protected":false},"excerpt":{"rendered":"<p>Description Tampons toniques quotidiens enrichis en collag\u00e8ne et en PDRN pour resserrer les pores et am\u00e9liorer la clart\u00e9 de la peau.L\u2019essence de collag\u00e8ne \u00e0 faible teneur en mol\u00e9cules p\u00e9n\u00e8tre dans la couche interne de la peau pour am\u00e9liorer l\u2019\u00e9lasticit\u00e9 de la peau tout en renfor\u00e7ant la barri\u00e8re cutan\u00e9e.Le PDRN extrait du Lotus purifie et affine [&hellip;]<\/p>\n","protected":false},"featured_media":4489,"comment_status":"open","ping_status":"closed","template":"","meta":{"content-type":"","_uag_custom_page_level_css":""},"pwb-brand":[],"product_brand":[],"product_cat":[337,328,334,345],"product_tag":[],"class_list":{"0":"post-4490","1":"product","2":"type-product","3":"status-publish","4":"has-post-thumbnail","6":"product_cat-eqqualberry","7":"product_cat-nouveautes","8":"product_cat-produits-coreens","9":"product_cat-toner-pads","11":"first","12":"instock","13":"sale","14":"shipping-taxable","15":"purchasable","16":"product-type-simple"},"aioseo_notices":[],"uagb_featured_image_src":{"full":["https:\/\/wavexia.com\/wp-content\/uploads\/2025\/10\/EqqualBerry-CollagenPoreTightUpGelToner60_liPadKorendy1.webp",1200,1200,false],"thumbnail":["https:\/\/wavexia.com\/wp-content\/uploads\/2025\/10\/EqqualBerry-CollagenPoreTightUpGelToner60_liPadKorendy1-150x150.webp",150,150,true],"medium":["https:\/\/wavexia.com\/wp-content\/uploads\/2025\/10\/EqqualBerry-CollagenPoreTightUpGelToner60_liPadKorendy1-300x300.webp",300,300,true],"medium_large":["https:\/\/wavexia.com\/wp-content\/uploads\/2025\/10\/EqqualBerry-CollagenPoreTightUpGelToner60_liPadKorendy1-768x768.webp",768,768,true],"large":["https:\/\/wavexia.com\/wp-content\/uploads\/2025\/10\/EqqualBerry-CollagenPoreTightUpGelToner60_liPadKorendy1-1024x1024.webp",1024,1024,true],"1536x1536":["https:\/\/wavexia.com\/wp-content\/uploads\/2025\/10\/EqqualBerry-CollagenPoreTightUpGelToner60_liPadKorendy1.webp",1200,1200,false],"2048x2048":["https:\/\/wavexia.com\/wp-content\/uploads\/2025\/10\/EqqualBerry-CollagenPoreTightUpGelToner60_liPadKorendy1.webp",1200,1200,false],"woocommerce_archive_thumbnail":["https:\/\/wavexia.com\/wp-content\/uploads\/2025\/10\/EqqualBerry-CollagenPoreTightUpGelToner60_liPadKorendy1-300x300.webp",300,300,true],"woocommerce_thumbnail":["https:\/\/wavexia.com\/wp-content\/uploads\/2025\/10\/EqqualBerry-CollagenPoreTightUpGelToner60_liPadKorendy1-300x300.webp",300,300,true],"woocommerce_single":["https:\/\/wavexia.com\/wp-content\/uploads\/2025\/10\/EqqualBerry-CollagenPoreTightUpGelToner60_liPadKorendy1-600x600.webp",600,600,true],"woocommerce_gallery_thumbnail":["https:\/\/wavexia.com\/wp-content\/uploads\/2025\/10\/EqqualBerry-CollagenPoreTightUpGelToner60_liPadKorendy1-100x100.webp",100,100,true]},"uagb_author_info":{"display_name":"zineddine.ayoub98@gmail.com","author_link":"https:\/\/wavexia.com\/?author=0"},"uagb_comment_info":0,"uagb_excerpt":"Description Tampons toniques quotidiens enrichis en collag\u00e8ne et en PDRN pour resserrer les pores et am\u00e9liorer la clart\u00e9 de la peau.L\u2019essence de collag\u00e8ne \u00e0 faible teneur en mol\u00e9cules p\u00e9n\u00e8tre dans la couche interne de la peau pour am\u00e9liorer l\u2019\u00e9lasticit\u00e9 de la peau tout en renfor\u00e7ant la barri\u00e8re cutan\u00e9e.Le PDRN extrait du Lotus purifie et affine&hellip;","brands":[],"_links":{"self":[{"href":"https:\/\/wavexia.com\/index.php?rest_route=\/wp\/v2\/product\/4490","targetHints":{"allow":["GET"]}}],"collection":[{"href":"https:\/\/wavexia.com\/index.php?rest_route=\/wp\/v2\/product"}],"about":[{"href":"https:\/\/wavexia.com\/index.php?rest_route=\/wp\/v2\/types\/product"}],"replies":[{"embeddable":true,"href":"https:\/\/wavexia.com\/index.php?rest_route=%2Fwp%2Fv2%2Fcomments&post=4490"}],"wp:featuredmedia":[{"embeddable":true,"href":"https:\/\/wavexia.com\/index.php?rest_route=\/wp\/v2\/media\/4489"}],"wp:attachment":[{"href":"https:\/\/wavexia.com\/index.php?rest_route=%2Fwp%2Fv2%2Fmedia&parent=4490"}],"wp:term":[{"taxonomy":"pwb-brand","embeddable":true,"href":"https:\/\/wavexia.com\/index.php?rest_route=%2Fwp%2Fv2%2Fpwb-brand&post=4490"},{"taxonomy":"product_brand","embeddable":true,"href":"https:\/\/wavexia.com\/index.php?rest_route=%2Fwp%2Fv2%2Fproduct_brand&post=4490"},{"taxonomy":"product_cat","embeddable":true,"href":"https:\/\/wavexia.com\/index.php?rest_route=%2Fwp%2Fv2%2Fproduct_cat&post=4490"},{"taxonomy":"product_tag","embeddable":true,"href":"https:\/\/wavexia.com\/index.php?rest_route=%2Fwp%2Fv2%2Fproduct_tag&post=4490"}],"curies":[{"name":"wp","href":"https:\/\/api.w.org\/{rel}","templated":true}]}}